This is the mail archive of the
gcc-testresults@gcc.gnu.org
mailing list for the GCC project.
Results for 4.2.5 20080619 (prerelease) gcc testsuite on sh-unknown-elf
- From: Mike Stein <mstein dot lists at googlemail dot com>
- To: gcc-testresults at gcc dot gnu dot org
- Date: Fri, 20 Jun 2008 23:55:22 +0200
- Subject: Results for 4.2.5 20080619 (prerelease) gcc testsuite on sh-unknown-elf
- Reply-to: gcc at gcc dot gnu dot org
Debian 4 on x86_64
cross tool versions:
GNU assembler (GNU Binutils) 2.18.50.20080419
GNU gdb 6.8.50.20080419-cvs
GNU ld (GNU Binutils) 2.18.50.20080419
GNU Make 3.81
expect version 5.43.0
host gcc version: gcc (GCC) 4.4.0 20080619 (experimental) [trunk revision 136968]
LAST_UPDATED: Thu Jun 19 22:15:35 UTC 2008 (revision 136970)
Target is sh-unknown-elf
Host is x86_64-unknown-linux-gnu
=== gcc tests ===
Running target sh-sim
UNRESOLVED: gcc.c-torture/execute/mayalias-2.c execution, -O3 -g
FAIL: gcc.dg/builtin-apply4.c execution test
FAIL: gcc.dg/tls/opt-12.c (test for excess errors)
UNRESOLVED: gcc.dg/tls/opt-12.c compilation failed to produce executable
=== gcc Summary ===
# of expected passes 40811
# of unexpected failures 2
# of expected failures 80
# of unresolved testcases 2
# of untested testcases 28
# of unsupported tests 390
/home/mstein/sim/gcc-4_2-branch/sh-elf/build/gcc/xgcc version 4.2.5 20080619 (prerelease)
Compiler version: 4.2.5 20080619 (prerelease) gcc
Platform: sh-unknown-elf
configure flags: --target=sh-elf --prefix=/home/mstein/cross-local/sh-elf --disable-nls --disable-build-warnings --with-sysroot=/home/mstein/cross-local/sh-elf --with-build-sysroot=/home/mstein/cross-local/sh-elf --with-ld=/home/mstein/cross-local/sh-elf/usr/bin/ld --with-as=/home/mstein/cross-local/sh-elf/usr/bin/as --disable-libssp --with-mpfr=/opt/cfarm/mpfr-2.3.1 --enable-languages=c