This is the mail archive of the
gcc-testresults@gcc.gnu.org
mailing list for the GCC project.
Results for 4.4.0 20080530 (experimental) [ira revision 136768] (GCC) testsuite on x86_64-unknown-linux-gnu
- From: Mike Stein <mstein dot lists at googlemail dot com>
- To: gcc-testresults at gcc dot gnu dot org
- Date: Sat, 14 Jun 2008 23:55:22 +0200
- Subject: Results for 4.4.0 20080530 (experimental) [ira revision 136768] (GCC) testsuite on x86_64-unknown-linux-gnu
- Reply-to: gcc at gcc dot gnu dot org
LAST_UPDATED: Fri Jun 13 22:12:12 UTC 2008 (revision 136768)
Native configuration is x86_64-unknown-linux-gnu
=== gcc tests ===
Running target unix/-fira
FAIL: gcc.c-torture/compile/limits-structnest.c -O2 (test for excess errors)
FAIL: gcc.c-torture/compile/limits-structnest.c -O3 -fomit-frame-pointer (test for excess errors)
FAIL: gcc.c-torture/compile/limits-structnest.c -O3 -g (test for excess errors)
FAIL: gcc.c-torture/compile/limits-structnest.c -Os (test for excess errors)
FAIL: gcc.c-torture/compile/pr23929.c -O3 -fomit-frame-pointer -funroll-loops (internal compiler error)
FAIL: gcc.c-torture/compile/pr23929.c -O3 -fomit-frame-pointer -funroll-loops (test for excess errors)
FAIL: gcc.c-torture/compile/pr23929.c -O3 -fomit-frame-pointer -funroll-all-loops -finline-functions (internal compiler error)
FAIL: gcc.c-torture/compile/pr23929.c -O3 -fomit-frame-pointer -funroll-all-loops -finline-functions (test for excess errors)
FAIL: gcc.c-torture/compile/pr27373.c -Os (internal compiler error)
FAIL: gcc.c-torture/compile/pr27373.c -Os (test for excess errors)
XPASS: gcc.dg/tree-ssa/ltrans-3.c scan-tree-dump-times ltrans "transformed loop" 1
FAIL: gcc.target/i386/pr34256.c scan-assembler-times mov 2
FAIL: gcc.target/i386/pr36222-1.c scan-assembler-not movdqa
FAIL: gcc.target/i386/pr36246.c scan-assembler-not movq
=== gcc Summary ===
# of expected passes 49809
# of unexpected failures 13
# of unexpected successes 1
# of expected failures 171
# of unsupported tests 630
/home/mstein/obj/ira/gcc/xgcc version 4.4.0 20080530 (experimental) [ira revision 136768] (GCC)
=== libgomp tests ===
Running target unix/-fira
=== libgomp Summary ===
# of expected passes 183
=== libmudflap tests ===
Running target unix/-fira
WARNING: program timed out.
FAIL: libmudflap.cth/pass40-frag.c execution test
FAIL: libmudflap.cth/pass40-frag.c output pattern test
WARNING: program timed out.
FAIL: libmudflap.cth/pass40-frag.c (-static -DSTATIC) execution test
FAIL: libmudflap.cth/pass40-frag.c (-static -DSTATIC) output pattern test
WARNING: program timed out.
FAIL: libmudflap.cth/pass40-frag.c (-O2) execution test
FAIL: libmudflap.cth/pass40-frag.c (-O2) output pattern test
WARNING: program timed out.
FAIL: libmudflap.cth/pass40-frag.c (-O3) execution test
FAIL: libmudflap.cth/pass40-frag.c (-O3) output pattern test
=== libmudflap Summary ===
# of expected passes 1708
# of unexpected failures 8
# of unsupported tests 2
Compiler version: 4.4.0 20080530 (experimental) [ira revision 136768] (GCC)
Platform: x86_64-unknown-linux-gnu
configure flags: --enable-languages=c --disable-nls --prefix=/home/mstein/host-gcc/ira-2008-06-14 --enable-checking=yes,rtl --with-mpfr=/opt/cfarm/mpfr-2.3.1