This is the mail archive of the gcc-testresults@gcc.gnu.org mailing list for the GCC project.


Index Nav: [Date Index] [Subject Index] [Author Index] [Thread Index]
Message Nav: [Date Prev] [Date Next] [Thread Prev] [Thread Next]
Other format: [Raw text]

Results for 4.4.0 20080613 (experimental) [trunk revision 136760] (GCC) testsuite on hppa2.0w-hp-hpux11.11


LAST_UPDATED: Fri Jun 13 17:46:28 UTC 2008 (revision 136760)

		=== acats tests ===
FAIL:	c954a01
FAIL:	cxf3a01

		=== acats Summary ===
# of expected passes		2313
# of unexpected failures	2
Native configuration is hppa2.0w-hp-hpux11.11

		=== g++ tests ===


Running target unix
FAIL: g++.dg/cdce3.C (test for excess errors)
WARNING: g++.dg/cdce3.C compilation failed to produce executable
FAIL: g++.dg/cdce3.C scan-tree-dump cdce "cdce3.C:68: note: function call is shrink-wrapped into error conditions.": dump file does not exist
FAIL: g++.dg/cdce3.C scan-tree-dump cdce "cdce3.C:69: note: function call is shrink-wrapped into error conditions.": dump file does not exist
FAIL: g++.dg/cdce3.C scan-tree-dump cdce "cdce3.C:70: note: function call is shrink-wrapped into error conditions.": dump file does not exist
FAIL: g++.dg/cdce3.C scan-tree-dump cdce "cdce3.C:71: note: function call is shrink-wrapped into error conditions.": dump file does not exist
FAIL: g++.dg/cdce3.C scan-tree-dump cdce "cdce3.C:72: note: function call is shrink-wrapped into error conditions.": dump file does not exist
FAIL: g++.dg/cdce3.C scan-tree-dump cdce "cdce3.C:73: note: function call is shrink-wrapped into error conditions.": dump file does not exist
FAIL: g++.dg/cdce3.C scan-tree-dump cdce "cdce3.C:74: note: function call is shrink-wrapped into error conditions.": dump file does not exist
FAIL: g++.dg/cdce3.C scan-tree-dump cdce "cdce3.C:75: note: function call is shrink-wrapped into error conditions.": dump file does not exist
FAIL: g++.dg/cdce3.C scan-tree-dump cdce "cdce3.C:76: note: function call is shrink-wrapped into error conditions.": dump file does not exist
FAIL: g++.dg/cdce3.C scan-tree-dump cdce "cdce3.C:77: note: function call is shrink-wrapped into error conditions.": dump file does not exist
FAIL: g++.dg/cdce3.C scan-tree-dump cdce "cdce3.C:78: note: function call is shrink-wrapped into error conditions.": dump file does not exist
FAIL: g++.dg/cdce3.C scan-tree-dump cdce "cdce3.C:79: note: function call is shrink-wrapped into error conditions.": dump file does not exist
FAIL: g++.dg/cdce3.C scan-tree-dump cdce "cdce3.C:80: note: function call is shrink-wrapped into error conditions.": dump file does not exist
FAIL: g++.dg/cdce3.C scan-tree-dump cdce "cdce3.C:81: note: function call is shrink-wrapped into error conditions.": dump file does not exist
FAIL: g++.dg/cdce3.C scan-tree-dump cdce "cdce3.C:82: note: function call is shrink-wrapped into error conditions.": dump file does not exist
FAIL: g++.dg/cdce3.C scan-tree-dump cdce "cdce3.C:83: note: function call is shrink-wrapped into error conditions.": dump file does not exist
FAIL: g++.dg/tree-ssa/pr19637.C scan-tree-dump-times dom1 "return 1;" 3
XPASS: g++.old-deja/g++.pt/static6.C (test for excess errors)

		=== g++ Summary ===

# of expected passes		16592
# of unexpected failures	18
# of unexpected successes	1
# of expected failures		84
# of unsupported tests		227
/test/gnu/gcc/objdir/gcc/testsuite/g++/../../g++  version 4.4.0 20080613 (experimental) [trunk revision 136760] (GCC) 

		=== gcc tests ===


Running target unix
FAIL: gcc.c-torture/compile/pr11832.c  -O0  (internal compiler error)
FAIL: gcc.c-torture/compile/pr11832.c  -O1  (internal compiler error)
FAIL: gcc.c-torture/compile/pr11832.c  -O2  (internal compiler error)
FAIL: gcc.c-torture/compile/pr11832.c  -O3 -fomit-frame-pointer  (internal compiler error)
FAIL: gcc.c-torture/compile/pr11832.c  -O3 -fomit-frame-pointer -funroll-loops  (internal compiler error)
FAIL: gcc.c-torture/compile/pr11832.c  -O3 -fomit-frame-pointer -funroll-all-loops -finline-functions  (internal compiler error)
FAIL: gcc.c-torture/compile/pr11832.c  -O3 -g  (internal compiler error)
FAIL: gcc.c-torture/compile/pr11832.c  -Os  (internal compiler error)
FAIL: gcc.c-torture/compile/pr33009.c  -O0  (internal compiler error)
FAIL: gcc.c-torture/compile/pr33009.c  -O1  (internal compiler error)
FAIL: gcc.c-torture/compile/pr33009.c  -O2  (internal compiler error)
FAIL: gcc.c-torture/compile/pr33009.c  -O3 -fomit-frame-pointer  (internal compiler error)
FAIL: gcc.c-torture/compile/pr33009.c  -O3 -fomit-frame-pointer -funroll-loops  (internal compiler error)
FAIL: gcc.c-torture/compile/pr33009.c  -O3 -fomit-frame-pointer -funroll-all-loops -finline-functions  (internal compiler error)
FAIL: gcc.c-torture/compile/pr33009.c  -O3 -g  (internal compiler error)
FAIL: gcc.c-torture/compile/pr33009.c  -Os  (internal compiler error)
FAIL: gcc.c-torture/execute/20040709-1.c execution,  -O2 
FAIL: gcc.c-torture/execute/20040709-1.c execution,  -O3 -fomit-frame-pointer 
FAIL: gcc.c-torture/execute/20040709-1.c execution,  -O3 -fomit-frame-pointer -funroll-loops 
FAIL: gcc.c-torture/execute/20040709-1.c execution,  -O3 -fomit-frame-pointer -funroll-all-loops -finline-functions 
FAIL: gcc.c-torture/execute/20040709-1.c execution,  -O3 -g 
FAIL: gcc.c-torture/execute/20040709-1.c execution,  -Os 
FAIL: gcc.c-torture/execute/20040709-2.c execution,  -O1 
FAIL: gcc.c-torture/execute/20040709-2.c execution,  -O2 
FAIL: gcc.c-torture/execute/20040709-2.c execution,  -O3 -fomit-frame-pointer 
FAIL: gcc.c-torture/execute/20040709-2.c execution,  -O3 -fomit-frame-pointer -funroll-loops 
FAIL: gcc.c-torture/execute/20040709-2.c execution,  -O3 -fomit-frame-pointer -funroll-all-loops -finline-functions 
FAIL: gcc.c-torture/execute/20040709-2.c execution,  -O3 -g 
FAIL: gcc.c-torture/execute/20040709-2.c execution,  -Os 
FAIL: gcc.dg/Wstrict-aliasing-float-ptr-int-obj.c  (test for warnings, line 14)
FAIL: gcc.dg/Wstrict-aliasing-float-ptr-int-obj.c  (test for warnings, line 16)
FAIL: gcc.dg/cdce1.c scan-tree-dump cdce "cdce1.c:16: note: function call is shrink-wrapped into error conditions."
FAIL: gcc.dg/cdce2.c scan-tree-dump cdce "cdce2.c:16: note: function call is shrink-wrapped into error conditions."
FAIL: gcc.dg/pr35729.c scan-rtl-dump-times loop2_invariant "Decided to move invariant" 0
XPASS: gcc.dg/tree-ssa/loadpre1.c scan-tree-dump-times pre "Eliminated: 1" 1
XPASS: gcc.dg/tree-ssa/ltrans-3.c scan-tree-dump-times ltrans "transformed loop" 1

		=== gcc Summary ===

# of expected passes		45478
# of unexpected failures	34
# of unexpected successes	2
# of expected failures		96
# of unsupported tests		617
/test/gnu/gcc/objdir/gcc/xgcc  version 4.4.0 20080613 (experimental) [trunk revision 136760] (GCC) 

		=== gfortran tests ===


Running target unix
FAIL: gfortran.dg/ldist-1.f90  -O  scan-tree-dump-times ldist "distributed: split to 4 loops" 1
FAIL: gfortran.dg/nint_2.f90  -O0  execution test
FAIL: gfortran.dg/parameter_array_init_4.f90  -O0  (test for excess errors)
FAIL: gfortran.dg/parameter_array_init_4.f90  -O1  (test for excess errors)
FAIL: gfortran.dg/parameter_array_init_4.f90  -O2  (test for excess errors)
FAIL: gfortran.dg/parameter_array_init_4.f90  -O3 -fomit-frame-pointer  (test for excess errors)
FAIL: gfortran.dg/parameter_array_init_4.f90  -O3 -fomit-frame-pointer -funroll-loops  (test for excess errors)
FAIL: gfortran.dg/parameter_array_init_4.f90  -O3 -fomit-frame-pointer -funroll-all-loops -finline-functions  (test for excess errors)
FAIL: gfortran.dg/parameter_array_init_4.f90  -O3 -g  (test for excess errors)
FAIL: gfortran.dg/parameter_array_init_4.f90  -Os  (test for excess errors)

		=== gfortran Summary ===

# of expected passes		25346
# of unexpected failures	10
# of expected failures		8
# of unsupported tests		263
/test/gnu/gcc/objdir/gcc/testsuite/gfortran/../../gfortran  version 4.4.0 20080613 (experimental) [trunk revision 136760] (GCC) 

		=== gnat tests ===


Running target unix

		=== gnat Summary ===

# of expected passes		504
# of expected failures		6
		=== obj-c++ tests ===


Running target unix
WARNING: obj-c++.dg/bitfield-1.mm compilation failed to produce executable
WARNING: obj-c++.dg/lookup-2.mm compilation failed to produce executable
WARNING: obj-c++.dg/try-catch-2.mm compilation failed to produce executable
WARNING: obj-c++.dg/try-catch-9.mm compilation failed to produce executable

		=== obj-c++ Summary ===

# of expected passes		435
# of expected failures		11
# of unsupported tests		14
/test/gnu/gcc/objdir/gcc/testsuite/obj-c++/../../g++  version 4.4.0 20080613 (experimental) [trunk revision 136760] (GCC) 

		=== objc tests ===


Running target unix

		=== objc Summary ===

# of expected passes		1808
# of expected failures		7
# of unsupported tests		27
/test/gnu/gcc/objdir/gcc/xgcc  version 4.4.0 20080613 (experimental) [trunk revision 136760] (GCC) 

		=== libffi tests ===


Running target unix

		=== libffi Summary ===

# of expected passes		1389
# of unsupported tests		10
		=== libgomp tests ===


Running target unix
FAIL: libgomp.fortran/pr25162.f  -O0  execution test
FAIL: libgomp.fortran/pr25162.f  -O1  execution test
FAIL: libgomp.fortran/pr25162.f  -O2  execution test
FAIL: libgomp.fortran/pr25162.f  -O3 -fomit-frame-pointer  execution test
FAIL: libgomp.fortran/pr25162.f  -O3 -fomit-frame-pointer -funroll-loops  execution test
FAIL: libgomp.fortran/pr25162.f  -O3 -fomit-frame-pointer -funroll-all-loops -finline-functions  execution test
FAIL: libgomp.fortran/pr25162.f  -O3 -g  execution test
FAIL: libgomp.fortran/pr25162.f  -Os  execution test
FAIL: libgomp.fortran/threadprivate1.f90  -O1  execution test
FAIL: libgomp.fortran/threadprivate1.f90  -O3 -g  execution test
FAIL: libgomp.fortran/threadprivate1.f90  -Os  execution test
FAIL: libgomp.fortran/threadprivate2.f90  -O0  execution test
FAIL: libgomp.fortran/threadprivate2.f90  -O1  execution test
FAIL: libgomp.fortran/threadprivate2.f90  -O2  execution test
FAIL: libgomp.fortran/threadprivate2.f90  -O3 -fomit-frame-pointer  execution test
FAIL: libgomp.fortran/threadprivate2.f90  -O3 -fomit-frame-pointer -funroll-loops  execution test
FAIL: libgomp.fortran/threadprivate2.f90  -O3 -fomit-frame-pointer -funroll-all-loops -finline-functions  execution test
FAIL: libgomp.fortran/threadprivate2.f90  -O3 -g  execution test
FAIL: libgomp.fortran/threadprivate2.f90  -Os  execution test
FAIL: libgomp.fortran/threadprivate3.f90  -O0  execution test
FAIL: libgomp.fortran/threadprivate3.f90  -O1  execution test
FAIL: libgomp.fortran/threadprivate3.f90  -O2  execution test
FAIL: libgomp.fortran/threadprivate3.f90  -O3 -fomit-frame-pointer  execution test
FAIL: libgomp.fortran/threadprivate3.f90  -O3 -fomit-frame-pointer -funroll-loops  execution test
FAIL: libgomp.fortran/threadprivate3.f90  -O3 -fomit-frame-pointer -funroll-all-loops -finline-functions  execution test
FAIL: libgomp.fortran/threadprivate3.f90  -O3 -g  execution test
FAIL: libgomp.fortran/threadprivate3.f90  -Os  execution test

		=== libgomp Summary ===

# of expected passes		2222
# of unexpected failures	27
# of unsupported tests		9
		=== libjava tests ===


Running target unix
FAIL: getstacktrace run
FAIL: getallthreads run
FAIL: LargeFile execution - source compiled test
FAIL: LargeFile -findirect-dispatch execution - source compiled test
FAIL: LargeFile -O3 execution - source compiled test
FAIL: LargeFile -O3 -findirect-dispatch execution - source compiled test
FAIL: PR27908 execution - source compiled test
FAIL: PR27908 -findirect-dispatch execution - source compiled test
FAIL: Thread_Monitor execution - source compiled test
FAIL: Thread_Wait_2 execution - source compiled test
FAIL: Thread_Wait_2 -findirect-dispatch execution - source compiled test
FAIL: Thread_Wait_2 -O3 execution - source compiled test
FAIL: Thread_Wait_Interrupt execution - source compiled test
FAIL: Thread_Wait_Interrupt -findirect-dispatch execution - source compiled test

		=== libjava Summary ===

# of expected passes		2548
# of unexpected failures	14
# of untested testcases		14
		=== libstdc++ tests ===


Running target unix
FAIL: 26_numerics/complex/13450.cc (test for excess errors)
WARNING: 26_numerics/complex/13450.cc compilation failed to produce executable
FAIL: 27_io/basic_istream/extractors_arithmetic/char/9555-ia.cc (test for excess errors)
WARNING: 27_io/basic_istream/extractors_arithmetic/char/9555-ia.cc compilation failed to produce executable
FAIL: 27_io/basic_istream/extractors_arithmetic/wchar_t/9555-ia.cc (test for excess errors)
WARNING: 27_io/basic_istream/extractors_arithmetic/wchar_t/9555-ia.cc compilation failed to produce executable

		=== libstdc++ Summary ===

# of expected passes		5057
# of unexpected failures	3
# of expected failures		75
# of unsupported tests		355

Compiler version: 4.4.0 20080613 (experimental) [trunk revision 136760] (GCC) 
Platform: hppa2.0w-hp-hpux11.11
configure flags: --with-gnu-as --with-as=/opt/gnu/bin/as --enable-shared --disable-nls --with-local-prefix=/opt/gnu --prefix=/opt/gnu/gcc/gcc-4.4.0 --enable-debug=no --enable-threads=posix --with-mpfr=/opt/gnu/gcc/gcc-4.4.0 --with-gmp=/opt/gnu/gcc/gcc-4.4.0 --disable-libmudflap --enable-languages=c,c++,objc,obj-c++,fortran,java,ada


Index Nav: [Date Index] [Subject Index] [Author Index] [Thread Index]
Message Nav: [Date Prev] [Date Next] [Thread Prev] [Thread Next]