This is the mail archive of the
gcc-testresults@gcc.gnu.org
mailing list for the GCC project.
Results for 4.4.0 20080611 (experimental) [trunk revision 136661] (GCC) testsuite on x86_64-unknown-linux-gnu
- From: guerby <guerby at gcc11 dot fsffrance dot org>
- To: gcc-testresults at gcc dot gnu dot org
- Date: Wed, 11 Jun 2008 20:13:05 +0200
- Subject: Results for 4.4.0 20080611 (experimental) [trunk revision 136661] (GCC) testsuite on x86_64-unknown-linux-gnu
LAST_UPDATED: Wed Jun 11 11:09:21 UTC 2008 (revision 136661)
=== acats tests ===
=== acats Summary ===
# of expected passes 2315
# of unexpected failures 0
Native configuration is x86_64-unknown-linux-gnu
=== gcc tests ===
Running target unix
XPASS: gcc.dg/tree-ssa/loadpre1.c scan-tree-dump-times pre "Eliminated: 1" 1
XPASS: gcc.dg/tree-ssa/ltrans-3.c scan-tree-dump-times ltrans "transformed loop" 1
=== gcc Summary ===
# of expected passes 49905
# of unexpected successes 2
# of expected failures 172
# of unsupported tests 625
/home/guerby/build/gcc/xgcc version 4.4.0 20080611 (experimental) [trunk revision 136661] (GCC)
=== gfortran tests ===
Running target unix
=== gfortran Summary ===
# of expected passes 26374
# of expected failures 8
# of unsupported tests 34
/home/guerby/build/gcc/testsuite/gfortran/../../gfortran version 4.4.0 20080611 (experimental) [trunk revision 136661] (GCC)
=== g++ tests ===
Running target unix
FAIL: g++.dg/tree-ssa/pr19637.C scan-tree-dump-times dom1 "return 1;" 3
=== g++ Summary ===
# of expected passes 17680
# of unexpected failures 1
# of expected failures 82
# of unsupported tests 121
/home/guerby/build/gcc/testsuite/g++/../../g++ version 4.4.0 20080611 (experimental) [trunk revision 136661] (GCC)
=== gnat tests ===
Running target unix
=== gnat Summary ===
# of expected passes 502
# of expected failures 6
=== objc tests ===
Running target unix
=== objc Summary ===
# of expected passes 1814
# of expected failures 7
# of unsupported tests 24
/home/guerby/build/gcc/xgcc version 4.4.0 20080611 (experimental) [trunk revision 136661] (GCC)
=== libffi tests ===
Running target unix
=== libffi Summary ===
# of expected passes 1389
# of unsupported tests 10
=== libgomp tests ===
Running target unix
WARNING: program timed out.
FAIL: libgomp.c/ordered-3.c execution test
=== libgomp Summary ===
# of expected passes 2264
# of unexpected failures 1
=== libjava tests ===
Running target unix
=== libjava Summary ===
# of expected passes 2574
=== libmudflap tests ===
Running target unix
=== libmudflap Summary ===
# of expected passes 1865
=== libstdc++ tests ===
Running target unix
FAIL: 22_locale/time_get/get_date/wchar_t/4.cc execution test
XPASS: 26_numerics/headers/cmath/c99_classification_macros_c.cc (test for excess errors)
=== libstdc++ Summary ===
# of expected passes 5748
# of unexpected failures 1
# of unexpected successes 1
# of expected failures 75
# of unsupported tests 10
Compiler version: 4.4.0 20080611 (experimental) [trunk revision 136661] (GCC)
Platform: x86_64-unknown-linux-gnu
configure flags: --prefix=/n/11/guerby/install-trunk --enable-languages=all,ada --enable-__cxa_atexit --disable-nls --enable-threads=posix --disable-multilib --with-mpfr=/opt/cfarm/mpfr-2.3.1