This is the mail archive of the
gcc-testresults@gcc.gnu.org
mailing list for the GCC project.
Results for 4.3.2 20080609 (prerelease) (GCC) testsuite on arm-none-linux-gnueabi
- From: CodeSourcery Automatic Testing System <gcc at codesourcery dot com>
- To: gcc-testresults at gcc dot gnu dot org
- Date: Tue, 10 Jun 2008 08:17:15 -0700
- Subject: Results for 4.3.2 20080609 (prerelease) (GCC) testsuite on arm-none-linux-gnueabi
LAST_UPDATED: Tue Jun 10 00:49:12 UTC 2008 (/branches/gcc-4_3-branch revision 136577)
Target is arm-none-linux-gnueabi
Host is i686-pc-linux-gnu
=== g++ tests ===
Running target qemu-default
FAIL: g++.dg/abi/forced.C execution test
FAIL: g++.dg/ext/java-1.C (test for excess errors)
FAIL: g++.dg/ext/java-2.C (test for excess errors)
FAIL: g++.dg/ext/visibility/arm3.C scan-not-hidden hidden[ \\t_]*_ZTI1A
FAIL: g++.dg/ext/visibility/arm3.C scan-not-hidden hidden[ \\t_]*_ZTS1A
FAIL: g++.dg/ext/visibility/arm3.C scan-not-hidden hidden[ \\t_]*_ZTI1B
FAIL: g++.dg/ext/visibility/arm3.C scan-not-hidden hidden[ \\t_]*_ZTS1B
FAIL: g++.dg/other/anon5.C (test for errors, line 19)
FAIL: g++.dg/other/anon5.C (test for excess errors)
XPASS: g++.dg/other/packed1.C execution test
FAIL: g++.old-deja/g++.jason/enum6.C (test for excess errors)
FAIL: g++.old-deja/g++.law/enum9.C (test for excess errors)
FAIL: g++.old-deja/g++.other/enum4.C (test for excess errors)
=== g++ Summary ===
# of expected passes 17461
# of unexpected failures 12
# of unexpected successes 1
# of expected failures 82
# of unsupported tests 140
/scratch/gcc/nightly-2008-06-08-4.3/arm-none-linux-gnueabi/obj/test-4.3-0-arm-none-linux-gnueabi/host-i686-pc-linux-gnu/fsf-4.3/bin/arm-none-linux-gnueabi-g++ version 4.3.2 20080609 (prerelease) (GCC)
Host is i686-pc-linux-gnu
=== gcc tests ===
Running target qemu-default
FAIL: gcc.dg/fshort-wchar.c (test for excess errors)
UNRESOLVED: gcc.dg/fshort-wchar.c compilation failed to produce executable
FAIL: gcc.dg/memcpy-1.c scan-tree-dump-times optimized "nasty_local" 0
FAIL: gcc.dg/uninit-13.c unconditional (test for warnings, line 8)
FAIL: gcc.dg/uninit-13.c (test for excess errors)
FAIL: gcc.dg/tree-prof/bb-reorg.c compilation, -fprofile-use -D_PROFILE_USE
UNRESOLVED: gcc.dg/tree-prof/bb-reorg.c execution, -fprofile-use -D_PROFILE_USE
=== gcc Summary ===
# of expected passes 46099
# of unexpected failures 5
# of expected failures 91
# of unresolved testcases 2
# of untested testcases 35
# of unsupported tests 2226
/scratch/gcc/nightly-2008-06-08-4.3/arm-none-linux-gnueabi/obj/test-4.3-0-arm-none-linux-gnueabi/host-i686-pc-linux-gnu/fsf-4.3/bin/arm-none-linux-gnueabi-gcc version 4.3.2 20080609 (prerelease) (GCC)
Host is i686-pc-linux-gnu
=== libstdc++ tests ===
Running target qemu-default
FAIL: 20_util/make_signed/requirements/typedefs-2.cc (test for excess errors)
FAIL: 20_util/make_unsigned/requirements/typedefs-2.cc (test for excess errors)
=== libstdc++ Summary ===
# of expected passes 4932
# of unexpected failures 2
# of expected failures 60
# of unsupported tests 328
Host is i686-pc-linux-gnu
=== g++ tests ===
Running target qemu-default/-mthumb
FAIL: g++.dg/abi/forced.C execution test
FAIL: g++.dg/ext/java-1.C (test for excess errors)
FAIL: g++.dg/ext/java-2.C (test for excess errors)
FAIL: g++.dg/ext/visibility/arm3.C scan-not-hidden hidden[ \\t_]*_ZTI1A
FAIL: g++.dg/ext/visibility/arm3.C scan-not-hidden hidden[ \\t_]*_ZTS1A
FAIL: g++.dg/ext/visibility/arm3.C scan-not-hidden hidden[ \\t_]*_ZTI1B
FAIL: g++.dg/ext/visibility/arm3.C scan-not-hidden hidden[ \\t_]*_ZTS1B
FAIL: g++.dg/other/anon5.C (test for errors, line 19)
FAIL: g++.dg/other/anon5.C (test for excess errors)
XPASS: g++.dg/other/packed1.C execution test
FAIL: g++.dg/torture/pr35526.C -O1 (internal compiler error)
FAIL: g++.dg/torture/pr35526.C -O1 (test for excess errors)
FAIL: g++.dg/torture/pr35526.C -O2 (internal compiler error)
FAIL: g++.dg/torture/pr35526.C -O2 (test for excess errors)
FAIL: g++.dg/torture/pr35526.C -O3 -fomit-frame-pointer (internal compiler error)
FAIL: g++.dg/torture/pr35526.C -O3 -fomit-frame-pointer (test for excess errors)
FAIL: g++.dg/torture/pr35526.C -O3 -g (internal compiler error)
FAIL: g++.dg/torture/pr35526.C -O3 -g (test for excess errors)
FAIL: g++.dg/torture/pr35526.C -Os (internal compiler error)
FAIL: g++.dg/torture/pr35526.C -Os (test for excess errors)
FAIL: g++.old-deja/g++.jason/enum6.C (test for excess errors)
FAIL: g++.old-deja/g++.law/enum9.C (test for excess errors)
FAIL: g++.old-deja/g++.other/enum4.C (test for excess errors)
=== g++ Summary ===
# of expected passes 17450
# of unexpected failures 22
# of unexpected successes 1
# of expected failures 82
# of unsupported tests 143
/scratch/gcc/nightly-2008-06-08-4.3/arm-none-linux-gnueabi/obj/test-4.3-0-arm-none-linux-gnueabi/host-i686-pc-linux-gnu/fsf-4.3/bin/arm-none-linux-gnueabi-g++ version 4.3.2 20080609 (prerelease) (GCC)
Host is i686-pc-linux-gnu
=== gcc tests ===
Running target qemu-default/-mthumb
FAIL: gcc.dg/fshort-wchar.c (test for excess errors)
UNRESOLVED: gcc.dg/fshort-wchar.c compilation failed to produce executable
FAIL: gcc.dg/memcpy-1.c scan-tree-dump-times optimized "nasty_local" 0
FAIL: gcc.dg/nested-func-4.c (test for excess errors)
UNRESOLVED: gcc.dg/nested-func-4.c compilation failed to produce executable
FAIL: gcc.dg/sibcall-3.c execution test
FAIL: gcc.dg/sibcall-4.c execution test
FAIL: gcc.dg/uninit-13.c unconditional (test for warnings, line 8)
FAIL: gcc.dg/uninit-13.c (test for excess errors)
FAIL: gcc.dg/tree-prof/bb-reorg.c compilation, -fprofile-use -D_PROFILE_USE
UNRESOLVED: gcc.dg/tree-prof/bb-reorg.c execution, -fprofile-use -D_PROFILE_USE
=== gcc Summary ===
# of expected passes 45823
# of unexpected failures 8
# of expected failures 92
# of unresolved testcases 3
# of untested testcases 35
# of unsupported tests 2236
/scratch/gcc/nightly-2008-06-08-4.3/arm-none-linux-gnueabi/obj/test-4.3-0-arm-none-linux-gnueabi/host-i686-pc-linux-gnu/fsf-4.3/bin/arm-none-linux-gnueabi-gcc version 4.3.2 20080609 (prerelease) (GCC)
Host is i686-pc-linux-gnu
=== libstdc++ tests ===
Running target qemu-default/-mthumb
FAIL: 20_util/make_signed/requirements/typedefs-2.cc (test for excess errors)
FAIL: 20_util/make_unsigned/requirements/typedefs-2.cc (test for excess errors)
=== libstdc++ Summary ===
# of expected passes 4932
# of unexpected failures 2
# of expected failures 60
# of unsupported tests 328
Compiler version: 4.3.2 20080609 (prerelease) (GCC)
Platform: arm-none-linux-gnueabi
configure flags: --build=i686-pc-linux-gnu --host=i686-pc-linux-gnu --target=arm-none-linux-gnueabi --enable-threads --disable-libmudflap --disable-libssp --disable-libgomp --disable-libstdcxx-pch --with-gnu-as --with-gnu-ld --enable-languages=c,c++ --enable-shared --enable-symvers=gnu --enable-__cxa_atexit --disable-nls --prefix=/opt/codesourcery --with-sysroot=/opt/codesourcery/arm-none-linux-gnueabi/libc --with-build-sysroot=/scratch/gcc/nightly-2008-06-08-4.3/arm-none-linux-gnueabi/install/arm-none-linux-gnueabi/libc --with-gmp=/scratch/gcc/nightly-2008-06-08-4.3/arm-none-linux-gnueabi/obj/host-libs-4.3-0-arm-none-linux-gnueabi-i686-pc-linux-gnu/usr --with-mpfr=/scratch/gcc/nightly-2008-06-08-4.3/arm-none-linux-gnueabi/obj/host-libs-4.3-0-arm-none-linux-gnueabi-i686-pc-linux-gnu/usr --enable-poison-system-directories --with-build-time-tools=/scratch/gcc/nightly-2008-06-08-4.3/arm-none-linux-gnueabi/install/arm-none-linux-gnueabi/bin --with-build-time-tools=/scratch/gcc/n!
ightly-2008-06-08-4.3/arm-none-linux-gnueabi/install/arm-none-linux-gnueabi/bin