This is the mail archive of the gcc-testresults@gcc.gnu.org mailing list for the GCC project.


Index Nav: [Date Index] [Subject Index] [Author Index] [Thread Index]
Message Nav: [Date Prev] [Date Next] [Thread Prev] [Thread Next]
Other format: [Raw text]

Results for 4.4.0 20080607 (experimental) [trunk revision 136518] (GCC) testsuite on x86_64-unknown-linux-gnu


LAST_UPDATED: Sat Jun  7 08:28:15 UTC 2008 (revision 136518)

		=== acats tests ===

		=== acats Summary ===
# of expected passes		2315
# of unexpected failures	0
Native configuration is x86_64-unknown-linux-gnu

		=== gcc tests ===


Running target unix
XPASS: gcc.dg/tree-ssa/loadpre1.c scan-tree-dump-times pre "Eliminated: 1" 1
XPASS: gcc.dg/tree-ssa/ltrans-3.c scan-tree-dump-times ltrans "transformed loop" 1

		=== gcc Summary ===

# of expected passes		49897
# of unexpected successes	2
# of expected failures		172
# of unsupported tests		632
/home/guerby/build/gcc/xgcc  version 4.4.0 20080607 (experimental) [trunk revision 136518] (GCC) 

		=== gfortran tests ===


Running target unix

		=== gfortran Summary ===

# of expected passes		26279
# of expected failures		8
# of unsupported tests		34
/home/guerby/build/gcc/testsuite/gfortran/../../gfortran  version 4.4.0 20080607 (experimental) [trunk revision 136518] (GCC) 

		=== g++ tests ===


Running target unix
FAIL: g++.dg/tree-ssa/pr19637.C scan-tree-dump-times dom1 "return 1;" 3

		=== g++ Summary ===

# of expected passes		17678
# of unexpected failures	1
# of expected failures		82
# of unsupported tests		121
/home/guerby/build/gcc/testsuite/g++/../../g++  version 4.4.0 20080607 (experimental) [trunk revision 136518] (GCC) 

		=== gnat tests ===


Running target unix

		=== gnat Summary ===

# of expected passes		496
# of expected failures		5
		=== objc tests ===


Running target unix

		=== objc Summary ===

# of expected passes		1814
# of expected failures		7
# of unsupported tests		24
/home/guerby/build/gcc/xgcc  version 4.4.0 20080607 (experimental) [trunk revision 136518] (GCC) 

		=== libffi tests ===


Running target unix

		=== libffi Summary ===

# of expected passes		1389
# of unsupported tests		10
		=== libgomp tests ===


Running target unix

		=== libgomp Summary ===

# of expected passes		2265
		=== libjava tests ===


Running target unix

		=== libjava Summary ===

# of expected passes		2574
		=== libmudflap tests ===


Running target unix

		=== libmudflap Summary ===

# of expected passes		1865
		=== libstdc++ tests ===


Running target unix
FAIL: 22_locale/time_get/get_date/wchar_t/4.cc execution test
XPASS: 26_numerics/headers/cmath/c99_classification_macros_c.cc (test for excess errors)

		=== libstdc++ Summary ===

# of expected passes		5748
# of unexpected failures	1
# of unexpected successes	1
# of expected failures		75
# of unsupported tests		10

Compiler version: 4.4.0 20080607 (experimental) [trunk revision 136518] (GCC) 
Platform: x86_64-unknown-linux-gnu
configure flags: --prefix=/n/11/guerby/install-trunk --enable-languages=all,ada --enable-__cxa_atexit --disable-nls --enable-threads=posix --disable-multilib --with-mpfr=/opt/cfarm/mpfr-2.3.1


Index Nav: [Date Index] [Subject Index] [Author Index] [Thread Index]
Message Nav: [Date Prev] [Date Next] [Thread Prev] [Thread Next]