This is the mail archive of the gcc-testresults@gcc.gnu.org mailing list for the GCC project.


Index Nav: [Date Index] [Subject Index] [Author Index] [Thread Index]
Message Nav: [Date Prev] [Date Next] [Thread Prev] [Thread Next]
Other format: [Raw text]

Results for 4.4.0 20080531 (experimental) [trunk revision 136234] (GCC) testsuite on ia64-suse-linux-gnu


LAST_UPDATED: Sat May 31 08:01:37 UTC 2008 (revision 136234)

		=== acats tests ===
FAIL:	c390002
FAIL:	c392002
FAIL:	c392003
FAIL:	c392013
FAIL:	c393008
FAIL:	c393009
FAIL:	c760013
FAIL:	cd72a02
FAIL:	cdd2a01
FAIL:	cdd2a03
FAIL:	cxb3014
FAIL:	cxb3016

		=== acats Summary ===
# of expected passes		2303
# of unexpected failures	12
Native configuration is ia64-suse-linux-gnu

		=== g++ tests ===


Running target unix
FAIL: g++.dg/tree-ssa/pr19637.C scan-tree-dump-times dom1 "return 1;" 3
FAIL: g++.dg/tree-prof/indir-call-prof.C scan-tree-dump tree_profile "Indirect call -> direct call.* AA transformation on insn"
FAIL: g++.dg/tree-prof/indir-call-prof.C scan-tree-dump tree_profile "Indirect call -> direct call.* AA transformation on insn"
FAIL: g++.dg/tree-prof/indir-call-prof.C scan-tree-dump tree_profile "Indirect call -> direct call.* AA transformation on insn"
FAIL: g++.dg/tree-prof/indir-call-prof.C scan-tree-dump tree_profile "Indirect call -> direct call.* AA transformation on insn"
FAIL: g++.dg/tree-prof/indir-call-prof.C scan-tree-dump tree_profile "Indirect call -> direct call.* AA transformation on insn"
FAIL: g++.dg/tree-prof/indir-call-prof.C scan-tree-dump tree_profile "Indirect call -> direct call.* AA transformation on insn"
FAIL: g++.dg/tree-prof/indir-call-prof.C scan-tree-dump tree_profile "Indirect call -> direct call.* AA transformation on insn"

		=== g++ Summary ===

# of expected passes		16902
# of unexpected failures	8
# of expected failures		82
# of unsupported tests		137
/tmp/cvs/gcc-20080531/Build/gcc/testsuite/g++/../../g++  version 4.4.0 20080531 (experimental) [trunk revision 136234] (GCC) 

		=== gcc tests ===


Running target unix
FAIL: gcc.c-torture/compile/pr11832.c  -O0  (internal compiler error)
FAIL: gcc.c-torture/compile/pr11832.c  -O1  (internal compiler error)
FAIL: gcc.c-torture/compile/pr11832.c  -O2  (internal compiler error)
FAIL: gcc.c-torture/compile/pr11832.c  -O3 -fomit-frame-pointer  (internal compiler error)
FAIL: gcc.c-torture/compile/pr11832.c  -O3 -fomit-frame-pointer -funroll-loops  (internal compiler error)
FAIL: gcc.c-torture/compile/pr11832.c  -O3 -fomit-frame-pointer -funroll-all-loops -finline-functions  (internal compiler error)
FAIL: gcc.c-torture/compile/pr11832.c  -O3 -g  (internal compiler error)
FAIL: gcc.c-torture/compile/pr11832.c  -Os  (internal compiler error)
FAIL: gcc.c-torture/compile/pr33009.c  -O0  (internal compiler error)
FAIL: gcc.dg/builtin-apply4.c execution test
FAIL: gcc.dg/pr35729.c scan-rtl-dump-times loop2_invariant "Decided to move invariant" 0
FAIL: gcc.dg/struct-ret-3.c execution test
FAIL: gcc.dg/torture/builtin-math-4.c  -O0  (test for excess errors)
FAIL: gcc.dg/torture/builtin-math-4.c  -O1  (test for excess errors)
FAIL: gcc.dg/torture/builtin-math-4.c  -O2  (test for excess errors)
FAIL: gcc.dg/torture/builtin-math-4.c  -O3 -fomit-frame-pointer  (test for excess errors)
FAIL: gcc.dg/torture/builtin-math-4.c  -O3 -fomit-frame-pointer -funroll-loops  (test for excess errors)
FAIL: gcc.dg/torture/builtin-math-4.c  -O3 -fomit-frame-pointer -funroll-all-loops -finline-functions  (test for excess errors)
FAIL: gcc.dg/torture/builtin-math-4.c  -O3 -g  (test for excess errors)
FAIL: gcc.dg/torture/builtin-math-4.c  -Os  (test for excess errors)
WARNING: gcc.dg/torture/fp-int-convert-float128-timode.c  -O0  compilation failed to produce executable
WARNING: gcc.dg/torture/fp-int-convert-float128-timode.c  -O1  compilation failed to produce executable
WARNING: gcc.dg/torture/fp-int-convert-float128-timode.c  -O2  compilation failed to produce executable
WARNING: gcc.dg/torture/fp-int-convert-float128-timode.c  -O3 -fomit-frame-pointer  compilation failed to produce executable
WARNING: gcc.dg/torture/fp-int-convert-float128-timode.c  -O3 -g  compilation failed to produce executable
WARNING: gcc.dg/torture/fp-int-convert-float128-timode.c  -Os  compilation failed to produce executable
FAIL: gcc.dg/torture/fp-int-convert-float128.c  -O0  (test for excess errors)
WARNING: gcc.dg/torture/fp-int-convert-float128.c  -O0  compilation failed to produce executable
FAIL: gcc.dg/torture/fp-int-convert-float128.c  -O1  (test for excess errors)
WARNING: gcc.dg/torture/fp-int-convert-float128.c  -O1  compilation failed to produce executable
FAIL: gcc.dg/torture/fp-int-convert-float128.c  -O2  (test for excess errors)
WARNING: gcc.dg/torture/fp-int-convert-float128.c  -O2  compilation failed to produce executable
FAIL: gcc.dg/torture/fp-int-convert-float128.c  -O3 -fomit-frame-pointer  (test for excess errors)
WARNING: gcc.dg/torture/fp-int-convert-float128.c  -O3 -fomit-frame-pointer  compilation failed to produce executable
FAIL: gcc.dg/torture/fp-int-convert-float128.c  -O3 -g  (test for excess errors)
WARNING: gcc.dg/torture/fp-int-convert-float128.c  -O3 -g  compilation failed to produce executable
FAIL: gcc.dg/torture/fp-int-convert-float128.c  -Os  (test for excess errors)
WARNING: gcc.dg/torture/fp-int-convert-float128.c  -Os  compilation failed to produce executable
XPASS: gcc.dg/tree-ssa/loop-1.c scan-assembler-times foo 5
XPASS: gcc.dg/tree-ssa/ltrans-3.c scan-tree-dump-times ltrans "transformed loop" 1
FAIL: gcc.dg/vect/slp-7.c scan-tree-dump-times vect "vectorized 2 loops" 1
FAIL: gcc.dg/vect/slp-7.c scan-tree-dump-times vect "vectorizing stmts using SLP" 2
FAIL: gcc.dg/vect/no-vfa-pr29145.c scan-tree-dump-times vect "vectorized 0 loops" 2
FAIL: gcc.dg/vect/no-vfa-pr29145.c scan-tree-dump-times vect "vectorized 1 loops" 1
FAIL: gcc.dg/vect/O3-vect-pr34223.c scan-tree-dump-times vect "vectorized 1 loops" 1

		=== gcc Summary ===

# of expected passes		46938
# of unexpected failures	31
# of unexpected successes	2
# of expected failures		234
# of unsupported tests		477
/tmp/cvs/gcc-20080531/Build/gcc/xgcc  version 4.4.0 20080531 (experimental) [trunk revision 136234] (GCC) 

		=== gfortran tests ===


Running target unix
FAIL: gfortran.dg/bessel_2.f90  -O  (test for excess errors)
FAIL: gfortran.dg/parameter_array_init_3.f90  -O  (internal compiler error)
FAIL: gfortran.dg/parameter_array_init_3.f90  -O  (test for excess errors)

		=== gfortran Summary ===

# of expected passes		26185
# of unexpected failures	3
# of expected failures		11
# of unsupported tests		34
/tmp/cvs/gcc-20080531/Build/gcc/testsuite/gfortran/../../gfortran  version 4.4.0 20080531 (experimental) [trunk revision 136234] (GCC) 

		=== gnat tests ===


Running target unix
FAIL: gnat.dg/abstract_with_anonymous_result.adb (test for excess errors)
WARNING: gnat.dg/abstract_with_anonymous_result.adb compilation failed to produce executable
FAIL: gnat.dg/access_discr.adb (test for excess errors)
FAIL: gnat.dg/access_test.adb (test for excess errors)
WARNING: gnat.dg/access_test.adb compilation failed to produce executable
FAIL: gnat.dg/aggr3.adb (test for excess errors)
WARNING: gnat.dg/aggr3.adb compilation failed to produce executable
FAIL: gnat.dg/aggr7.adb (test for excess errors)
FAIL: gnat.dg/check_displace_generation.adb (test for excess errors)
WARNING: gnat.dg/check_displace_generation.adb compilation failed to produce executable
FAIL: gnat.dg/class_wide.adb (test for excess errors)
FAIL: gnat.dg/discr4.adb (test for excess errors)
WARNING: gnat.dg/discr4.adb compilation failed to produce executable
FAIL: gnat.dg/finalized.adb (test for excess errors)
FAIL: gnat.dg/inline_tagged.adb (test for excess errors)
WARNING: gnat.dg/inline_tagged.adb compilation failed to produce executable
FAIL: gnat.dg/interface1.adb (test for excess errors)
WARNING: gnat.dg/interface1.adb compilation failed to produce executable
FAIL: gnat.dg/interface2.adb (test for excess errors)
WARNING: gnat.dg/interface2.adb compilation failed to produce executable
FAIL: gnat.dg/interface3.adb (test for excess errors)
WARNING: gnat.dg/interface3.adb compilation failed to produce executable
FAIL: gnat.dg/interface_conv.adb (test for excess errors)
WARNING: gnat.dg/interface_conv.adb compilation failed to produce executable
FAIL: gnat.dg/iprot_test.adb (test for excess errors)
WARNING: gnat.dg/iprot_test.adb compilation failed to produce executable
FAIL: gnat.dg/late_overriding.adb (test for excess errors)
FAIL: gnat.dg/lhs_view_convert.adb (test for excess errors)
WARNING: gnat.dg/lhs_view_convert.adb compilation failed to produce executable
FAIL: gnat.dg/named_test.adb (test for excess errors)
WARNING: gnat.dg/named_test.adb compilation failed to produce executable
FAIL: gnat.dg/nested_controlled_alloc.adb (test for excess errors)
WARNING: gnat.dg/nested_controlled_alloc.adb compilation failed to produce executable
FAIL: gnat.dg/no_final.adb (test for excess errors)
WARNING: gnat.dg/no_final.adb compilation failed to produce executable
FAIL: gnat.dg/self1.adb (test for excess errors)
FAIL: gnat.dg/set_in_pproc.adb (test for excess errors)
FAIL: gnat.dg/tag1.adb (test for excess errors)
WARNING: gnat.dg/tag1.adb compilation failed to produce executable
FAIL: gnat.dg/test_iface_aggr.adb (test for excess errors)
WARNING: gnat.dg/test_iface_aggr.adb compilation failed to produce executable

		=== gnat Summary ===

# of expected passes		451
# of unexpected failures	24
# of expected failures		5
		=== obj-c++ tests ===


Running target unix
WARNING: obj-c++.dg/bitfield-1.mm compilation failed to produce executable
WARNING: obj-c++.dg/lookup-2.mm compilation failed to produce executable
WARNING: obj-c++.dg/try-catch-2.mm compilation failed to produce executable
WARNING: obj-c++.dg/try-catch-9.mm compilation failed to produce executable

		=== obj-c++ Summary ===

# of expected passes		426
# of expected failures		22
# of unsupported tests		13
/tmp/cvs/gcc-20080531/Build/gcc/testsuite/obj-c++/../../g++  version 4.4.0 20080531 (experimental) [trunk revision 136234] (GCC) 

		=== objc tests ===


Running target unix

		=== objc Summary ===

# of expected passes		1812
# of expected failures		7
# of unsupported tests		25
/tmp/cvs/gcc-20080531/Build/gcc/xgcc  version 4.4.0 20080531 (experimental) [trunk revision 136234] (GCC) 

		=== libffi tests ===


Running target unix

		=== libffi Summary ===

# of expected passes		1389
# of unsupported tests		10
		=== libgomp tests ===


Running target unix

		=== libgomp Summary ===

# of expected passes		1761
		=== libjava tests ===


Running target unix
FAIL: getlocalvartable output
FAIL: Throw_3 -O3 output - source compiled test
FAIL: Throw_3 -O3 -findirect-dispatch output - source compiled test

		=== libjava Summary ===

# of expected passes		2571
# of unexpected failures	3
		=== libmudflap tests ===


Running target unix

		=== libmudflap Summary ===

# of expected passes		1405
		=== libstdc++ tests ===


Running target unix
XPASS: 26_numerics/headers/cmath/c99_classification_macros_c.cc (test for excess errors)

		=== libstdc++ Summary ===

# of expected passes		5749
# of unexpected successes	1
# of expected failures		75
# of unsupported tests		10

Compiler version: 4.4.0 20080531 (experimental) [trunk revision 136234] (GCC) 
Platform: ia64-suse-linux-gnu
configure flags: --prefix=/tmp/cvs/gcc-20080531/Build/root --build=ia64-suse-linux --host=ia64-suse-linux --enable-shared --enable-threads --enable-__cxa_atexit --with-system-zlib --with-system-libunwind


Index Nav: [Date Index] [Subject Index] [Author Index] [Thread Index]
Message Nav: [Date Prev] [Date Next] [Thread Prev] [Thread Next]