This is the mail archive of the
gcc-testresults@gcc.gnu.org
mailing list for the GCC project.
Results for 4.4.0 20080328 (experimental) [ira revision 136189] (GCC) testsuite on x86_64-unknown-linux-gnu
- From: Mike Stein <mstein dot lists at googlemail dot com>
- To: gcc-testresults at gcc dot gnu dot org
- Date: Fri, 30 May 2008 23:55:29 +0200
- Subject: Results for 4.4.0 20080328 (experimental) [ira revision 136189] (GCC) testsuite on x86_64-unknown-linux-gnu
- Reply-to: gcc at gcc dot gnu dot org
LAST_UPDATED: Thu May 29 22:11:14 UTC 2008 (revision 136189)
Native configuration is x86_64-unknown-linux-gnu
=== gcc tests ===
Running target unix/-fira
FAIL: gcc.c-torture/compile/limits-structnest.c -O2 (test for excess errors)
FAIL: gcc.c-torture/compile/limits-structnest.c -O3 -fomit-frame-pointer (test for excess errors)
FAIL: gcc.c-torture/compile/limits-structnest.c -O3 -g (test for excess errors)
FAIL: gcc.c-torture/compile/limits-structnest.c -Os (test for excess errors)
FAIL: gcc.c-torture/compile/pr27373.c -Os (internal compiler error)
FAIL: gcc.c-torture/compile/pr27373.c -Os (test for excess errors)
FAIL: gcc.dg/tree-ssa/loop-25.c scan-tree-dump-times profile "Found latch edge" 5
FAIL: gcc.dg/tree-ssa/loop-25.c scan-tree-dump-times profile "Merged latch edges" 2
FAIL: gcc.dg/tree-ssa/loop-25.c scan-tree-dump-times profile "4 loops found" 2
FAIL: gcc.dg/tree-ssa/loop-25.c scan-tree-dump-times profile "3 loops found" 2
FAIL: gcc.dg/tree-ssa/loop-25.c scan-tree-dump-times profile "2 loops found" 1
FAIL: gcc.target/i386/pr34256.c scan-assembler-times mov 2
=== gcc Summary ===
# of expected passes 48871
# of unexpected failures 12
# of expected failures 164
# of untested testcases 35
# of unsupported tests 570
/home/mstein/obj/ira/gcc/xgcc version 4.4.0 20080328 (experimental) [ira revision 136189] (GCC)
=== libgomp tests ===
Running target unix/-fira
=== libgomp Summary ===
# of expected passes 177
=== libmudflap tests ===
Running target unix/-fira
=== libmudflap Summary ===
# of expected passes 1716
# of unsupported tests 2
Compiler version: 4.4.0 20080328 (experimental) [ira revision 136189] (GCC)
Platform: x86_64-unknown-linux-gnu
configure flags: --enable-languages=c --disable-nls --prefix=/home/mstein/host-gcc/ira-2008-05-30 --enable-checking=yes,rtl --with-mpfr=/opt/cfarm/mpfr-2.3.1