This is the mail archive of the
gcc-testresults@gcc.gnu.org
mailing list for the GCC project.
Results for 4.4.0 20080529 (experimental) (GCC) testsuite on x86_64-unknown-linux-gnu
- From: Toon Moene <toon at moene dot indiv dot nluug dot nl>
- To: gcc-testresults at gcc dot gnu dot org
- Date: Fri, 30 May 2008 14:14:01 +0200
- Subject: Results for 4.4.0 20080529 (experimental) (GCC) testsuite on x86_64-unknown-linux-gnu
LAST_UPDATED: Thu May 29 05:35:05 UTC 2008 (revision 136136)
Native configuration is x86_64-unknown-linux-gnu
=== gcc tests ===
Running target unix
FAIL: gcc.dg/tree-prof/pr34999.c compilation, -fprofile-use -D_PROFILE_USE
UNRESOLVED: gcc.dg/tree-prof/pr34999.c execution, -fprofile-use -D_PROFILE_USE
XPASS: gcc.dg/tree-ssa/ltrans-3.c scan-tree-dump-times ltrans "transformed loop" 1
=== gcc Summary ===
# of expected passes 49965
# of unexpected failures 1
# of unexpected successes 1
# of expected failures 171
# of unresolved testcases 1
# of unsupported tests 534
/home/toon/compilers/obj-tup/gcc/xgcc version 4.4.0 20080529 (experimental) (GCC)
=== gfortran tests ===
Running target unix
=== gfortran Summary ===
# of expected passes 26230
# of expected failures 3
# of unsupported tests 34
/home/toon/compilers/obj-tup/gcc/testsuite/gfortran/../../gfortran version 4.4.0 20080529 (experimental) (GCC)
Compiler version: 4.4.0 20080529 (experimental) (GCC)
Platform: x86_64-unknown-linux-gnu
configure flags: --prefix=/usr/tup --disable-multilib --disable-nls --enable-languages=fortran --disable-libgomp --disable-libmudflap