This is the mail archive of the gcc-testresults@gcc.gnu.org mailing list for the GCC project.


Index Nav: [Date Index] [Subject Index] [Author Index] [Thread Index]
Message Nav: [Date Prev] [Date Next] [Thread Prev] [Thread Next]
Other format: [Raw text]

Results for 4.1.2 testsuite on sparc-sun-solaris2.6


Built with:
native as (108908-02)
native ld (107733-11)
gmp 4.2.2
mpfr 2.3.1

Bootstrap compiler:
Reading specs from /usr/tgcware/gcc-3.4.6/lib/gcc/sparc-sun-solaris2.6/3.4.6/specs
Configured with: ../gcc-3.4.6/configure --prefix=/usr/tgcware/gcc-3.4.6 --with-local-prefix=/usr/tgcware/gcc-3.4.6 --disable-nls --enable-shared --enable-languages=c,c++,f77,objc,ada
Thread model: posix
gcc version 3.4.6

LAST_UPDATED: Obtained from SVN: tags/gcc_4_1_2_release revision 121944

		=== acats tests ===

		=== acats Summary ===
# of expected passes		2317
# of unexpected failures	0
Native configuration is sparc-sun-solaris2.6

		=== g++ tests ===


Running target unix
ERROR: g++.dg/abi/rtti1.C: error executing dg-final: couldn't execute "c++filt": no such file or directory
UNRESOLVED: g++.dg/abi/rtti1.C: error executing dg-final: couldn't execute "c++filt": no such file or directory
WARNING: g++.dg/other/ucnid-1.C compilation failed to produce executable
XPASS: g++.dg/tree-ssa/pr14814.C scan-tree-dump-times &this 0
FAIL: g++.dg/pch/externc-1.C -g assembly comparison
FAIL: g++.dg/pch/externc-1.C -O2 -g assembly comparison
FAIL: g++.dg/pch/static-1.C -g assembly comparison
FAIL: g++.dg/pch/static-1.C -O2 -g assembly comparison
FAIL: g++.dg/pch/system-1.C -g assembly comparison
FAIL: g++.dg/pch/system-1.C -O2 -g assembly comparison
FAIL: g++.dg/pch/system-2.C -g assembly comparison
FAIL: g++.dg/pch/system-2.C -O2 -g assembly comparison
FAIL: g++.dg/pch/uninst.C -g assembly comparison
FAIL: g++.dg/pch/uninst.C -O2 -g assembly comparison
FAIL: g++.dg/pch/wchar-1.C -g assembly comparison
FAIL: g++.dg/pch/wchar-1.C -O2 -g assembly comparison

		=== g++ Summary ===

# of expected passes		11954
# of unexpected failures	12
# of unexpected successes	1
# of expected failures		69
# of unresolved testcases	1
# of unsupported tests		143
/export/home/tgc/buildpkg/gcc41/src/all_native/gcc/testsuite/g++/../../g++  version 4.1.2

		=== gcc tests ===


Running target unix
WARNING: program timed out.
FAIL: gcc.c-torture/compile/20001226-1.c  -O2  (test for excess errors)
WARNING: program timed out.
FAIL: gcc.c-torture/compile/20001226-1.c  -O3 -fomit-frame-pointer  (test for excess errors)
WARNING: program timed out.
FAIL: gcc.c-torture/compile/20001226-1.c  -O3 -g  (test for excess errors)
WARNING: program timed out.
FAIL: gcc.c-torture/compile/20001226-1.c  -Os  (test for excess errors)
FAIL: gcc.c-torture/execute/20061101-1.c execution,  -O2 
WARNING: gcc.dg/ucnid-2.c compilation failed to produce executable
WARNING: gcc.dg/ucnid-3.c compilation failed to produce executable
WARNING: gcc.dg/ucnid-4.c compilation failed to produce executable
XPASS: gcc.dg/vect/pr20122.c scan-tree-dump-times vectorized 1 loops 2
XPASS: gcc.dg/vect/vect-105.c scan-tree-dump-times vectorized 1 loops 1
XPASS: gcc.dg/vect/vect-75.c scan-tree-dump-times vectorized 1 loops 1

		=== gcc Summary ===

# of expected passes		37717
# of unexpected failures	5
# of unexpected successes	3
# of expected failures		110
# of untested testcases		28
# of unsupported tests		416
/export/home/tgc/buildpkg/gcc41/src/all_native/gcc/xgcc  version 4.1.2

		=== gfortran tests ===


Running target unix

		=== gfortran Summary ===

# of expected passes		13464
# of expected failures		6
# of unsupported tests		95
/export/home/tgc/buildpkg/gcc41/src/all_native/gcc/testsuite/gfortran/../../gfortran  version 4.1.2

		=== obj-c++ tests ===


Running target unix
FAIL: obj-c++.dg/cxx-ivars-2.mm execution test
FAIL: obj-c++.dg/encode-8.mm execution test
FAIL: obj-c++.dg/isa-field-1.mm (test for excess errors)
FAIL: obj-c++.dg/lookup-2.mm (test for excess errors)
WARNING: obj-c++.dg/lookup-2.mm compilation failed to produce executable
FAIL: obj-c++.dg/try-catch-2.mm (test for excess errors)
WARNING: obj-c++.dg/try-catch-2.mm compilation failed to produce executable
FAIL: obj-c++.dg/try-catch-9.mm (test for excess errors)
WARNING: obj-c++.dg/try-catch-9.mm compilation failed to produce executable

		=== obj-c++ Summary ===

# of expected passes		423
# of unexpected failures	6
# of unsupported tests		13
/export/home/tgc/buildpkg/gcc41/src/all_native/gcc/testsuite/obj-c++/../../g++  version 4.1.2

		=== objc tests ===


Running target unix

		=== objc Summary ===

# of expected passes		1722
# of unsupported tests		22
/export/home/tgc/buildpkg/gcc41/src/all_native/gcc/xgcc  version 4.1.2

		=== libstdc++ tests ===


Running target unix
FAIL: 22_locale/ctype/is/char/1.cc execution test
FAIL: 27_io/basic_filebuf/sgetn/char/1-in.cc execution test
FAIL: 27_io/basic_filebuf/sgetn/char/1-io.cc execution test
FAIL: 27_io/basic_filebuf/sgetn/char/2-in.cc execution test
FAIL: 27_io/basic_filebuf/sgetn/char/2-io.cc execution test
FAIL: 27_io/basic_istream/readsome/char/6746-2.cc execution test

		=== libstdc++ Summary ===

# of expected passes		2629
# of unexpected failures	6
# of expected failures		11
# of unsupported tests		158

Compiler version: 4.1.2 
Platform: sparc-sun-solaris2.6
configure flags: --prefix=/usr/tgcware/gcc-4.1.2 --with-local-prefix=/usr/tgcware/gcc-4.1.2 --with-libiconv-prefix=/usr/tgcware --with-gmp=/usr/tgcware --with-mpfr=/usr/tgcware --disable-nls --enable-shared --enable-threads=posix95 --enable-languages=c,ada,c++,fortran,objc,obj-c++


Index Nav: [Date Index] [Subject Index] [Author Index] [Thread Index]
Message Nav: [Date Prev] [Date Next] [Thread Prev] [Thread Next]