This is the mail archive of the gcc-testresults@gcc.gnu.org mailing list for the GCC project.


Index Nav: [Date Index] [Subject Index] [Author Index] [Thread Index]
Message Nav: [Date Prev] [Date Next] [Thread Prev] [Thread Next]
Other format: [Raw text]

Results for 4.0.4 testsuite on i386-pc-solaris2.6


Built with:
GNU as 2.18
GNU ld 2.18
gmp 4.2.2
mpfr 2.3.1

Bootstrap compiler:
eading specs from /usr/tgcware/gcc-3.4.6/lib/gcc/i386-pc-solaris2.6/3.4.6/specs
Configured with: ../gcc-3.4.6/configure --prefix=/usr/tgcware/gcc-3.4.6 --with-local-prefix=/usr/tgcware/gcc-3.4.6 --disable-nls --enable-shared --enable-languages=c,c++,f77,objc,ada
Thread model: posix
gcc version 3.4.6

LAST_UPDATED: Obtained from SVN: tags/gcc_4_0_4_release revision 121416

		=== acats tests ===
FAIL:	c94002f
FAIL:	c96005d
FAIL:	cc3120a

		=== acats Summary ===
# of expected passes		2317
# of unexpected failures	3
Native configuration is i386-pc-solaris2.6

		=== g++ tests ===


Running target unix
ERROR: g++.dg/abi/rtti1.C: error executing dg-final: couldn't execute "c++filt": no such file or directory
UNRESOLVED: g++.dg/abi/rtti1.C: error executing dg-final: couldn't execute "c++filt": no such file or directory
FAIL: g++.dg/ext/visibility/fvisibility-override1.C scan-not-hidden 
FAIL: g++.dg/ext/visibility/fvisibility-override2.C scan-not-hidden 
FAIL: g++.dg/ext/visibility/new1.C scan-not-hidden 
FAIL: g++.dg/pch/externc-1.C -g assembly comparison
FAIL: g++.dg/pch/externc-1.C -O2 -g assembly comparison
FAIL: g++.dg/pch/static-1.C -g assembly comparison
FAIL: g++.dg/pch/static-1.C -O2 -g assembly comparison
FAIL: g++.dg/pch/system-1.C -g assembly comparison
FAIL: g++.dg/pch/system-1.C -O2 -g assembly comparison
FAIL: g++.dg/pch/system-2.C -g assembly comparison
FAIL: g++.dg/pch/system-2.C -O2 -g assembly comparison
FAIL: g++.dg/pch/uninst.C -g assembly comparison
FAIL: g++.dg/pch/uninst.C -O2 -g assembly comparison
FAIL: g++.dg/pch/wchar-1.C -g assembly comparison
FAIL: g++.dg/pch/wchar-1.C -O2 -g assembly comparison
FAIL: g++.dg/tls/static-1.C execution test

		=== g++ Summary ===

# of expected passes		11585
# of unexpected failures	16
# of expected failures		70
# of unresolved testcases	1
# of unsupported tests		73
/export/home/tgc/buildpkg/gcc40/src/all_native/gcc/testsuite/g++/../../g++  version 4.0.4

		=== gcc tests ===


Running target unix
FAIL: gcc.dg/fold-cond-1.c scan-tree-dump-times \\(g \\| h\\) != 0 1
FAIL: gcc.dg/i386-sse-10.c execution test
FAIL: gcc.dg/i386-sse-11.c execution test
FAIL: gcc.dg/i386-sse-6.c execution test
FAIL: largefile.c -O0 -g (test for excess errors)
FAIL: largefile.c  -O0  (test for excess errors)
FAIL: largefile.c  -O1  (test for excess errors)
FAIL: largefile.c  -O2  (test for excess errors)
FAIL: largefile.c  -O3 -fomit-frame-pointer  (test for excess errors)
FAIL: largefile.c  -O3 -g  (test for excess errors)
FAIL: largefile.c  -Os  (test for excess errors)
FAIL: gcc.dg/tls/opt-11.c execution test
FAIL: gcc.dg/tls/pr24428-2.c execution test
FAIL: gcc.dg/tls/pr24428.c execution test
XPASS: gcc.dg/tree-ssa/20040204-1.c scan-tree-dump-times link_error 0
XPASS: gcc.dg/vect/vect-22.c scan-tree-dump-times vectorized 3 loops 1
FAIL: gcc.target/i386/abi-1.c scan-assembler xmm0
FAIL: gcc.target/i386/sse-3.c execution test

		=== gcc Summary ===

# of expected passes		35678
# of unexpected failures	16
# of unexpected successes	2
# of expected failures		93
# of untested testcases		35
# of unsupported tests		346
/export/home/tgc/buildpkg/gcc40/src/all_native/gcc/xgcc  version 4.0.4

		=== gfortran tests ===


Running target unix
FAIL: gfortran.dg/f2c_2.f90  -O0  execution test
FAIL: gfortran.dg/f2c_2.f90  -O1  execution test
FAIL: gfortran.dg/f2c_2.f90  -O2  execution test
FAIL: gfortran.dg/f2c_2.f90  -O3 -fomit-frame-pointer  execution test
FAIL: gfortran.dg/f2c_2.f90  -O3 -fomit-frame-pointer -funroll-loops  execution test
FAIL: gfortran.dg/f2c_2.f90  -O3 -fomit-frame-pointer -funroll-all-loops -finline-functions  execution test
FAIL: gfortran.dg/f2c_2.f90  -O3 -g  execution test
FAIL: gfortran.dg/f2c_2.f90  -Os  execution test

		=== gfortran Summary ===

# of expected passes		8834
# of unexpected failures	8
# of expected failures		1
# of unsupported tests		8
/export/home/tgc/buildpkg/gcc40/src/all_native/gcc/testsuite/gfortran/../../gfortran  version 4.0.4

		=== objc tests ===


Running target unix

		=== objc Summary ===

# of expected passes		1554
# of unsupported tests		10
/export/home/tgc/buildpkg/gcc40/src/all_native/gcc/xgcc  version 4.0.4

		=== libstdc++ tests ===


Running target unix
FAIL: 22_locale/ctype/is/char/1.cc execution test
FAIL: 27_io/basic_istream/extractors_arithmetic/char/12.cc execution test

		=== libstdc++ Summary ===

# of expected passes		2630
# of unexpected failures	2
# of expected failures		11

Compiler version: 4.0.4 
Platform: i386-pc-solaris2.6
configure flags: --prefix=/usr/tgcware/gcc-4.0.4 --with-local-prefix=/usr/tgcware/gcc-4.0.4 --with-libiconv-prefix=/usr/tgcware --with-gmp=/usr/tgcware --with-mpfr=/usr/tgcware --disable-nls --enable-shared --enable-threads=posix95 --with-gnu-as --with-as=/usr/tgcware/bin/gas --with-gnu-ld --with-ld=/usr/tgcware/bin/gld --enable-languages=c,ada,c++,f95,objc


Index Nav: [Date Index] [Subject Index] [Author Index] [Thread Index]
Message Nav: [Date Prev] [Date Next] [Thread Prev] [Thread Next]