This is the mail archive of the
gcc-testresults@gcc.gnu.org
mailing list for the GCC project.
Results for 4.4.0 20080525 (experimental) [trunk revision 135869] (GCC) testsuite on x86_64-suse-linux-gnu
- From: eric at hermes dot site (Eric Botcazou)
- To: gcc-testresults at gcc dot gnu dot org
- Date: Sun, 25 May 2008 22:02:08 +0200
- Subject: Results for 4.4.0 20080525 (experimental) [trunk revision 135869] (GCC) testsuite on x86_64-suse-linux-gnu
LAST_UPDATED: Sun May 25 16:13:58 UTC 2008 (revision 135869)
=== acats tests ===
=== acats Summary ===
# of expected passes 2315
# of unexpected failures 0
Native configuration is x86_64-suse-linux-gnu
=== gcc tests ===
Running target unix
FAIL: gcc.dg/tree-prof/pr34999.c compilation, -fprofile-use -D_PROFILE_USE
UNRESOLVED: gcc.dg/tree-prof/pr34999.c execution, -fprofile-use -D_PROFILE_USE
XPASS: gcc.dg/tree-ssa/ltrans-3.c scan-tree-dump-times ltrans "transformed loop" 1
FAIL: compiler driver --coverage option(s) (assembler options)
=== gcc Summary ===
# of expected passes 49893
# of unexpected failures 2
# of unexpected successes 1
# of expected failures 170
# of unresolved testcases 1
# of unsupported tests 534
/home/eric/build/gcc/native/gcc/xgcc version 4.4.0 20080525 (experimental) [trunk revision 135869] (GCC)
=== gfortran tests ===
Running target unix
=== gfortran Summary ===
# of expected passes 26090
# of expected failures 3
# of unsupported tests 34
/home/eric/build/gcc/native/gcc/testsuite/gfortran/../../gfortran version 4.4.0 20080525 (experimental) [trunk revision 135869] (GCC)
=== g++ tests ===
Running target unix
FAIL: g++.dg/tree-ssa/pr19637.C scan-tree-dump-times dom1 "return 1;" 3
=== g++ Summary ===
# of expected passes 17638
# of unexpected failures 1
# of expected failures 82
# of unsupported tests 121
/home/eric/build/gcc/native/gcc/testsuite/g++/../../g++ version 4.4.0 20080525 (experimental) [trunk revision 135869] (GCC)
=== gnat tests ===
Running target unix
=== gnat Summary ===
# of expected passes 471
# of expected failures 5
=== obj-c++ tests ===
Running target unix
WARNING: obj-c++.dg/bitfield-1.mm compilation failed to produce executable
WARNING: obj-c++.dg/lookup-2.mm compilation failed to produce executable
WARNING: obj-c++.dg/try-catch-2.mm compilation failed to produce executable
WARNING: obj-c++.dg/try-catch-9.mm compilation failed to produce executable
=== obj-c++ Summary ===
# of expected passes 426
# of expected failures 22
# of unsupported tests 13
/home/eric/build/gcc/native/gcc/testsuite/obj-c++/../../g++ version 4.4.0 20080525 (experimental) [trunk revision 135869] (GCC)
=== objc tests ===
Running target unix
=== objc Summary ===
# of expected passes 1814
# of expected failures 7
# of unsupported tests 24
/home/eric/build/gcc/native/gcc/xgcc version 4.4.0 20080525 (experimental) [trunk revision 135869] (GCC)
=== libffi tests ===
Running target unix
=== libffi Summary ===
# of expected passes 1389
# of unsupported tests 10
=== libgomp tests ===
Running target unix
=== libgomp Summary ===
# of expected passes 1761
=== libjava tests ===
Running target unix
=== libjava Summary ===
# of expected passes 2574
=== libstdc++ tests ===
Running target unix
XPASS: 26_numerics/headers/cmath/c99_classification_macros_c.cc (test for excess errors)
=== libstdc++ Summary ===
# of expected passes 5745
# of unexpected successes 1
# of expected failures 75
# of unsupported tests 10
Compiler version: 4.4.0 20080525 (experimental) [trunk revision 135869] (GCC)
Platform: x86_64-suse-linux-gnu
configure flags: x86_64-suse-linux --prefix=/home/eric/install/gcc --with-as=/home/eric/build/binutils-2_18-branch/native/gas/as-new --with-ld=/home/eric/build/binutils-2_18-branch/native/ld/ld-new --enable-languages=c,c++,objc,obj-c++,java,fortran,ada --enable-checking=yes,rtl --enable-__cxa_atexit --disable-nls --disable-libmudflap
BOOT_CFLAGS=-g -O2