This is the mail archive of the
gcc-testresults@gcc.gnu.org
mailing list for the GCC project.
Results for 4.4.0 20080521 (experimental) [trunk revision 135740] (GCC) gcc testsuite on cris-axis-elf
- From: Mike Stein <mstein dot lists at googlemail dot com>
- To: gcc-testresults at gcc dot gnu dot org
- Date: Thu, 22 May 2008 23:55:07 +0200
- Subject: Results for 4.4.0 20080521 (experimental) [trunk revision 135740] (GCC) gcc testsuite on cris-axis-elf
- Reply-to: gcc at gcc dot gnu dot org
Debian 4 on x86_64
cross tool versions:
GNU assembler (GNU Binutils) 2.18.50.20080419
GNU gdb 6.8.50.20080419-cvs
GNU ld (GNU Binutils) 2.18.50.20080419
GNU Make 3.81
expect version 5.43.0
host gcc version: gcc (GCC) 4.4.0 20080521 (experimental) [trunk revision 135740]
LAST_UPDATED: Wed May 21 22:03:14 UTC 2008 (revision 135740)
Target is cris-axis-elf
Host is x86_64-unknown-linux-gnu
=== gcc tests ===
Running target cris-sim
FAIL: gcc.c-torture/compile/pr11832.c -O0 (internal compiler error)
FAIL: gcc.c-torture/compile/pr11832.c -O1 (internal compiler error)
FAIL: gcc.c-torture/compile/pr11832.c -O2 (internal compiler error)
FAIL: gcc.c-torture/compile/pr11832.c -O3 -fomit-frame-pointer (internal compiler error)
FAIL: gcc.c-torture/compile/pr11832.c -O3 -g (internal compiler error)
FAIL: gcc.c-torture/compile/pr11832.c -Os (internal compiler error)
FAIL: gcc.c-torture/compile/pr33009.c -O0 (internal compiler error)
FAIL: gcc.c-torture/compile/pr33009.c -O1 (internal compiler error)
FAIL: gcc.c-torture/compile/pr33009.c -O2 (internal compiler error)
FAIL: gcc.c-torture/compile/pr33009.c -O3 -fomit-frame-pointer (internal compiler error)
FAIL: gcc.c-torture/compile/pr33009.c -O3 -fomit-frame-pointer -funroll-loops (internal compiler error)
FAIL: gcc.c-torture/compile/pr33009.c -O3 -fomit-frame-pointer -funroll-all-loops -finline-functions (internal compiler error)
FAIL: gcc.c-torture/compile/pr33009.c -O3 -g (internal compiler error)
FAIL: gcc.c-torture/compile/pr33009.c -Os (internal compiler error)
WARNING: Could not compile gcc.dg/compat/struct-layout-1 generator
FAIL: gcc.dg/large-size-array-2.c (internal compiler error)
FAIL: gcc.dg/large-size-array-2.c (test for errors, line 6)
FAIL: gcc.dg/large-size-array-2.c (test for excess errors)
FAIL: gcc.dg/large-size-array-4.c (internal compiler error)
FAIL: gcc.dg/large-size-array-4.c (test for errors, line 6)
FAIL: gcc.dg/large-size-array-4.c (test for excess errors)
FAIL: gcc.dg/setjmp-1.c spurious clobbered warning (test for bogus messages, line 16)
FAIL: gcc.dg/trampoline-1.c execution test
FAIL: gcc.dg/pch/counter-2.c -O0 -g
FAIL: gcc.dg/pch/counter-2.c -O0
FAIL: gcc.dg/pch/counter-2.c -O1
FAIL: gcc.dg/pch/counter-2.c -O2
FAIL: gcc.dg/pch/counter-2.c -O3 -fomit-frame-pointer
FAIL: gcc.dg/pch/counter-2.c -O3 -g
FAIL: gcc.dg/pch/counter-2.c -Os
FAIL: gcc.dg/pch/valid-1.c -O0 -g
FAIL: gcc.dg/pch/valid-1.c -O0
FAIL: gcc.dg/pch/valid-1.c -O1
FAIL: gcc.dg/pch/valid-1.c -O2
FAIL: gcc.dg/pch/valid-1.c -O3 -fomit-frame-pointer
FAIL: gcc.dg/pch/valid-1.c -O3 -g
FAIL: gcc.dg/pch/valid-1.c -Os
FAIL: gcc.dg/pch/valid-2.c -O0 -g
FAIL: gcc.dg/pch/valid-2.c -O0
FAIL: gcc.dg/pch/valid-2.c -O1
FAIL: gcc.dg/pch/valid-2.c -O2
FAIL: gcc.dg/pch/valid-2.c -O3 -fomit-frame-pointer
FAIL: gcc.dg/pch/valid-2.c -O3 -g
FAIL: gcc.dg/pch/valid-2.c -Os
FAIL: gcc.dg/pch/valid-3.c -O0 -g
FAIL: gcc.dg/pch/valid-3.c -O0
FAIL: gcc.dg/pch/valid-3.c -O1
FAIL: gcc.dg/pch/valid-3.c -O2
FAIL: gcc.dg/pch/valid-3.c -O3 -fomit-frame-pointer
FAIL: gcc.dg/pch/valid-3.c -O3 -g
FAIL: gcc.dg/pch/valid-3.c -Os
FAIL: gcc.dg/pch/warn-1.c -O0 -g
FAIL: gcc.dg/pch/warn-1.c -O0
FAIL: gcc.dg/pch/warn-1.c -O1
FAIL: gcc.dg/pch/warn-1.c -O2
FAIL: gcc.dg/pch/warn-1.c -O3 -fomit-frame-pointer
FAIL: gcc.dg/pch/warn-1.c -O3 -g
FAIL: gcc.dg/pch/warn-1.c -Os
FAIL: gcc.dg/torture/pr34330.c -O0 (test for excess errors)
FAIL: gcc.dg/torture/pr34330.c -O1 (test for excess errors)
FAIL: gcc.dg/torture/pr34330.c -O2 (test for excess errors)
FAIL: gcc.dg/torture/pr34330.c -O3 -fomit-frame-pointer (test for excess errors)
FAIL: gcc.dg/torture/pr34330.c -O3 -fomit-frame-pointer -funroll-loops (test for excess errors)
FAIL: gcc.dg/torture/pr34330.c -O3 -fomit-frame-pointer -funroll-all-loops -finline-functions (test for excess errors)
FAIL: gcc.dg/torture/pr34330.c -O3 -g (test for excess errors)
FAIL: gcc.dg/torture/pr34330.c -Os (test for excess errors)
FAIL: gcc.dg/torture/pr36244.c -O0 (test for excess errors)
FAIL: gcc.dg/torture/pr36244.c -O1 (test for excess errors)
FAIL: gcc.dg/torture/pr36244.c -O2 (test for excess errors)
FAIL: gcc.dg/torture/pr36244.c -O3 -fomit-frame-pointer (test for excess errors)
FAIL: gcc.dg/torture/pr36244.c -O3 -fomit-frame-pointer -funroll-loops (test for excess errors)
FAIL: gcc.dg/torture/pr36244.c -O3 -fomit-frame-pointer -funroll-all-loops -finline-functions (test for excess errors)
FAIL: gcc.dg/torture/pr36244.c -O3 -g (test for excess errors)
FAIL: gcc.dg/torture/pr36244.c -Os (test for excess errors)
XPASS: gcc.dg/tree-ssa/ltrans-3.c scan-tree-dump-times ltrans "transformed loop" 1
FAIL: gcc.dg/tree-ssa/pr36181.c (test for excess errors)
=== gcc Summary ===
# of expected passes 45480
# of unexpected failures 74
# of unexpected successes 1
# of expected failures 87
# of unsupported tests 570
/home/mstein/sim/trunk/cris-elf/build/gcc/xgcc version 4.4.0 20080521 (experimental) [trunk revision 135740] (GCC)
Compiler version: 4.4.0 20080521 (experimental) [trunk revision 135740] (GCC) gcc
Platform: cris-axis-elf
configure flags: --target=cris-elf --prefix=/home/mstein/cross-local/cris-elf --enable-languages=c --disable-nls --disable-build-warnings --with-sysroot=/home/mstein/cross-local/cris-elf --with-build-sysroot=/home/mstein/cross-local/cris-elf --with-ld=/home/mstein/cross-local/cris-elf/usr/bin/ld --with-as=/home/mstein/cross-local/cris-elf/usr/bin/as --disable-libssp --with-mpfr=/opt/cfarm/mpfr-2.3.1