This is the mail archive of the
gcc-testresults@gcc.gnu.org
mailing list for the GCC project.
Results for 4.4.0 20080516 (experimental) [ix86/avx revision 135469] (GCC) testsuite on x86_64-unknown-linux-gnu
- From: "H.J. Lu" <hjl dot tools at gmail dot com>
- To: gcc-testresults at gcc dot gnu dot org
- Date: Sat, 17 May 2008 10:14:33 -0700 (PDT)
- Subject: Results for 4.4.0 20080516 (experimental) [ix86/avx revision 135469] (GCC) testsuite on x86_64-unknown-linux-gnu
LAST_UPDATED: Sat May 17 13:20:03 UTC 2008 (revision 135469)
Native configuration is x86_64-unknown-linux-gnu
=== gcc tests ===
Running target unix/-m32
FAIL: gcc.c-torture/compile/limits-exprparen.c -O0 (test for excess errors)
FAIL: gcc.c-torture/compile/limits-exprparen.c -O1 (test for excess errors)
FAIL: gcc.c-torture/compile/limits-exprparen.c -O2 (test for excess errors)
FAIL: gcc.c-torture/compile/limits-exprparen.c -O3 -fomit-frame-pointer (test for excess errors)
FAIL: gcc.c-torture/compile/limits-exprparen.c -O3 -g (test for excess errors)
FAIL: gcc.c-torture/compile/limits-exprparen.c -Os (test for excess errors)
FAIL: gcc.c-torture/compile/pr36245.c -O1 (internal compiler error)
FAIL: gcc.c-torture/compile/pr36245.c -O1 (test for excess errors)
FAIL: gcc.c-torture/compile/pr36245.c -O2 (internal compiler error)
FAIL: gcc.c-torture/compile/pr36245.c -O2 (test for excess errors)
FAIL: gcc.c-torture/compile/pr36245.c -Os (internal compiler error)
FAIL: gcc.c-torture/compile/pr36245.c -Os (test for excess errors)
XPASS: gcc.dg/tree-ssa/ldist-5.c scan-tree-dump-times ldist "distributed: split to 2 loops" 1
XPASS: gcc.dg/tree-ssa/ltrans-3.c scan-tree-dump-times ltrans "transformed loop" 1
FAIL: gcc.dg/vect/vect-iv-8a.c (internal compiler error)
FAIL: gcc.dg/vect/vect-iv-8a.c (test for excess errors)
WARNING: gcc.dg/vect/vect-iv-8a.c compilation failed to produce executable
FAIL: gcc.dg/vect/slp-2.c (internal compiler error)
FAIL: gcc.dg/vect/slp-2.c (test for excess errors)
WARNING: gcc.dg/vect/slp-2.c compilation failed to produce executable
FAIL: gcc.dg/vect/slp-20.c (internal compiler error)
FAIL: gcc.dg/vect/slp-20.c (test for excess errors)
WARNING: gcc.dg/vect/slp-20.c compilation failed to produce executable
FAIL: gcc.dg/vect/slp-21.c (internal compiler error)
FAIL: gcc.dg/vect/slp-21.c (test for excess errors)
WARNING: gcc.dg/vect/slp-21.c compilation failed to produce executable
FAIL: gcc.dg/vect/slp-22.c (internal compiler error)
FAIL: gcc.dg/vect/slp-22.c (test for excess errors)
WARNING: gcc.dg/vect/slp-22.c compilation failed to produce executable
FAIL: gcc.target/i386/avx-1.c (internal compiler error)
FAIL: gcc.target/i386/avx-1.c (test for excess errors)
FAIL: gcc.target/i386/sse-13.c (internal compiler error)
FAIL: gcc.target/i386/sse-13.c (test for excess errors)
FAIL: gcc.target/i386/sse2-set-v8hi-1.c (internal compiler error)
FAIL: gcc.target/i386/sse2-set-v8hi-1.c (test for excess errors)
WARNING: gcc.target/i386/sse2-set-v8hi-1.c compilation failed to produce executable
FAIL: gcc.target/i386/sse2-set-v8hi-2.c (internal compiler error)
FAIL: gcc.target/i386/sse2-set-v8hi-2.c (test for excess errors)
WARNING: gcc.target/i386/sse2-set-v8hi-2.c compilation failed to produce executable
=== gcc Summary for unix/-m32 ===
# of expected passes 49916
# of unexpected failures 30
# of unexpected successes 2
# of expected failures 168
# of untested testcases 35
# of unsupported tests 414
Running target unix
FAIL: gcc.c-torture/compile/limits-exprparen.c -O0 (test for excess errors)
FAIL: gcc.c-torture/compile/limits-exprparen.c -O1 (test for excess errors)
FAIL: gcc.c-torture/compile/limits-exprparen.c -O2 (test for excess errors)
FAIL: gcc.c-torture/compile/limits-exprparen.c -O3 -fomit-frame-pointer (test for excess errors)
FAIL: gcc.c-torture/compile/limits-exprparen.c -O3 -g (test for excess errors)
FAIL: gcc.c-torture/compile/limits-exprparen.c -Os (test for excess errors)
FAIL: gcc.c-torture/execute/simd-2.c compilation, -O0 (internal compiler error)
UNRESOLVED: gcc.c-torture/execute/simd-2.c execution, -O0
FAIL: gcc.c-torture/execute/simd-2.c compilation, -O1 (internal compiler error)
UNRESOLVED: gcc.c-torture/execute/simd-2.c execution, -O1
FAIL: gcc.c-torture/execute/simd-2.c compilation, -O2 (internal compiler error)
UNRESOLVED: gcc.c-torture/execute/simd-2.c execution, -O2
FAIL: gcc.c-torture/execute/simd-2.c compilation, -O3 -fomit-frame-pointer (internal compiler error)
UNRESOLVED: gcc.c-torture/execute/simd-2.c execution, -O3 -fomit-frame-pointer
FAIL: gcc.c-torture/execute/simd-2.c compilation, -O3 -g (internal compiler error)
UNRESOLVED: gcc.c-torture/execute/simd-2.c execution, -O3 -g
FAIL: gcc.c-torture/execute/simd-2.c compilation, -Os (internal compiler error)
UNRESOLVED: gcc.c-torture/execute/simd-2.c execution, -Os
FAIL: gcc.dg/tree-prof/pr34999.c compilation, -fprofile-use -D_PROFILE_USE
UNRESOLVED: gcc.dg/tree-prof/pr34999.c execution, -fprofile-use -D_PROFILE_USE
XPASS: gcc.dg/tree-ssa/ldist-5.c scan-tree-dump-times ldist "distributed: split to 2 loops" 1
XPASS: gcc.dg/tree-ssa/ltrans-3.c scan-tree-dump-times ltrans "transformed loop" 1
FAIL: gcc.dg/vect/vect-iv-8a.c (internal compiler error)
FAIL: gcc.dg/vect/vect-iv-8a.c (test for excess errors)
WARNING: gcc.dg/vect/vect-iv-8a.c compilation failed to produce executable
FAIL: gcc.dg/vect/slp-2.c (internal compiler error)
FAIL: gcc.dg/vect/slp-2.c (test for excess errors)
WARNING: gcc.dg/vect/slp-2.c compilation failed to produce executable
FAIL: gcc.dg/vect/slp-20.c (internal compiler error)
FAIL: gcc.dg/vect/slp-20.c (test for excess errors)
WARNING: gcc.dg/vect/slp-20.c compilation failed to produce executable
FAIL: gcc.dg/vect/slp-21.c (internal compiler error)
FAIL: gcc.dg/vect/slp-21.c (test for excess errors)
WARNING: gcc.dg/vect/slp-21.c compilation failed to produce executable
FAIL: gcc.dg/vect/slp-22.c (internal compiler error)
FAIL: gcc.dg/vect/slp-22.c (test for excess errors)
WARNING: gcc.dg/vect/slp-22.c compilation failed to produce executable
FAIL: gcc.target/i386/avx-1.c (internal compiler error)
FAIL: gcc.target/i386/avx-1.c (test for excess errors)
FAIL: gcc.target/i386/sse-13.c (internal compiler error)
FAIL: gcc.target/i386/sse-13.c (test for excess errors)
FAIL: gcc.target/i386/sse2-set-v8hi-1.c (internal compiler error)
FAIL: gcc.target/i386/sse2-set-v8hi-1.c (test for excess errors)
WARNING: gcc.target/i386/sse2-set-v8hi-1.c compilation failed to produce executable
FAIL: gcc.target/i386/sse2-set-v8hi-2.c (internal compiler error)
FAIL: gcc.target/i386/sse2-set-v8hi-2.c (test for excess errors)
WARNING: gcc.target/i386/sse2-set-v8hi-2.c compilation failed to produce executable
=== gcc Summary for unix ===
# of expected passes 49782
# of unexpected failures 31
# of unexpected successes 2
# of expected failures 168
# of unresolved testcases 7
# of untested testcases 35
# of unsupported tests 519
=== gcc Summary ===
# of expected passes 99698
# of unexpected failures 61
# of unexpected successes 4
# of expected failures 336
# of unresolved testcases 7
# of untested testcases 70
# of unsupported tests 933
/export/build/gnu/gcc-avx/build-x86_64-linux/gcc/xgcc version 4.4.0 20080516 (experimental) [ix86/avx revision 135469] (GCC)
=== gfortran tests ===
Running target unix/-m32
=== gfortran Summary for unix/-m32 ===
# of expected passes 25613
# of expected failures 3
# of unsupported tests 73
Running target unix
=== gfortran Summary for unix ===
# of expected passes 25696
# of expected failures 3
# of unsupported tests 34
=== gfortran Summary ===
# of expected passes 51309
# of expected failures 6
# of unsupported tests 107
/export/build/gnu/gcc-avx/build-x86_64-linux/gcc/testsuite/gfortran/../../gfortran version 4.4.0 20080516 (experimental) [ix86/avx revision 135469] (GCC)
=== g++ tests ===
Running target unix/-m32
FAIL: g++.dg/other/pr34435.C (internal compiler error)
FAIL: g++.dg/other/pr34435.C (test for excess errors)
FAIL: g++.dg/tree-ssa/pr19637.C scan-tree-dump-times dom1 "return 1;" 3
=== g++ Summary for unix/-m32 ===
# of expected passes 17725
# of unexpected failures 3
# of expected failures 82
# of unsupported tests 90
Running target unix
FAIL: g++.dg/other/pr34435.C (internal compiler error)
FAIL: g++.dg/other/pr34435.C (test for excess errors)
FAIL: g++.dg/tree-ssa/pr19637.C scan-tree-dump-times dom1 "return 1;" 3
=== g++ Summary for unix ===
# of expected passes 17634
# of unexpected failures 3
# of expected failures 82
# of unsupported tests 121
=== g++ Summary ===
# of expected passes 35359
# of unexpected failures 6
# of expected failures 164
# of unsupported tests 211
/export/build/gnu/gcc-avx/build-x86_64-linux/gcc/testsuite/g++/../../g++ version 4.4.0 20080516 (experimental) [ix86/avx revision 135469] (GCC)
=== objc tests ===
Running target unix/-m32
=== objc Summary for unix/-m32 ===
# of expected passes 1814
# of expected failures 7
# of unsupported tests 24
Running target unix
=== objc Summary for unix ===
# of expected passes 1814
# of expected failures 7
# of unsupported tests 24
=== objc Summary ===
# of expected passes 3628
# of expected failures 14
# of unsupported tests 48
/export/build/gnu/gcc-avx/build-x86_64-linux/gcc/xgcc version 4.4.0 20080516 (experimental) [ix86/avx revision 135469] (GCC)
=== libffi tests ===
Running target unix/-m32
=== libffi Summary for unix/-m32 ===
# of expected passes 1389
# of unsupported tests 10
Running target unix
=== libffi Summary for unix ===
# of expected passes 1389
# of unsupported tests 10
=== libffi Summary ===
# of expected passes 2778
# of unsupported tests 20
=== libgomp tests ===
Running target unix/-m32
=== libgomp Summary for unix/-m32 ===
# of expected passes 1729
Running target unix
=== libgomp Summary for unix ===
# of expected passes 1729
=== libgomp Summary ===
# of expected passes 3458
=== libjava tests ===
Running target unix/-m32
=== libjava Summary for unix/-m32 ===
# of expected passes 2550
Running target unix
=== libjava Summary for unix ===
# of expected passes 2550
=== libjava Summary ===
# of expected passes 5100
=== libmudflap tests ===
Running target unix/-m32
=== libmudflap Summary for unix/-m32 ===
# of expected passes 1865
Running target unix
=== libmudflap Summary for unix ===
# of expected passes 1865
=== libmudflap Summary ===
# of expected passes 3730
=== libstdc++ tests ===
Running target unix/-m32
XPASS: 26_numerics/headers/cmath/c99_classification_macros_c.cc (test for excess errors)
=== libstdc++ Summary for unix/-m32 ===
# of expected passes 5733
# of unexpected successes 1
# of expected failures 75
# of unsupported tests 10
Running target unix
XPASS: 26_numerics/headers/cmath/c99_classification_macros_c.cc (test for excess errors)
=== libstdc++ Summary for unix ===
# of expected passes 5733
# of unexpected successes 1
# of expected failures 75
# of unsupported tests 10
=== libstdc++ Summary ===
# of expected passes 11466
# of unexpected successes 2
# of expected failures 150
# of unsupported tests 20
Compiler version: 4.4.0 20080516 (experimental) [ix86/avx revision 135469] (GCC)
Platform: x86_64-unknown-linux-gnu
configure flags: --enable-clocale=gnu --with-system-zlib --enable-checking=assert --with-demangler-in-ld --enable-shared --enable-threads=posix --enable-haifa --prefix=/usr/gcc-4.4-avx --with-local-prefix=/usr/local