This is the mail archive of the
gcc-testresults@gcc.gnu.org
mailing list for the GCC project.
Results for 4.4.0 20080516 (experimental) [trunk revision 135425] (GCC) testsuite on i686-pc-linux-gnu
- From: Joey Ye <jye2 at shgcc-1 dot sh dot intel dot com>
- To: gcc-testresults at gcc dot gnu dot org
- Date: Sat, 17 May 2008 04:49:13 +0800
- Subject: Results for 4.4.0 20080516 (experimental) [trunk revision 135425] (GCC) testsuite on i686-pc-linux-gnu
LAST_UPDATED: Fri May 16 17:02:37 UTC 2008 (revision 135425)
Native configuration is i686-pc-linux-gnu
=== g++ tests ===
Running target unix
FAIL: g++.dg/tree-ssa/pr19637.C scan-tree-dump-times dom1 "return 1;" 3
=== g++ Summary ===
# of expected passes 17723
# of unexpected failures 1
# of expected failures 82
# of unsupported tests 90
/home/jye2/gcc/build-daily/gcc/testsuite/g++/../../g++ version 4.4.0 20080516 (experimental) [trunk revision 135425] (GCC)
=== gcc tests ===
Running target unix
FAIL: gcc.c-torture/compile/pr36245.c -O1 (internal compiler error)
FAIL: gcc.c-torture/compile/pr36245.c -O1 (test for excess errors)
FAIL: gcc.c-torture/compile/pr36245.c -O2 (internal compiler error)
FAIL: gcc.c-torture/compile/pr36245.c -O2 (test for excess errors)
FAIL: gcc.c-torture/compile/pr36245.c -Os (internal compiler error)
FAIL: gcc.c-torture/compile/pr36245.c -Os (test for excess errors)
XPASS: gcc.dg/tree-ssa/ldist-5.c scan-tree-dump-times ldist "distributed: split to 2 loops" 1
XPASS: gcc.dg/tree-ssa/ltrans-3.c scan-tree-dump-times ltrans "transformed loop" 1
=== gcc Summary ===
# of expected passes 49896
# of unexpected failures 6
# of unexpected successes 2
# of expected failures 168
# of untested testcases 35
# of unsupported tests 431
/home/jye2/gcc/build-daily/gcc/xgcc version 4.4.0 20080516 (experimental) [trunk revision 135425] (GCC)
=== gfortran tests ===
Running target unix
=== gfortran Summary ===
# of expected passes 25324
# of expected failures 3
# of unsupported tests 73
/home/jye2/gcc/build-daily/gcc/testsuite/gfortran/../../gfortran version 4.4.0 20080516 (experimental) [trunk revision 135425] (GCC)
=== objc tests ===
Running target unix
=== objc Summary ===
# of expected passes 1814
# of expected failures 7
# of unsupported tests 24
/home/jye2/gcc/build-daily/gcc/xgcc version 4.4.0 20080516 (experimental) [trunk revision 135425] (GCC)
=== libffi tests ===
Running target unix
=== libffi Summary ===
# of expected passes 1389
# of unsupported tests 10
=== libgomp tests ===
Running target unix
=== libgomp Summary ===
# of expected passes 1729
=== libjava tests ===
Running target unix
=== libjava Summary ===
# of expected passes 2550
=== libmudflap tests ===
Running target unix
=== libmudflap Summary ===
# of expected passes 1865
=== libstdc++ tests ===
Running target unix
XPASS: 26_numerics/headers/cmath/c99_classification_macros_c.cc (test for excess errors)
=== libstdc++ Summary ===
# of expected passes 5733
# of unexpected successes 1
# of expected failures 75
# of unsupported tests 10
Compiler version: 4.4.0 20080516 (experimental) [trunk revision 135425] (GCC)
Platform: i686-pc-linux-gnu
configure flags: --enable-clocale=gnu --with-system-zlib --enable-decimal-float=bid --with-demangler-in-ld --enable-shared --enable-threads=posix --enable-haifa --enable-checking=assert