This is the mail archive of the
gcc-testresults@gcc.gnu.org
mailing list for the GCC project.
Results for 4.4.0 20080513 (experimental) (GCC) gfortran testsuite on x86_64-pc-mingw32
- From: nightstrike at gcc14 dot fsffrance dot org
- To: gcc-testresults at gcc dot gnu dot org
- Date: Fri, 16 May 2008 14:29:18 +0200
- Subject: Results for 4.4.0 20080513 (experimental) (GCC) gfortran testsuite on x86_64-pc-mingw32
LAST_UPDATED:
Target is x86_64-pc-mingw32
Host is x86_64-unknown-linux-gnu
=== gfortran tests ===
Running target mingw
WARNING: program timed out.
FAIL: gfortran.dg/altreturn_5.f90 -O0 execution test
UNRESOLVED: gfortran.dg/endfile.f90 -O1 execution test
FAIL: gfortran.dg/entry_14.f90 -O3 -fomit-frame-pointer execution test
FAIL: gfortran.dg/eof_2.f90 -O3 -fomit-frame-pointer -funroll-loops execution test
FAIL: gfortran.dg/fmt_l.f90 -O0 output pattern test, is At line 14 of file /var/tmp/build/gcc-svn/gcc/gcc/testsuite/gfortran.dg/fmt_l.f90
FAIL: gfortran.dg/fmt_l.f90 -O1 output pattern test, is At line 14 of file /var/tmp/build/gcc-svn/gcc/gcc/testsuite/gfortran.dg/fmt_l.f90
FAIL: gfortran.dg/fmt_l.f90 -O2 output pattern test, is At line 14 of file /var/tmp/build/gcc-svn/gcc/gcc/testsuite/gfortran.dg/fmt_l.f90
FAIL: gfortran.dg/fmt_l.f90 -O3 -fomit-frame-pointer output pattern test, is At line 14 of file /var/tmp/build/gcc-svn/gcc/gcc/testsuite/gfortran.dg/fmt_l.f90
FAIL: gfortran.dg/fmt_l.f90 -O3 -fomit-frame-pointer -funroll-loops output pattern test, is At line 14 of file /var/tmp/build/gcc-svn/gcc/gcc/testsuite/gfortran.dg/fmt_l.f90
FAIL: gfortran.dg/fmt_l.f90 -O3 -fomit-frame-pointer -funroll-all-loops -finline-functions output pattern test, is At line 14 of file /var/tmp/build/gcc-svn/gcc/gcc/testsuite/gfortran.dg/fmt_l.f90
FAIL: gfortran.dg/fmt_l.f90 -O3 -g output pattern test, is At line 14 of file /var/tmp/build/gcc-svn/gcc/gcc/testsuite/gfortran.dg/fmt_l.f90
FAIL: gfortran.dg/fmt_l.f90 -Os output pattern test, is At line 14 of file /var/tmp/build/gcc-svn/gcc/gcc/testsuite/gfortran.dg/fmt_l.f90
FAIL: gfortran.dg/fmt_zero_precision.f90 -O0 output pattern test, is 1.<
FAIL: gfortran.dg/fmt_zero_precision.f90 -O1 output pattern test, is 1.<
FAIL: gfortran.dg/fmt_zero_precision.f90 -O2 output pattern test, is 1.<
FAIL: gfortran.dg/fmt_zero_precision.f90 -O3 -fomit-frame-pointer output pattern test, is 1.<
FAIL: gfortran.dg/fmt_zero_precision.f90 -O3 -fomit-frame-pointer -funroll-loops output pattern test, is 1.<
FAIL: gfortran.dg/fmt_zero_precision.f90 -O3 -fomit-frame-pointer -funroll-all-loops -finline-functions output pattern test, is 1.<
FAIL: gfortran.dg/fmt_zero_precision.f90 -O3 -g output pattern test, is 1.<
FAIL: gfortran.dg/fmt_zero_precision.f90 -Os output pattern test, is 1.<
FAIL: gfortran.dg/fseek.f90 -O0 execution test
FAIL: gfortran.dg/fseek.f90 -O1 execution test
FAIL: gfortran.dg/fseek.f90 -O2 execution test
FAIL: gfortran.dg/fseek.f90 -O3 -fomit-frame-pointer execution test
FAIL: gfortran.dg/fseek.f90 -O3 -fomit-frame-pointer -funroll-loops execution test
FAIL: gfortran.dg/fseek.f90 -O3 -fomit-frame-pointer -funroll-all-loops -finline-functions execution test
FAIL: gfortran.dg/fseek.f90 -O3 -g execution test
FAIL: gfortran.dg/fseek.f90 -Os execution test
WARNING: program timed out.
UNRESOLVED: gfortran.dg/list_read_1.f90 -O3 -fomit-frame-pointer execution test
FAIL: gfortran.dg/list_read_1.f90 -O3 -g execution test
FAIL: gfortran.dg/negative_unit.f -O3 -fomit-frame-pointer -funroll-all-loops -finline-functions execution test
XPASS: gfortran.dg/nint_2.f90 -O1 execution test
XPASS: gfortran.dg/nint_2.f90 -O2 execution test
XPASS: gfortran.dg/nint_2.f90 -O3 -fomit-frame-pointer execution test
XPASS: gfortran.dg/nint_2.f90 -O3 -fomit-frame-pointer -funroll-loops execution test
XPASS: gfortran.dg/nint_2.f90 -O3 -fomit-frame-pointer -funroll-all-loops -finline-functions execution test
XPASS: gfortran.dg/nint_2.f90 -O3 -g execution test
XPASS: gfortran.dg/nint_2.f90 -Os execution test
FAIL: gfortran.dg/pr15129.f90 -O3 -fomit-frame-pointer -funroll-loops execution test
UNRESOLVED: gfortran.dg/read_x_past.f -O3 -fomit-frame-pointer execution test
FAIL: gfortran.dg/secnds-1.f -O0 execution test
FAIL: gfortran.dg/secnds-1.f -O1 execution test
FAIL: gfortran.dg/secnds-1.f -O2 execution test
FAIL: gfortran.dg/secnds-1.f -O3 -fomit-frame-pointer execution test
FAIL: gfortran.dg/secnds-1.f -O3 -fomit-frame-pointer -funroll-loops execution test
FAIL: gfortran.dg/secnds-1.f -O3 -fomit-frame-pointer -funroll-all-loops -finline-functions execution test
FAIL: gfortran.dg/secnds-1.f -O3 -g execution test
FAIL: gfortran.dg/secnds-1.f -Os execution test
FAIL: gfortran.dg/secnds.f -O0 execution test
FAIL: gfortran.dg/secnds.f -O1 execution test
FAIL: gfortran.dg/secnds.f -O2 execution test
FAIL: gfortran.dg/secnds.f -O3 -fomit-frame-pointer execution test
FAIL: gfortran.dg/secnds.f -O3 -fomit-frame-pointer -funroll-loops execution test
FAIL: gfortran.dg/secnds.f -O3 -fomit-frame-pointer -funroll-all-loops -finline-functions execution test
FAIL: gfortran.dg/secnds.f -O3 -g execution test
FAIL: gfortran.dg/secnds.f -Os execution test
FAIL: gfortran.dg/stat_1.f90 -O0 (test for excess errors)
UNRESOLVED: gfortran.dg/stat_1.f90 -O0 compilation failed to produce executable
FAIL: gfortran.dg/stat_1.f90 -O1 (test for excess errors)
UNRESOLVED: gfortran.dg/stat_1.f90 -O1 compilation failed to produce executable
FAIL: gfortran.dg/stat_1.f90 -O2 (test for excess errors)
UNRESOLVED: gfortran.dg/stat_1.f90 -O2 compilation failed to produce executable
FAIL: gfortran.dg/stat_1.f90 -O3 -fomit-frame-pointer (test for excess errors)
UNRESOLVED: gfortran.dg/stat_1.f90 -O3 -fomit-frame-pointer compilation failed to produce executable
FAIL: gfortran.dg/stat_1.f90 -O3 -fomit-frame-pointer -funroll-loops (test for excess errors)
UNRESOLVED: gfortran.dg/stat_1.f90 -O3 -fomit-frame-pointer -funroll-loops compilation failed to produce executable
FAIL: gfortran.dg/stat_1.f90 -O3 -fomit-frame-pointer -funroll-all-loops -finline-functions (test for excess errors)
UNRESOLVED: gfortran.dg/stat_1.f90 -O3 -fomit-frame-pointer -funroll-all-loops -finline-functions compilation failed to produce executable
FAIL: gfortran.dg/stat_1.f90 -O3 -g (test for excess errors)
UNRESOLVED: gfortran.dg/stat_1.f90 -O3 -g compilation failed to produce executable
FAIL: gfortran.dg/stat_1.f90 -Os (test for excess errors)
UNRESOLVED: gfortran.dg/stat_1.f90 -Os compilation failed to produce executable
FAIL: gfortran.dg/stat_2.f90 -O0 (test for excess errors)
UNRESOLVED: gfortran.dg/stat_2.f90 -O0 compilation failed to produce executable
FAIL: gfortran.dg/stat_2.f90 -O1 (test for excess errors)
UNRESOLVED: gfortran.dg/stat_2.f90 -O1 compilation failed to produce executable
FAIL: gfortran.dg/stat_2.f90 -O2 (test for excess errors)
UNRESOLVED: gfortran.dg/stat_2.f90 -O2 compilation failed to produce executable
FAIL: gfortran.dg/stat_2.f90 -O3 -fomit-frame-pointer (test for excess errors)
UNRESOLVED: gfortran.dg/stat_2.f90 -O3 -fomit-frame-pointer compilation failed to produce executable
FAIL: gfortran.dg/stat_2.f90 -O3 -fomit-frame-pointer -funroll-loops (test for excess errors)
UNRESOLVED: gfortran.dg/stat_2.f90 -O3 -fomit-frame-pointer -funroll-loops compilation failed to produce executable
FAIL: gfortran.dg/stat_2.f90 -O3 -fomit-frame-pointer -funroll-all-loops -finline-functions (test for excess errors)
UNRESOLVED: gfortran.dg/stat_2.f90 -O3 -fomit-frame-pointer -funroll-all-loops -finline-functions compilation failed to produce executable
FAIL: gfortran.dg/stat_2.f90 -O3 -g (test for excess errors)
UNRESOLVED: gfortran.dg/stat_2.f90 -O3 -g compilation failed to produce executable
FAIL: gfortran.dg/stat_2.f90 -Os (test for excess errors)
UNRESOLVED: gfortran.dg/stat_2.f90 -Os compilation failed to produce executable
WARNING: program timed out.
UNRESOLVED: gfortran.dg/substr_4.f -O3 -g execution test
WARNING: program timed out.
UNRESOLVED: gfortran.dg/substr_5.f90 -O3 -fomit-frame-pointer execution test
WARNING: program timed out.
UNRESOLVED: gfortran.dg/t_editing.f -O0 execution test
WARNING: program timed out.
UNRESOLVED: gfortran.dg/g77/13037.f -O1 execution test
WARNING: program timed out.
FAIL: gfortran.dg/g77/f77-edit-colon-out.f -O3 -g execution test
WARNING: program timed out.
WARNING: program timed out.
UNRESOLVED: gfortran.dg/g77/f77-edit-x-out.f -Os execution test
WARNING: program timed out.
FAIL: gfortran.fortran-torture/execute/date_time_1.f90 execution, -O0
FAIL: gfortran.fortran-torture/execute/date_time_1.f90 execution, -O1
FAIL: gfortran.fortran-torture/execute/date_time_1.f90 execution, -O2
FAIL: gfortran.fortran-torture/execute/date_time_1.f90 execution, -O3 -fomit-frame-pointer
FAIL: gfortran.fortran-torture/execute/date_time_1.f90 execution, -O3 -fomit-frame-pointer -funroll-loops
FAIL: gfortran.fortran-torture/execute/date_time_1.f90 execution, -O3 -fomit-frame-pointer -funroll-all-loops -finline-functions
FAIL: gfortran.fortran-torture/execute/date_time_1.f90 execution, -O3 -g
FAIL: gfortran.fortran-torture/execute/date_time_1.f90 execution, -Os
=== gfortran Summary ===
# of expected passes 24466
# of unexpected failures 71
# of unexpected successes 7
# of expected failures 20
# of unresolved testcases 24
# of unsupported tests 86
/var/tmp/build/gcc-svn/build-x86_64-pc-linux/gcc/testsuite/gfortran/../../gfortran version 4.4.0 20080513 (experimental) (GCC)
Compiler version: 4.4.0 20080513 (experimental) (GCC) gfortran
Platform: x86_64-pc-mingw32
configure flags: --prefix=/var/tmp/root-x86_64-pc-linux --with-sysroot=/var/tmp/root-x86_64-pc-linux --target=x86_64-pc-mingw32