This is the mail archive of the
gcc-testresults@gcc.gnu.org
mailing list for the GCC project.
Results for 4.4.0 20080515 (experimental) (GCC) testsuite on x86_64-unknown-linux-gnu
- From: Toon Moene <toon at moene dot indiv dot nluug dot nl>
- To: gcc-testresults at gcc dot gnu dot org
- Date: Thu, 15 May 2008 09:30:25 +0200
- Subject: Results for 4.4.0 20080515 (experimental) (GCC) testsuite on x86_64-unknown-linux-gnu
LAST_UPDATED: Thu May 15 06:02:32 UTC 2008 (revision 135325)
=== acats tests ===
=== acats Summary ===
# of expected passes 2315
# of unexpected failures 0
Native configuration is x86_64-unknown-linux-gnu
=== gcc tests ===
Running target unix
FAIL: gcc.dg/tree-prof/pr34999.c compilation, -fprofile-use -D_PROFILE_USE
UNRESOLVED: gcc.dg/tree-prof/pr34999.c execution, -fprofile-use -D_PROFILE_USE
XPASS: gcc.dg/tree-ssa/ltrans-3.c scan-tree-dump-times ltrans "transformed loop" 1
=== gcc Summary ===
# of expected passes 49567
# of unexpected failures 1
# of unexpected successes 1
# of expected failures 169
# of unresolved testcases 1
# of untested testcases 35
# of unsupported tests 534
/home/toon/compilers/obj-t/gcc/xgcc version 4.4.0 20080515 (experimental) (GCC)
=== gfortran tests ===
Running target unix
=== gfortran Summary ===
# of expected passes 24812
# of expected failures 11
# of unsupported tests 34
/home/toon/compilers/obj-t/gcc/testsuite/gfortran/../../gfortran version 4.4.0 20080515 (experimental) (GCC)
=== g++ tests ===
Running target unix
FAIL: g++.dg/tree-ssa/pr19637.C scan-tree-dump-times dom1 "return 1;" 3
=== g++ Summary ===
# of expected passes 17633
# of unexpected failures 1
# of expected failures 82
# of unsupported tests 121
/home/toon/compilers/obj-t/gcc/testsuite/g++/../../g++ version 4.4.0 20080515 (experimental) (GCC)
=== gnat tests ===
Running target unix
FAIL: gnat.dg/specs/tag2.ads (test for errors, line 13)
FAIL: gnat.dg/specs/tag2.ads (test for excess errors)
=== gnat Summary ===
# of expected passes 441
# of unexpected failures 2
# of expected failures 5
=== objc tests ===
Running target unix
=== objc Summary ===
# of expected passes 1814
# of expected failures 7
# of unsupported tests 24
/home/toon/compilers/obj-t/gcc/xgcc version 4.4.0 20080515 (experimental) (GCC)
=== libffi tests ===
Running target unix
=== libffi Summary ===
# of expected passes 1389
# of unsupported tests 10
=== libgomp tests ===
Running target unix
=== libgomp Summary ===
# of expected passes 1729
=== libjava tests ===
Running target unix
=== libjava Summary ===
# of expected passes 2550
=== libmudflap tests ===
Running target unix
=== libmudflap Summary ===
# of expected passes 1865
=== libstdc++ tests ===
Running target unix
FAIL: abi_check
XPASS: 26_numerics/headers/cmath/c99_classification_macros_c.cc (test for excess errors)
=== libstdc++ Summary ===
# of expected passes 5100
# of unexpected failures 1
# of unexpected successes 1
# of expected failures 75
# of unsupported tests 326
Compiler version: 4.4.0 20080515 (experimental) (GCC)
Platform: x86_64-unknown-linux-gnu
configure flags: --prefix=/usr/snp --disable-multilib --disable-nls --enable-languages=all,ada