This is the mail archive of the gcc-testresults@gcc.gnu.org mailing list for the GCC project.


Index Nav: [Date Index] [Subject Index] [Author Index] [Thread Index]
Message Nav: [Date Prev] [Date Next] [Thread Prev] [Thread Next]
Other format: [Raw text]

Results for 4.4.0 20080506 (experimental) [stack revision 135014] (GCC) testsuite on x86_64-unknown-linux-gnu


LAST_UPDATED: Wed May  7 00:36:28 UTC 2008 (revision 135014)

Native configuration is x86_64-unknown-linux-gnu

		=== gcc tests ===


Running target unix/-m32
FAIL: gcc.c-torture/compile/limits-exprparen.c  -O0  (test for excess errors)
FAIL: gcc.c-torture/compile/limits-exprparen.c  -O1  (test for excess errors)
FAIL: gcc.c-torture/compile/limits-exprparen.c  -O2  (test for excess errors)
FAIL: gcc.c-torture/compile/limits-exprparen.c  -O3 -fomit-frame-pointer  (test for excess errors)
FAIL: gcc.c-torture/compile/limits-exprparen.c  -O3 -g  (test for excess errors)
FAIL: gcc.c-torture/compile/limits-exprparen.c  -Os  (test for excess errors)
XPASS: gcc.dg/tree-ssa/ltrans-3.c scan-tree-dump-times ltrans "transformed loop" 1

		=== gcc Summary for unix/-m32 ===

# of expected passes		51433
# of unexpected failures	6
# of unexpected successes	1
# of expected failures		167
# of untested testcases		35
# of unsupported tests		404

Running target unix
FAIL: gcc.c-torture/compile/limits-exprparen.c  -O0  (test for excess errors)
FAIL: gcc.c-torture/compile/limits-exprparen.c  -O1  (test for excess errors)
FAIL: gcc.c-torture/compile/limits-exprparen.c  -O2  (test for excess errors)
FAIL: gcc.c-torture/compile/limits-exprparen.c  -O3 -fomit-frame-pointer  (test for excess errors)
FAIL: gcc.c-torture/compile/limits-exprparen.c  -O3 -g  (test for excess errors)
FAIL: gcc.c-torture/compile/limits-exprparen.c  -Os  (test for excess errors)
FAIL: gcc.c-torture/execute/ieee/acc1.c compilation,  -O2  (internal compiler error)
UNRESOLVED: gcc.c-torture/execute/ieee/acc1.c execution,  -O2 
FAIL: gcc.c-torture/execute/ieee/acc1.c compilation,  -O3 -fomit-frame-pointer  (internal compiler error)
UNRESOLVED: gcc.c-torture/execute/ieee/acc1.c execution,  -O3 -fomit-frame-pointer 
FAIL: gcc.c-torture/execute/ieee/acc1.c compilation,  -O3 -g  (internal compiler error)
UNRESOLVED: gcc.c-torture/execute/ieee/acc1.c execution,  -O3 -g 
FAIL: gcc.c-torture/execute/ieee/acc1.c compilation,  -Os  (internal compiler error)
UNRESOLVED: gcc.c-torture/execute/ieee/acc1.c execution,  -Os 
FAIL: gcc.c-torture/execute/ieee/acc2.c compilation,  -O2  (internal compiler error)
UNRESOLVED: gcc.c-torture/execute/ieee/acc2.c execution,  -O2 
FAIL: gcc.c-torture/execute/ieee/acc2.c compilation,  -O3 -fomit-frame-pointer  (internal compiler error)
UNRESOLVED: gcc.c-torture/execute/ieee/acc2.c execution,  -O3 -fomit-frame-pointer 
FAIL: gcc.c-torture/execute/ieee/acc2.c compilation,  -O3 -g  (internal compiler error)
UNRESOLVED: gcc.c-torture/execute/ieee/acc2.c execution,  -O3 -g 
FAIL: gcc.c-torture/execute/ieee/acc2.c compilation,  -Os  (internal compiler error)
UNRESOLVED: gcc.c-torture/execute/ieee/acc2.c execution,  -Os 
FAIL: gcc.c-torture/execute/ieee/mzero5.c compilation,  -O2  (internal compiler error)
UNRESOLVED: gcc.c-torture/execute/ieee/mzero5.c execution,  -O2 
FAIL: gcc.c-torture/execute/ieee/mzero6.c compilation,  -O2  (internal compiler error)
UNRESOLVED: gcc.c-torture/execute/ieee/mzero6.c execution,  -O2 
FAIL: gcc.c-torture/execute/ieee/mzero6.c compilation,  -O3 -fomit-frame-pointer  (internal compiler error)
UNRESOLVED: gcc.c-torture/execute/ieee/mzero6.c execution,  -O3 -fomit-frame-pointer 
FAIL: gcc.c-torture/execute/ieee/mzero6.c compilation,  -O3 -fomit-frame-pointer -funroll-loops  (internal compiler error)
UNRESOLVED: gcc.c-torture/execute/ieee/mzero6.c execution,  -O3 -fomit-frame-pointer -funroll-loops 
FAIL: gcc.c-torture/execute/ieee/mzero6.c compilation,  -O3 -fomit-frame-pointer -funroll-all-loops -finline-functions  (internal compiler error)
UNRESOLVED: gcc.c-torture/execute/ieee/mzero6.c execution,  -O3 -fomit-frame-pointer -funroll-all-loops -finline-functions 
FAIL: gcc.c-torture/execute/ieee/mzero6.c compilation,  -O3 -g  (internal compiler error)
UNRESOLVED: gcc.c-torture/execute/ieee/mzero6.c execution,  -O3 -g 
FAIL: gcc.c-torture/execute/ieee/mzero6.c compilation,  -Os  (internal compiler error)
UNRESOLVED: gcc.c-torture/execute/ieee/mzero6.c execution,  -Os 
FAIL: gcc.dg/tree-prof/pr34999.c compilation,  -fprofile-use -D_PROFILE_USE
UNRESOLVED: gcc.dg/tree-prof/pr34999.c execution,    -fprofile-use -D_PROFILE_USE
XPASS: gcc.dg/tree-ssa/ltrans-3.c scan-tree-dump-times ltrans "transformed loop" 1

		=== gcc Summary for unix ===

# of expected passes		51143
# of unexpected failures	22
# of unexpected successes	1
# of expected failures		167
# of unresolved testcases	16
# of untested testcases		35
# of unsupported tests		580

		=== gcc Summary ===

# of expected passes		102576
# of unexpected failures	28
# of unexpected successes	2
# of expected failures		334
# of unresolved testcases	16
# of untested testcases		70
# of unsupported tests		984
/export/build/gnu/gcc-stack/build-x86_64-linux/gcc/xgcc  version 4.4.0 20080506 (experimental) [stack revision 135014] (GCC) 

		=== gfortran tests ===


Running target unix/-m32
FAIL: gfortran.dg/fmt_t_7.f  -O0  execution test
FAIL: gfortran.dg/fmt_t_7.f  -O1  execution test
FAIL: gfortran.dg/fmt_t_7.f  -O2  execution test
FAIL: gfortran.dg/fmt_t_7.f  -O3 -fomit-frame-pointer  execution test
FAIL: gfortran.dg/fmt_t_7.f  -O3 -fomit-frame-pointer -funroll-loops  execution test
FAIL: gfortran.dg/fmt_t_7.f  -O3 -fomit-frame-pointer -funroll-all-loops -finline-functions  execution test
FAIL: gfortran.dg/fmt_t_7.f  -O3 -g  execution test
FAIL: gfortran.dg/fmt_t_7.f  -Os  execution test

		=== gfortran Summary for unix/-m32 ===

# of expected passes		24600
# of unexpected failures	8
# of expected failures		3
# of unsupported tests		64

Running target unix
FAIL: gfortran.dg/fmt_t_7.f  -O0  execution test
FAIL: gfortran.dg/fmt_t_7.f  -O1  execution test
FAIL: gfortran.dg/fmt_t_7.f  -O2  execution test
FAIL: gfortran.dg/fmt_t_7.f  -O3 -fomit-frame-pointer  execution test
FAIL: gfortran.dg/fmt_t_7.f  -O3 -fomit-frame-pointer -funroll-loops  execution test
FAIL: gfortran.dg/fmt_t_7.f  -O3 -fomit-frame-pointer -funroll-all-loops -finline-functions  execution test
FAIL: gfortran.dg/fmt_t_7.f  -O3 -g  execution test
FAIL: gfortran.dg/fmt_t_7.f  -Os  execution test

		=== gfortran Summary for unix ===

# of expected passes		24662
# of unexpected failures	8
# of expected failures		3
# of unsupported tests		34

		=== gfortran Summary ===

# of expected passes		49262
# of unexpected failures	16
# of expected failures		6
# of unsupported tests		98
/export/build/gnu/gcc-stack/build-x86_64-linux/gcc/testsuite/gfortran/../../gfortran  version 4.4.0 20080506 (experimental) [stack revision 135014] (GCC) 

		=== g++ tests ===


Running target unix/-m32
FAIL: g++.dg/ext/utf32-4.C  target { ! 4byte_wchar_t }  (test for warnings, line 16)
FAIL: g++.dg/tree-ssa/pr19637.C scan-tree-dump-times dom1 "return 1;" 3

		=== g++ Summary for unix/-m32 ===

# of expected passes		18220
# of unexpected failures	2
# of expected failures		82
# of unsupported tests		90

Running target unix
FAIL: g++.dg/ext/utf32-4.C  target { ! 4byte_wchar_t }  (test for warnings, line 16)
FAIL: g++.dg/tree-ssa/pr19637.C scan-tree-dump-times dom1 "return 1;" 3

		=== g++ Summary for unix ===

# of expected passes		17913
# of unexpected failures	2
# of expected failures		82
# of unsupported tests		237

		=== g++ Summary ===

# of expected passes		36133
# of unexpected failures	4
# of expected failures		164
# of unsupported tests		327
/export/build/gnu/gcc-stack/build-x86_64-linux/gcc/testsuite/g++/../../g++  version 4.4.0 20080506 (experimental) [stack revision 135014] (GCC) 

		=== objc tests ===


Running target unix/-m32

		=== objc Summary for unix/-m32 ===

# of expected passes		1814
# of expected failures		7
# of unsupported tests		24

Running target unix

		=== objc Summary for unix ===

# of expected passes		1814
# of expected failures		7
# of unsupported tests		24

		=== objc Summary ===

# of expected passes		3628
# of expected failures		14
# of unsupported tests		48
/export/build/gnu/gcc-stack/build-x86_64-linux/gcc/xgcc  version 4.4.0 20080506 (experimental) [stack revision 135014] (GCC) 

		=== libffi tests ===


Running target unix/-m32

		=== libffi Summary for unix/-m32 ===

# of expected passes		1389
# of unsupported tests		10

Running target unix

		=== libffi Summary for unix ===

# of expected passes		1389
# of unsupported tests		10

		=== libffi Summary ===

# of expected passes		2778
# of unsupported tests		20
		=== libgomp tests ===


Running target unix/-m32

		=== libgomp Summary for unix/-m32 ===

# of expected passes		1723

Running target unix

		=== libgomp Summary for unix ===

# of expected passes		1723

		=== libgomp Summary ===

# of expected passes		3446
		=== libjava tests ===


Running target unix/-m32
FAIL: events output

		=== libjava Summary for unix/-m32 ===

# of expected passes		2549
# of unexpected failures	1

Running target unix

		=== libjava Summary for unix ===

# of expected passes		2550

		=== libjava Summary ===

# of expected passes		5099
# of unexpected failures	1
		=== libmudflap tests ===


Running target unix/-m32
FAIL: libmudflap.cth/pass39-frag.c (rerun 3) execution test
FAIL: libmudflap.cth/pass39-frag.c (rerun 3) output pattern test
FAIL: libmudflap.cth/pass39-frag.c (-O2) (rerun 2) execution test
FAIL: libmudflap.cth/pass39-frag.c (-O2) (rerun 2) output pattern test

		=== libmudflap Summary for unix/-m32 ===

# of expected passes		1861
# of unexpected failures	4

Running target unix

		=== libmudflap Summary for unix ===

# of expected passes		1865

		=== libmudflap Summary ===

# of expected passes		3726
# of unexpected failures	4
		=== libstdc++ tests ===


Running target unix/-m32
XPASS: 26_numerics/headers/cmath/c99_classification_macros_c.cc (test for excess errors)

		=== libstdc++ Summary for unix/-m32 ===

# of expected passes		5687
# of unexpected successes	1
# of expected failures		73
# of unsupported tests		10

Running target unix
XPASS: 26_numerics/headers/cmath/c99_classification_macros_c.cc (test for excess errors)

		=== libstdc++ Summary for unix ===

# of expected passes		5687
# of unexpected successes	1
# of expected failures		73
# of unsupported tests		10

		=== libstdc++ Summary ===

# of expected passes		11374
# of unexpected successes	2
# of expected failures		146
# of unsupported tests		20

Compiler version: 4.4.0 20080506 (experimental) [stack revision 135014] (GCC) 
Platform: x86_64-unknown-linux-gnu
configure flags: --enable-clocale=gnu --with-system-zlib --with-demangler-in-ld --enable-shared --enable-threads=posix --enable-haifa --prefix=/usr/gcc-4.4-stack --with-local-prefix=/usr/local


Index Nav: [Date Index] [Subject Index] [Author Index] [Thread Index]
Message Nav: [Date Prev] [Date Next] [Thread Prev] [Thread Next]