This is the mail archive of the
gcc-testresults@gcc.gnu.org
mailing list for the GCC project.
Results for 4.4.020080505(experimental)[trunkrevision134945](GCC) testsuite on x86_64-unknown-linux-gnu
- From: guerby at gcc12 dot fsffrance dot org
- To: gcc-testresults at gcc dot gnu dot org
- Date: Mon, 05 May 2008 14:03:43 +0200
- Subject: Results for 4.4.020080505(experimental)[trunkrevision134945](GCC) testsuite on x86_64-unknown-linux-gnu
LAST_UPDATED: Mon May 5 08:34:56 UTC 2008 (revision 134945)
=== acats tests ===
FAIL: c940005
=== acats Summary ===
# of expected passes 2314
# of unexpected failures 1
Native configuration is x86_64-unknown-linux-gnu
=== gcc tests ===
Running target unix
FAIL: gcc.dg/tree-prof/pr34999.c compilation, -fprofile-use -D_PROFILE_USE
UNRESOLVED: gcc.dg/tree-prof/pr34999.c execution, -fprofile-use -D_PROFILE_USE
XPASS: gcc.dg/tree-ssa/ltrans-3.c scan-tree-dump-times ltrans "transformed loop" 1
=== gcc Summary ===
# of expected passes 49446
# of unexpected failures 1
# of unexpected successes 1
# of expected failures 168
# of unresolved testcases 1
# of untested testcases 35
# of unsupported tests 534
/home/guerby/build/gcc/xgcc version 4.4.0 20080505 (experimental) [trunk revision 134945] (GCC)
=== gfortran tests ===
Running target unix
=== gfortran Summary ===
# of expected passes 24669
# of expected failures 3
# of unsupported tests 34
/home/guerby/build/gcc/testsuite/gfortran/../../gfortran version 4.4.0 20080505 (experimental) [trunk revision 134945] (GCC)
=== g++ tests ===
Running target unix
FAIL: g++.dg/opt/pr30965.C scan-tree-dump-times optimized ";; Function" 2
=== g++ Summary ===
# of expected passes 17641
# of unexpected failures 1
# of expected failures 82
# of unsupported tests 121
/home/guerby/build/gcc/testsuite/g++/../../g++ version 4.4.0 20080505 (experimental) [trunk revision 134945] (GCC)
=== gnat tests ===
Running target unix
FAIL: gnat.dg/specs/tag2.ads (test for errors, line 13)
FAIL: gnat.dg/specs/tag2.ads (test for excess errors)
=== gnat Summary ===
# of expected passes 429
# of unexpected failures 2
# of expected failures 5
=== objc tests ===
Running target unix
=== objc Summary ===
# of expected passes 1814
# of expected failures 7
# of unsupported tests 24
/home/guerby/build/gcc/xgcc version 4.4.0 20080505 (experimental) [trunk revision 134945] (GCC)
=== libffi tests ===
Running target unix
=== libffi Summary ===
# of expected passes 1389
# of unsupported tests 10
=== libgomp tests ===
Running target unix
=== libgomp Summary ===
# of expected passes 1723
=== libjava tests ===
Running target unix
=== libjava Summary ===
# of expected passes 2550
=== libmudflap tests ===
Running target unix
WARNING: program timed out.
FAIL: libmudflap.cth/pass37-frag.c (rerun 2) execution test
FAIL: libmudflap.cth/pass37-frag.c (rerun 2) output pattern test
WARNING: program timed out.
FAIL: libmudflap.cth/pass37-frag.c (rerun 8) execution test
FAIL: libmudflap.cth/pass37-frag.c (rerun 8) output pattern test
WARNING: program timed out.
FAIL: libmudflap.cth/pass37-frag.c (rerun 9) execution test
FAIL: libmudflap.cth/pass37-frag.c (rerun 9) output pattern test
WARNING: program timed out.
FAIL: libmudflap.cth/pass37-frag.c (rerun 11) execution test
FAIL: libmudflap.cth/pass37-frag.c (rerun 11) output pattern test
WARNING: program timed out.
FAIL: libmudflap.cth/pass37-frag.c (rerun 13) execution test
FAIL: libmudflap.cth/pass37-frag.c (rerun 13) output pattern test
WARNING: program timed out.
FAIL: libmudflap.cth/pass37-frag.c (rerun 16) execution test
FAIL: libmudflap.cth/pass37-frag.c (rerun 16) output pattern test
WARNING: program timed out.
FAIL: libmudflap.cth/pass39-frag.c (rerun 2) execution test
FAIL: libmudflap.cth/pass39-frag.c (rerun 2) output pattern test
WARNING: program timed out.
FAIL: libmudflap.cth/pass37-frag.c (-static -DSTATIC) (rerun 5) execution test
FAIL: libmudflap.cth/pass37-frag.c (-static -DSTATIC) (rerun 5) output pattern test
WARNING: program timed out.
FAIL: libmudflap.cth/pass37-frag.c (-static -DSTATIC) (rerun 6) execution test
FAIL: libmudflap.cth/pass37-frag.c (-static -DSTATIC) (rerun 6) output pattern test
WARNING: program timed out.
FAIL: libmudflap.cth/pass37-frag.c (-static -DSTATIC) (rerun 8) execution test
FAIL: libmudflap.cth/pass37-frag.c (-static -DSTATIC) (rerun 8) output pattern test
WARNING: program timed out.
FAIL: libmudflap.cth/pass37-frag.c (-static -DSTATIC) (rerun 9) execution test
FAIL: libmudflap.cth/pass37-frag.c (-static -DSTATIC) (rerun 9) output pattern test
WARNING: program timed out.
FAIL: libmudflap.cth/pass37-frag.c (-static -DSTATIC) (rerun 14) execution test
FAIL: libmudflap.cth/pass37-frag.c (-static -DSTATIC) (rerun 14) output pattern test
WARNING: program timed out.
FAIL: libmudflap.cth/pass37-frag.c (-static -DSTATIC) (rerun 15) execution test
FAIL: libmudflap.cth/pass37-frag.c (-static -DSTATIC) (rerun 15) output pattern test
WARNING: program timed out.
FAIL: libmudflap.cth/pass37-frag.c (-static -DSTATIC) (rerun 16) execution test
FAIL: libmudflap.cth/pass37-frag.c (-static -DSTATIC) (rerun 16) output pattern test
WARNING: program timed out.
FAIL: libmudflap.cth/pass39-frag.c (-O2) (rerun 10) execution test
FAIL: libmudflap.cth/pass39-frag.c (-O2) (rerun 10) output pattern test
WARNING: program timed out.
FAIL: libmudflap.cth/pass39-frag.c (-O2) (rerun 11) execution test
FAIL: libmudflap.cth/pass39-frag.c (-O2) (rerun 11) output pattern test
=== libmudflap Summary ===
# of expected passes 1833
# of unexpected failures 32
=== libstdc++ tests ===
Running target unix
FAIL: abi_check
XPASS: 26_numerics/headers/cmath/c99_classification_macros_c.cc (test for excess errors)
=== libstdc++ Summary ===
# of expected passes 5053
# of unexpected failures 1
# of unexpected successes 1
# of expected failures 73
# of unsupported tests 326
Compiler version: 4.4.020080505(experimental)[trunkrevision134945](GCC)
Platform: x86_64-unknown-linux-gnu
configure flags: --prefix=/n/04/guerby/install-trunk --enable-languages=all,ada --enable-__cxa_atexit --disable-nls --enable-threads=posix --disable-multilib --with-mpfr=/opt/cfarm/mpfr-2.3.1