This is the mail archive of the
gcc-testresults@gcc.gnu.org
mailing list for the GCC project.
Results for 4.4.0 20080504 (experimental) (GCC) gcc testsuite on sparc-sun-solaris2.10
- From: rkiesling <rkiesling at earthlink dot net>
- To: g6522c at earthlink dot net, gcc-testresults at gcc dot gnu dot org
- Date: Sun, 04 May 2008 19:28:04 -0400
- Subject: Results for 4.4.0 20080504 (experimental) (GCC) gcc testsuite on sparc-sun-solaris2.10
Tests conducted by Robert Kiesling <ctalk@ctalklang.org>
Output of date: Sun May 4 18:51:37 EDT 2008
Output of uname -a: SunOS holly 5.10 Generic_120011-14 sun4u sparc SUNW,Sun-Blade-100
LAST_UPDATED:
Native configuration is sparc-sun-solaris2.10
=== gcc tests ===
Running target unix
WARNING: program timed out.
FAIL: gcc.c-torture/compile/limits-fnargs.c -O2 (test for excess errors)
WARNING: program timed out.
ERROR: tcl error sourcing /export/home/gccb/gcc-svn-4.4.0/gcc/testsuite/gcc.c-torture/compile/compile.exp.
ERROR: couldn't fork child process: resource temporarily unavailable
FAIL: gcc.c-torture/execute/builtins/20010124-1.c compilation, -O0
UNRESOLVED: gcc.c-torture/execute/builtins/20010124-1.c execution, -O0
FAIL: gcc.c-torture/execute/builtins/20010124-1.c compilation, -O1
UNRESOLVED: gcc.c-torture/execute/builtins/20010124-1.c execution, -O1
FAIL: gcc.c-torture/execute/builtins/20010124-1.c compilation, -O2
UNRESOLVED: gcc.c-torture/execute/builtins/20010124-1.c execution, -O2
FAIL: gcc.c-torture/execute/builtins/20010124-1.c compilation, -O3 -fomit-frame-pointer
UNRESOLVED: gcc.c-torture/execute/builtins/20010124-1.c execution, -O3 -fomit-frame-pointer
FAIL: gcc.c-torture/execute/builtins/20010124-1.c compilation, -O3 -g
UNRESOLVED: gcc.c-torture/execute/builtins/20010124-1.c execution, -O3 -g
FAIL: gcc.c-torture/execute/builtins/20010124-1.c compilation, -Os
UNRESOLVED: gcc.c-torture/execute/builtins/20010124-1.c execution, -Os
FAIL: gcc.c-torture/execute/builtins/abs-1.c compilation, -O0
UNRESOLVED: gcc.c-torture/execute/builtins/abs-1.c execution, -O0
FAIL: gcc.c-torture/execute/builtins/abs-1.c compilation, -O1
UNRESOLVED: gcc.c-torture/execute/builtins/abs-1.c execution, -O1
FAIL: gcc.c-torture/execute/builtins/abs-1.c compilation, -O2
UNRESOLVED: gcc.c-torture/execute/builtins/abs-1.c execution, -O2
FAIL: gcc.c-torture/execute/20040709-2.c execution, -O1
FAIL: gcc.c-torture/execute/20040709-2.c execution, -O2
FAIL: gcc.c-torture/execute/20040709-2.c execution, -O3 -fomit-frame-pointer
FAIL: gcc.c-torture/execute/20040709-2.c execution, -O3 -fomit-frame-pointer -funroll-loops
FAIL: gcc.c-torture/execute/20040709-2.c execution, -O3 -fomit-frame-pointer -funroll-all-loops -finline-functions
FAIL: gcc.c-torture/execute/20040709-2.c execution, -O3 -g
FAIL: gcc.c-torture/execute/va-arg-pack-1.c compilation, -O0
UNRESOLVED: gcc.c-torture/execute/va-arg-pack-1.c execution, -O0
FAIL: gcc.dg/cpp/cmdlne-dU-16.c (internal compiler error)
FAIL: gcc.dg/cpp/cmdlne-dU-16.c (test for excess errors)
ERROR: gcc.dg/cpp/cmdlne-dU-16.c: error executing dg-final: couldn't open "cmdlne-dU-16.i": no such file or directory
UNRESOLVED: gcc.dg/cpp/cmdlne-dU-16.c: error executing dg-final: couldn't open "cmdlne-dU-16.i": no such file or directory
FAIL: gcc.dg/cpp/cmdlne-dU-17.c (internal compiler error)
FAIL: gcc.dg/cpp/cmdlne-dU-17.c (test for excess errors)
ERROR: gcc.dg/cpp/cmdlne-dU-17.c: error executing dg-final: couldn't open "cmdlne-dU-17.i": no such file or directory
UNRESOLVED: gcc.dg/cpp/cmdlne-dU-17.c: error executing dg-final: couldn't open "cmdlne-dU-17.i": no such file or directory
ERROR: gcc.dg/debug/dwarf2/dwarf-float.c: error executing dg-final: couldn't open "dwarf-float.s": no such file or directory
UNRESOLVED: gcc.dg/debug/dwarf2/dwarf-float.c: error executing dg-final: couldn't open "dwarf-float.s": no such file or directory
FAIL: gcc.dg/attr-alwaysinline.c scan-assembler-not sabrina
ERROR: gcc.dg/fold-overflow-1.c: error executing dg-final: couldn't open "fold-overflow-1.s": no such file or directory
UNRESOLVED: gcc.dg/fold-overflow-1.c: error executing dg-final: couldn't open "fold-overflow-1.s": no such file or directory
ERROR: gcc.dg/inline-3.c: error executing dg-final: couldn't open "inline-3.s": no such file or directory
UNRESOLVED: gcc.dg/inline-3.c: error executing dg-final: couldn't open "inline-3.s": no such file or directory
ERROR: gcc.dg/nrv2.c: error executing dg-final: couldn't open "nrv2.s": no such file or directory
UNRESOLVED: gcc.dg/nrv2.c: error executing dg-final: couldn't open "nrv2.s": no such file or directory
ERROR: gcc.dg/pr25376.c: error executing dg-final: couldn't open "pr25376.s": no such file or directory
UNRESOLVED: gcc.dg/pr25376.c: error executing dg-final: couldn't open "pr25376.s": no such file or directory
ERROR: gcc.dg/pr28402.c: error executing dg-final: couldn't open "pr28402.s": no such file or directory
UNRESOLVED: gcc.dg/pr28402.c: error executing dg-final: couldn't open "pr28402.s": no such file or directory
FAIL: gcc.dg/pr35729.c scan-rtl-dump-times loop2_invariant "Decided to move invariant" 0
FAIL: gcc.dg/pragma-align-2.c (test for errors, line 22)
FAIL: gcc.dg/pragma-align-2.c (test for errors, line 23)
FAIL: gcc.dg/pragma-align-2.c (test for errors, line 24)
FAIL: gcc.dg/pragma-align-2.c (test for errors, line 25)
FAIL: gcc.dg/pragma-align-2.c (test for errors, line 26)
FAIL: gcc.dg/pragma-align-2.c (test for errors, line 30)
FAIL: gcc.dg/pragma-align-2.c (test for excess errors)
FAIL: gcc.dg/pragma-init-fini.c (test for errors, line 7)
FAIL: gcc.dg/pragma-init-fini.c (test for errors, line 8)
FAIL: gcc.dg/pragma-init-fini.c (test for errors, line 9)
FAIL: gcc.dg/pragma-init-fini.c (test for errors, line 11)
FAIL: gcc.dg/pragma-init-fini.c (test for errors, line 12)
FAIL: gcc.dg/pragma-init-fini.c (test for errors, line 13)
FAIL: gcc.dg/pragma-init-fini.c (test for excess errors)
ERROR: gcc.dg/section1.c: error executing dg-final: couldn't open "section1.s": no such file or directory
UNRESOLVED: gcc.dg/section1.c: error executing dg-final: couldn't open "section1.s": no such file or directory
WARNING: gcc.dg/ucnid-2.c compilation failed to produce executable
WARNING: gcc.dg/ucnid-3.c compilation failed to produce executable
WARNING: gcc.dg/ucnid-4.c compilation failed to produce executable
FAIL: gcc.dg/ucnid-6.c (test for excess errors)
FAIL: gcc.dg/winline-4.c (test for warnings, line 4)
FAIL: gcc.dg/winline-4.c (test for warnings, line 7)
FAIL: gcc.dg/format/cmn-err-1.c (test for errors, line 31)
FAIL: gcc.dg/format/cmn-err-1.c (test for errors, line 32)
FAIL: gcc.dg/format/cmn-err-1.c (test for errors, line 33)
FAIL: gcc.dg/format/cmn-err-1.c (test for errors, line 34)
FAIL: gcc.dg/format/cmn-err-1.c (test for errors, line 35)
FAIL: gcc.dg/format/cmn-err-1.c (test for errors, line 36)
FAIL: gcc.dg/format/cmn-err-1.c (test for excess errors)
FAIL: gcc.dg/format/cmn-err-1.c -DWIDE (test for errors, line 31)
FAIL: gcc.dg/format/cmn-err-1.c -DWIDE (test for errors, line 32)
FAIL: gcc.dg/format/cmn-err-1.c -DWIDE (test for errors, line 33)
FAIL: gcc.dg/format/cmn-err-1.c -DWIDE (test for errors, line 34)
FAIL: gcc.dg/format/cmn-err-1.c -DWIDE (test for errors, line 35)
FAIL: gcc.dg/format/cmn-err-1.c -DWIDE (test for errors, line 36)
FAIL: gcc.dg/format/cmn-err-1.c -DWIDE (test for excess errors)
FAIL: gcc.dg/torture/nested-fn-1.c -O0 scan-assembler-not should_not_appear
XPASS: gcc.dg/tree-ssa/ltrans-3.c scan-tree-dump-times ltrans "transformed loop" 1
FAIL: gcc.dg/vect/vect-35.c scan-tree-dump-times vect "vectorized 1 loops" 1
FAIL: gcc.dg/vect/vect-multitypes-5.c scan-tree-dump-times vect "vectorized 1 loops" 1
FAIL: gcc.dg/vect/vect-multitypes-6.c scan-tree-dump-times vect "vectorized 1 loops" 1
FAIL: gcc.dg/vect/vect-outer-5.c scan-tree-dump-times vect "OUTER LOOP VECTORIZED" 1
FAIL: gcc.dg/vect/vect-outer-6.c scan-tree-dump-times vect "OUTER LOOP VECTORIZED" 1
FAIL: gcc.dg/vect/vect-outer-6.c scan-tree-dump-times vect "zero step in outer loop." 1
FAIL: gcc.dg/vect/no-vfa-pr29145.c scan-tree-dump-times vect "vectorized 0 loops" 2
FAIL: gcc.dg/vect/no-vfa-pr29145.c scan-tree-dump-times vect "vectorized 1 loops" 1
FAIL: gcc.dg/vect/O3-vect-pr34223.c scan-tree-dump-times vect "vectorized 1 loops" 1
FAIL: gcc.target/sparc/pdist-3.c (internal compiler error)
FAIL: gcc.target/sparc/pdist-3.c (test for excess errors)
WARNING: gcc.target/sparc/pdist-3.c compilation failed to produce executable
=== gcc Summary ===
# of expected passes 45472
# of unexpected failures 66
# of unexpected successes 1
# of expected failures 204
# of unresolved testcases 19
# of untested testcases 35
# of unsupported tests 585
/export/home/gccb/gcc-build/gcc/xgcc version 4.4.0 20080504 (experimental) (GCC)
Compiler version: 4.4.0 20080504 (experimental) (GCC) gcc
Platform: sparc-sun-solaris2.10
configure flags: --prefix=/usr/local/gcc-4.4.0 --enable-languages=c --disable-multilib