This is the mail archive of the
gcc-testresults@gcc.gnu.org
mailing list for the GCC project.
Results for 4.4.0 20080426 (experimental) [trunk revision 134717] (GCC) gcc testsuite on mips-unknown-elf
- From: Mike Stein <mstein dot lists at googlemail dot com>
- To: gcc-testresults at gcc dot gnu dot org
- Date: Mon, 28 Apr 2008 23:50:05 +0200
- Subject: Results for 4.4.0 20080426 (experimental) [trunk revision 134717] (GCC) gcc testsuite on mips-unknown-elf
- Reply-to: gcc at gcc dot gnu dot org
Debian 4 on x86_64
cross tool versions:
GNU assembler (GNU Binutils) 2.18.50.20080426
GNU gdb 6.8.50.20080426-cvs
GNU ld (GNU Binutils) 2.18.50.20080426
GNU Make 3.81
expect version 5.43.0
host gcc version: gcc (GCC) 4.1.2 20061115 (prerelease) (Debian 4.1.1-21)
LAST_UPDATED: Sat Apr 26 22:02:35 UTC 2008 (revision 134717)
Target is mips-unknown-elf
Host is x86_64-unknown-linux-gnu
=== gcc tests ===
Running target mips-sim
FAIL: gcc.c-torture/compile/limits-structnest.c -O2 (test for excess errors)
FAIL: gcc.c-torture/compile/limits-structnest.c -O3 -fomit-frame-pointer (test for excess errors)
FAIL: gcc.c-torture/compile/limits-structnest.c -O3 -g (test for excess errors)
FAIL: gcc.c-torture/compile/limits-structnest.c -Os (test for excess errors)
FAIL: gcc.c-torture/compile/pr11832.c -O0 (internal compiler error)
FAIL: gcc.c-torture/compile/pr11832.c -O0 (test for excess errors)
FAIL: gcc.c-torture/compile/pr11832.c -O1 (internal compiler error)
FAIL: gcc.c-torture/compile/pr11832.c -O1 (test for excess errors)
FAIL: gcc.c-torture/compile/pr11832.c -O2 (internal compiler error)
FAIL: gcc.c-torture/compile/pr11832.c -O2 (test for excess errors)
FAIL: gcc.c-torture/compile/pr11832.c -O3 -fomit-frame-pointer (internal compiler error)
FAIL: gcc.c-torture/compile/pr11832.c -O3 -fomit-frame-pointer (test for excess errors)
FAIL: gcc.c-torture/compile/pr11832.c -O3 -g (internal compiler error)
FAIL: gcc.c-torture/compile/pr11832.c -O3 -g (test for excess errors)
FAIL: gcc.c-torture/compile/pr11832.c -Os (internal compiler error)
FAIL: gcc.c-torture/compile/pr11832.c -Os (test for excess errors)
FAIL: gcc.c-torture/compile/pr33009.c -O0 (internal compiler error)
FAIL: gcc.c-torture/compile/pr33009.c -O0 (test for excess errors)
FAIL: gcc.c-torture/compile/pr33009.c -O1 (internal compiler error)
FAIL: gcc.c-torture/compile/pr33009.c -O1 (test for excess errors)
FAIL: gcc.c-torture/compile/pr33009.c -O2 (internal compiler error)
FAIL: gcc.c-torture/compile/pr33009.c -O2 (test for excess errors)
FAIL: gcc.c-torture/compile/pr33009.c -O3 -fomit-frame-pointer (internal compiler error)
FAIL: gcc.c-torture/compile/pr33009.c -O3 -fomit-frame-pointer (test for excess errors)
FAIL: gcc.c-torture/compile/pr33009.c -O3 -fomit-frame-pointer -funroll-loops (internal compiler error)
FAIL: gcc.c-torture/compile/pr33009.c -O3 -fomit-frame-pointer -funroll-loops (test for excess errors)
FAIL: gcc.c-torture/compile/pr33009.c -O3 -fomit-frame-pointer -funroll-all-loops -finline-functions (internal compiler error)
FAIL: gcc.c-torture/compile/pr33009.c -O3 -fomit-frame-pointer -funroll-all-loops -finline-functions (test for excess errors)
FAIL: gcc.c-torture/compile/pr33009.c -O3 -g (internal compiler error)
FAIL: gcc.c-torture/compile/pr33009.c -O3 -g (test for excess errors)
FAIL: gcc.c-torture/compile/pr33009.c -Os (internal compiler error)
FAIL: gcc.c-torture/compile/pr33009.c -Os (test for excess errors)
FAIL: gcc.c-torture/execute/20040709-2.c execution, -O1
FAIL: gcc.c-torture/execute/20040709-2.c execution, -O2
FAIL: gcc.c-torture/execute/20040709-2.c execution, -O3 -fomit-frame-pointer
FAIL: gcc.c-torture/execute/20040709-2.c execution, -O3 -fomit-frame-pointer -funroll-loops
FAIL: gcc.c-torture/execute/20040709-2.c execution, -O3 -fomit-frame-pointer -funroll-all-loops -finline-functions
FAIL: gcc.c-torture/execute/20040709-2.c execution, -O3 -g
FAIL: gcc.c-torture/execute/20040709-2.c execution, -Os
FAIL: gcc.dg/fixed-point/allconv.c (internal compiler error)
FAIL: gcc.dg/fixed-point/allconv.c (test for excess errors)
FAIL: gcc.dg/fixed-point/binary.c (internal compiler error)
FAIL: gcc.dg/fixed-point/binary.c (test for excess errors)
UNRESOLVED: gcc.dg/fixed-point/binary.c compilation failed to produce executable
FAIL: gcc.dg/fixed-point/call-by-value.c (internal compiler error)
FAIL: gcc.dg/fixed-point/call-by-value.c (test for excess errors)
UNRESOLVED: gcc.dg/fixed-point/call-by-value.c compilation failed to produce executable
FAIL: gcc.dg/fixed-point/convert.c (internal compiler error)
FAIL: gcc.dg/fixed-point/convert.c (test for excess errors)
UNRESOLVED: gcc.dg/fixed-point/convert.c compilation failed to produce executable
FAIL: gcc.dg/fixed-point/func-array.c (internal compiler error)
FAIL: gcc.dg/fixed-point/func-array.c (test for excess errors)
UNRESOLVED: gcc.dg/fixed-point/func-array.c compilation failed to produce executable
FAIL: gcc.dg/fixed-point/func-mixed.c (internal compiler error)
FAIL: gcc.dg/fixed-point/func-mixed.c (test for excess errors)
UNRESOLVED: gcc.dg/fixed-point/func-mixed.c compilation failed to produce executable
FAIL: gcc.dg/fixed-point/func-scalar.c (internal compiler error)
FAIL: gcc.dg/fixed-point/func-scalar.c (test for excess errors)
UNRESOLVED: gcc.dg/fixed-point/func-scalar.c compilation failed to produce executable
FAIL: gcc.dg/fixed-point/func-struct.c (internal compiler error)
FAIL: gcc.dg/fixed-point/func-struct.c (test for excess errors)
UNRESOLVED: gcc.dg/fixed-point/func-struct.c compilation failed to produce executable
FAIL: gcc.dg/fixed-point/func-vararg-mixed.c (internal compiler error)
FAIL: gcc.dg/fixed-point/func-vararg-mixed.c (test for excess errors)
UNRESOLVED: gcc.dg/fixed-point/func-vararg-mixed.c compilation failed to produce executable
FAIL: gcc.dg/fixed-point/func-vararg.c (internal compiler error)
FAIL: gcc.dg/fixed-point/func-vararg.c (test for excess errors)
UNRESOLVED: gcc.dg/fixed-point/func-vararg.c compilation failed to produce executable
FAIL: gcc.dg/fixed-point/loop-index.c (internal compiler error)
FAIL: gcc.dg/fixed-point/loop-index.c (test for excess errors)
UNRESOLVED: gcc.dg/fixed-point/loop-index.c compilation failed to produce executable
FAIL: gcc.dg/fixed-point/unary.c (internal compiler error)
FAIL: gcc.dg/fixed-point/unary.c (test for excess errors)
UNRESOLVED: gcc.dg/fixed-point/unary.c compilation failed to produce executable
XPASS: gcc.dg/tree-ssa/ltrans-3.c scan-tree-dump-times ltrans "transformed loop" 1
FAIL: gcc.target/mips/dpaq_sa_l_w.c (internal compiler error)
FAIL: gcc.target/mips/dpaq_sa_l_w.c (test for excess errors)
ERROR: gcc.target/mips/dpaq_sa_l_w.c: error executing dg-final: couldn't open "dpaq_sa_l_w.s": no such file or directory
UNRESOLVED: gcc.target/mips/dpaq_sa_l_w.c: error executing dg-final: couldn't open "dpaq_sa_l_w.s": no such file or directory
FAIL: gcc.target/mips/dpsq_sa_l_w.c (internal compiler error)
FAIL: gcc.target/mips/dpsq_sa_l_w.c (test for excess errors)
ERROR: gcc.target/mips/dpsq_sa_l_w.c: error executing dg-final: couldn't open "dpsq_sa_l_w.s": no such file or directory
UNRESOLVED: gcc.target/mips/dpsq_sa_l_w.c: error executing dg-final: couldn't open "dpsq_sa_l_w.s": no such file or directory
=== gcc Summary ===
# of expected passes 47043
# of unexpected failures 67
# of unexpected successes 1
# of expected failures 85
# of unresolved testcases 13
# of untested testcases 35
# of unsupported tests 495
/home/mstein/sim/trunk/mips-elf/build/gcc/xgcc version 4.4.0 20080426 (experimental) [trunk revision 134717] (GCC)
Compiler version: 4.4.0 20080426 (experimental) [trunk revision 134717] (GCC) gcc
Platform: mips-unknown-elf
configure flags: --target=mips-elf --prefix=/home/mstein/cross-local/mips-elf --enable-languages=c --disable-nls --disable-build-warnings --with-ld=/home/mstein/cross-local/mips-elf/bin/mips-elf-ld --with-as=/home/mstein/cross-local/mips-elf/bin/mips-elf-as --disable-libssp --with-mpfr=/opt/cfarm/mpfr-2.3.1