This is the mail archive of the
gcc-testresults@gcc.gnu.org
mailing list for the GCC project.
Results for 4.4.0 20080419 (experimental) (GCC) testsuite on x86_64-pc-mingw32
- From: nightstrike at gcc14 dot fsffrance dot org
- To: gcc-testresults at gcc dot gnu dot org
- Cc: nightstrike at gmail dot com
- Date: Tue, 22 Apr 2008 10:59:27 +0200
- Subject: Results for 4.4.0 20080419 (experimental) (GCC) testsuite on x86_64-pc-mingw32
LAST_UPDATED:
Target is x86_64-pc-mingw32
Host is x86_64-unknown-linux-gnu
=== gcc tests ===
Running target mingw
FAIL: gcc.c-torture/compile/20010327-1.c -O0 (test for excess errors)
FAIL: gcc.c-torture/compile/20010327-1.c -O1 (test for excess errors)
FAIL: gcc.c-torture/compile/20010327-1.c -O2 (test for excess errors)
FAIL: gcc.c-torture/compile/20010327-1.c -O3 -fomit-frame-pointer (test for excess errors)
FAIL: gcc.c-torture/compile/20010327-1.c -O3 -g (test for excess errors)
FAIL: gcc.c-torture/compile/20010327-1.c -Os (test for excess errors)
WARNING: program timed out.
WARNING: program timed out.
FAIL: gcc.c-torture/execute/20021120-2.c execution, -O0
WARNING: program timed out.
UNRESOLVED: gcc.c-torture/execute/20021120-3.c execution, -Os
WARNING: program timed out.
FAIL: gcc.c-torture/execute/20050713-1.c execution, -O2
UNRESOLVED: gcc.c-torture/execute/951204-1.c execution, -O0
FAIL: gcc.c-torture/execute/991014-1.c compilation, -O0
UNRESOLVED: gcc.c-torture/execute/991014-1.c execution, -O0
FAIL: gcc.c-torture/execute/991014-1.c compilation, -O1
UNRESOLVED: gcc.c-torture/execute/991014-1.c execution, -O1
FAIL: gcc.c-torture/execute/991014-1.c compilation, -O2
UNRESOLVED: gcc.c-torture/execute/991014-1.c execution, -O2
FAIL: gcc.c-torture/execute/991014-1.c compilation, -O3 -fomit-frame-pointer
UNRESOLVED: gcc.c-torture/execute/991014-1.c execution, -O3 -fomit-frame-pointer
FAIL: gcc.c-torture/execute/991014-1.c compilation, -O3 -g
UNRESOLVED: gcc.c-torture/execute/991014-1.c execution, -O3 -g
FAIL: gcc.c-torture/execute/991014-1.c compilation, -Os
UNRESOLVED: gcc.c-torture/execute/991014-1.c execution, -Os
FAIL: gcc.c-torture/execute/conversion.c execution, -O0
FAIL: gcc.c-torture/execute/conversion.c execution, -O1
WARNING: program timed out.
FAIL: gcc.c-torture/execute/ieee/inf-2.c execution, -O2
WARNING: program timed out.
FAIL: gcc.dg/20020919-1.c (test for excess errors)
FAIL: gcc.dg/alias-7.c execution test
FAIL: gcc.dg/array-quals-1.c scan-assembler-not \\\\.data(?!\\\\.rel\\\\.ro)
FAIL: gcc.dg/builtins-12.c (test for excess errors)
ERROR: gcc.dg/builtins-12.c: error executing dg-final: couldn't open "builtins-12.s": no such file or directory
UNRESOLVED: gcc.dg/builtins-12.c: error executing dg-final: couldn't open "builtins-12.s": no such file or directory
FAIL: gcc.dg/builtins-13.c (test for excess errors)
FAIL: gcc.dg/c90-const-expr-2.c (test for excess errors)
FAIL: gcc.dg/c99-const-expr-2.c (test for excess errors)
FAIL: gcc.dg/ia64-sync-1.c (test for excess errors)
UNRESOLVED: gcc.dg/ia64-sync-1.c compilation failed to produce executable
FAIL: gcc.dg/ia64-sync-2.c (test for excess errors)
UNRESOLVED: gcc.dg/ia64-sync-2.c compilation failed to produce executable
FAIL: gcc.dg/ia64-sync-3.c (test for excess errors)
UNRESOLVED: gcc.dg/ia64-sync-3.c compilation failed to produce executable
FAIL: gcc.dg/large-size-array-2.c (test for errors, line 6)
FAIL: gcc.dg/large-size-array-3.c (test for errors, line 19)
FAIL: gcc.dg/large-size-array-4.c (test for errors, line 6)
FAIL: gcc.dg/large-size-array.c (test for errors, line 19)
FAIL: gcc.dg/max-1.c (test for excess errors)
FAIL: gcc.dg/pr22356-1.c (internal compiler error)
FAIL: gcc.dg/pr22356-1.c (test for excess errors)
FAIL: gcc.dg/pr25682.c (test for excess errors)
ERROR: gcc.dg/pr30957-1.c: no files matched glob pattern "hard_float2433.c.[0-9][0-9][0-9]r.expand" for " dg-require-effective-target 8 hard_float "
UNRESOLVED: gcc.dg/pr30957-1.c: no files matched glob pattern "hard_float2433.c.[0-9][0-9][0-9]r.expand" for " dg-require-effective-target 8 hard_float "
FAIL: gcc.dg/pr32370.c (internal compiler error)
FAIL: gcc.dg/pr32370.c (test for errors, line 16)
FAIL: gcc.dg/pr32370.c (test for excess errors)
FAIL: gcc.dg/pr33694.c (test for excess errors)
FAIL: gcc.dg/profile-dir-1.c scan-assembler "./profile-dir-1.gcda"
FAIL: gcc.dg/profile-dir-3.c scan-assembler "./profile-dir-3.gcda"
FAIL: gcc.dg/sync-2.c (test for excess errors)
UNRESOLVED: gcc.dg/sync-2.c compilation failed to produce executable
FAIL: gcc.dg/utf16-4.c (test for warnings, line 18)
FAIL: gcc.dg/utf16-4.c (test for excess errors)
FAIL: gcc.dg/utf32-4.c (test for excess errors)
ERROR: gcc.dg/var-expand1.c: can't read "et_cache(hard_float,value)": no such element in array for " dg-require-effective-target 4 hard_float "
UNRESOLVED: gcc.dg/var-expand1.c: can't read "et_cache(hard_float,value)": no such element in array for " dg-require-effective-target 4 hard_float "
FAIL: gcc.dg/matrix/transpose-1.c execution: file transpose-1.gcda does not exist, -fprofile-generate -O3
UNRESOLVED: gcc.dg/matrix/transpose-1.c compilation, -fprofile-use -fipa-matrix-reorg -fdump-ipa-matrix-reorg -O3 -fwhole-program -combine
UNRESOLVED: gcc.dg/matrix/transpose-1.c execution, -fprofile-use -fipa-matrix-reorg -fdump-ipa-matrix-reorg -O3 -fwhole-program -combine
FAIL: gcc.dg/matrix/transpose-2.c execution: file transpose-2.gcda does not exist, -fprofile-generate -O3
UNRESOLVED: gcc.dg/matrix/transpose-2.c compilation, -fprofile-use -fipa-matrix-reorg -fdump-ipa-matrix-reorg -O3 -fwhole-program -combine
UNRESOLVED: gcc.dg/matrix/transpose-2.c execution, -fprofile-use -fipa-matrix-reorg -fdump-ipa-matrix-reorg -O3 -fwhole-program -combine
FAIL: gcc.dg/matrix/transpose-3.c execution: file transpose-3.gcda does not exist, -fprofile-generate -O3
UNRESOLVED: gcc.dg/matrix/transpose-3.c compilation, -fprofile-use -fipa-matrix-reorg -fdump-ipa-matrix-reorg -O3 -fwhole-program -combine
UNRESOLVED: gcc.dg/matrix/transpose-3.c execution, -fprofile-use -fipa-matrix-reorg -fdump-ipa-matrix-reorg -O3 -fwhole-program -combine
FAIL: gcc.dg/matrix/transpose-4.c execution: file transpose-4.gcda does not exist, -fprofile-generate -O3
UNRESOLVED: gcc.dg/matrix/transpose-4.c compilation, -fprofile-use -fipa-matrix-reorg -fdump-ipa-matrix-reorg -O3 -fwhole-program -combine
UNRESOLVED: gcc.dg/matrix/transpose-4.c execution, -fprofile-use -fipa-matrix-reorg -fdump-ipa-matrix-reorg -O3 -fwhole-program -combine
FAIL: gcc.dg/matrix/transpose-5.c execution: file transpose-5.gcda does not exist, -fprofile-generate -O3
UNRESOLVED: gcc.dg/matrix/transpose-5.c compilation, -fprofile-use -fipa-matrix-reorg -fdump-ipa-matrix-reorg -O3 -fwhole-program -combine
UNRESOLVED: gcc.dg/matrix/transpose-5.c execution, -fprofile-use -fipa-matrix-reorg -fdump-ipa-matrix-reorg -O3 -fwhole-program -combine
FAIL: gcc.dg/matrix/transpose-6.c execution: file transpose-6.gcda does not exist, -fprofile-generate -O3
UNRESOLVED: gcc.dg/matrix/transpose-6.c compilation, -fprofile-use -fipa-matrix-reorg -fdump-ipa-matrix-reorg -O3 -fwhole-program -combine
UNRESOLVED: gcc.dg/matrix/transpose-6.c execution, -fprofile-use -fipa-matrix-reorg -fdump-ipa-matrix-reorg -O3 -fwhole-program -combine
FAIL: gcc.dg/struct/wo_prof_malloc_size_var.c execution test
FAIL: gcc.dg/struct/w_prof_global_array.c execution: file w_prof_global_array.gcda does not exist, -O3 -fwhole-program -combine -fipa-type-escape -fprofile-generate
UNRESOLVED: gcc.dg/struct/w_prof_global_array.c compilation, -O3 -fwhole-program -combine -fipa-type-escape -fprofile-use -fipa-struct-reorg -fdump-ipa-all
UNRESOLVED: gcc.dg/struct/w_prof_global_array.c execution, -O3 -fwhole-program -combine -fipa-type-escape -fprofile-use -fipa-struct-reorg -fdump-ipa-all
FAIL: gcc.dg/struct/w_prof_global_var.c execution: file w_prof_global_var.gcda does not exist, -O3 -fwhole-program -combine -fipa-type-escape -fprofile-generate
UNRESOLVED: gcc.dg/struct/w_prof_global_var.c compilation, -O3 -fwhole-program -combine -fipa-type-escape -fprofile-use -fipa-struct-reorg -fdump-ipa-all
UNRESOLVED: gcc.dg/struct/w_prof_global_var.c execution, -O3 -fwhole-program -combine -fipa-type-escape -fprofile-use -fipa-struct-reorg -fdump-ipa-all
FAIL: gcc.dg/struct/w_prof_local_array.c execution: file w_prof_local_array.gcda does not exist, -O3 -fwhole-program -combine -fipa-type-escape -fprofile-generate
UNRESOLVED: gcc.dg/struct/w_prof_local_array.c compilation, -O3 -fwhole-program -combine -fipa-type-escape -fprofile-use -fipa-struct-reorg -fdump-ipa-all
UNRESOLVED: gcc.dg/struct/w_prof_local_array.c execution, -O3 -fwhole-program -combine -fipa-type-escape -fprofile-use -fipa-struct-reorg -fdump-ipa-all
FAIL: gcc.dg/struct/w_prof_local_var.c execution: file w_prof_local_var.gcda does not exist, -O3 -fwhole-program -combine -fipa-type-escape -fprofile-generate
UNRESOLVED: gcc.dg/struct/w_prof_local_var.c compilation, -O3 -fwhole-program -combine -fipa-type-escape -fprofile-use -fipa-struct-reorg -fdump-ipa-all
UNRESOLVED: gcc.dg/struct/w_prof_local_var.c execution, -O3 -fwhole-program -combine -fipa-type-escape -fprofile-use -fipa-struct-reorg -fdump-ipa-all
FAIL: gcc.dg/struct/w_prof_single_str_global.c execution: file w_prof_single_str_global.gcda does not exist, -O3 -fwhole-program -combine -fipa-type-escape -fprofile-generate
UNRESOLVED: gcc.dg/struct/w_prof_single_str_global.c compilation, -O3 -fwhole-program -combine -fipa-type-escape -fprofile-use -fipa-struct-reorg -fdump-ipa-all
UNRESOLVED: gcc.dg/struct/w_prof_single_str_global.c execution, -O3 -fwhole-program -combine -fipa-type-escape -fprofile-use -fipa-struct-reorg -fdump-ipa-all
FAIL: gcc.dg/struct/w_prof_two_strs.c execution: file w_prof_two_strs.gcda does not exist, -O3 -fwhole-program -combine -fipa-type-escape -fprofile-generate
UNRESOLVED: gcc.dg/struct/w_prof_two_strs.c compilation, -O3 -fwhole-program -combine -fipa-type-escape -fprofile-use -fipa-struct-reorg -fdump-ipa-all
UNRESOLVED: gcc.dg/struct/w_prof_two_strs.c execution, -O3 -fwhole-program -combine -fipa-type-escape -fprofile-use -fipa-struct-reorg -fdump-ipa-all
FAIL: gcc.dg/struct/w_ratio_cold_str.c execution: file w_ratio_cold_str.gcda does not exist, -O3 -fwhole-program -combine -fipa-type-escape -fprofile-generate
UNRESOLVED: gcc.dg/struct/w_ratio_cold_str.c compilation, -O3 -fwhole-program -combine -fipa-type-escape -fprofile-use -fipa-struct-reorg -fdump-ipa-all --param struct-reorg-cold-struct-ratio=30
UNRESOLVED: gcc.dg/struct/w_ratio_cold_str.c execution, -O3 -fwhole-program -combine -fipa-type-escape -fprofile-use -fipa-struct-reorg -fdump-ipa-all --param struct-reorg-cold-struct-ratio=30
FAIL: gcc.dg/tls/opt-11.c (test for excess errors)
UNRESOLVED: gcc.dg/tls/opt-11.c compilation failed to produce executable
FAIL: gcc.dg/torture/fp-int-convert-float80-timode.c -O0 execution test
FAIL: gcc.dg/torture/fp-int-convert-float80-timode.c -O1 execution test
FAIL: gcc.dg/torture/fp-int-convert-float80-timode.c -O2 execution test
FAIL: gcc.dg/torture/fp-int-convert-float80-timode.c -O3 -fomit-frame-pointer execution test
FAIL: gcc.dg/torture/fp-int-convert-float80-timode.c -O3 -g execution test
FAIL: gcc.dg/torture/fp-int-convert-float80-timode.c -Os execution test
FAIL: gcc.dg/torture/fp-int-convert-float80.c -O0 execution test
FAIL: gcc.dg/torture/fp-int-convert-float80.c -O1 execution test
FAIL: gcc.dg/torture/fp-int-convert-float80.c -O2 execution test
FAIL: gcc.dg/torture/fp-int-convert-float80.c -O3 -fomit-frame-pointer execution test
FAIL: gcc.dg/torture/fp-int-convert-float80.c -O3 -g execution test
FAIL: gcc.dg/torture/fp-int-convert-float80.c -Os execution test
FAIL: gcc.dg/torture/fp-int-convert-long-double.c -O0 execution test
FAIL: gcc.dg/torture/fp-int-convert-long-double.c -O1 execution test
FAIL: gcc.dg/torture/fp-int-convert-long-double.c -O2 execution test
FAIL: gcc.dg/torture/fp-int-convert-long-double.c -O3 -fomit-frame-pointer execution test
FAIL: gcc.dg/torture/fp-int-convert-long-double.c -O3 -g execution test
FAIL: gcc.dg/torture/fp-int-convert-long-double.c -Os execution test
FAIL: gcc.dg/torture/fp-int-convert-timode.c -O0 execution test
FAIL: gcc.dg/torture/fp-int-convert-timode.c -O1 execution test
FAIL: gcc.dg/torture/fp-int-convert-timode.c -O2 execution test
FAIL: gcc.dg/torture/fp-int-convert-timode.c -O3 -fomit-frame-pointer execution test
FAIL: gcc.dg/torture/fp-int-convert-timode.c -O3 -g execution test
FAIL: gcc.dg/torture/fp-int-convert-timode.c -Os execution test
UNRESOLVED: gcc.dg/torture/pr26763-1.c -O3 -g execution test
FAIL: gcc.dg/tree-prof/bb-reorg.c execution: file bb-reorg.gcda does not exist, -fprofile-generate -D_PROFILE_GENERATE
UNRESOLVED: gcc.dg/tree-prof/bb-reorg.c compilation, -fprofile-use -D_PROFILE_USE
UNRESOLVED: gcc.dg/tree-prof/bb-reorg.c execution, -fprofile-use -D_PROFILE_USE
FAIL: gcc.dg/tree-prof/indir-call-prof.c execution: file indir-call-prof.gcda does not exist, -fprofile-generate -D_PROFILE_GENERATE
UNRESOLVED: gcc.dg/tree-prof/indir-call-prof.c compilation, -fprofile-use -D_PROFILE_USE
UNRESOLVED: gcc.dg/tree-prof/indir-call-prof.c execution, -fprofile-use -D_PROFILE_USE
FAIL: gcc.dg/tree-prof/inliner-1.c execution: file inliner-1.gcda does not exist, -fprofile-generate -D_PROFILE_GENERATE
UNRESOLVED: gcc.dg/tree-prof/inliner-1.c compilation, -fprofile-use -D_PROFILE_USE
UNRESOLVED: gcc.dg/tree-prof/inliner-1.c execution, -fprofile-use -D_PROFILE_USE
FAIL: gcc.dg/tree-prof/pr34999.c execution: file pr34999.gcda does not exist, -fprofile-generate -D_PROFILE_GENERATE
UNRESOLVED: gcc.dg/tree-prof/pr34999.c compilation, -fprofile-use -D_PROFILE_USE
UNRESOLVED: gcc.dg/tree-prof/pr34999.c execution, -fprofile-use -D_PROFILE_USE
FAIL: gcc.dg/tree-prof/stringop-1.c execution: file stringop-1.gcda does not exist, -fprofile-generate -D_PROFILE_GENERATE
UNRESOLVED: gcc.dg/tree-prof/stringop-1.c compilation, -fprofile-use -D_PROFILE_USE
UNRESOLVED: gcc.dg/tree-prof/stringop-1.c execution, -fprofile-use -D_PROFILE_USE
FAIL: gcc.dg/tree-prof/stringop-2.c execution: file stringop-2.gcda does not exist, -fprofile-generate -D_PROFILE_GENERATE
UNRESOLVED: gcc.dg/tree-prof/stringop-2.c compilation, -fprofile-use -D_PROFILE_USE
UNRESOLVED: gcc.dg/tree-prof/stringop-2.c execution, -fprofile-use -D_PROFILE_USE
FAIL: gcc.dg/tree-prof/tracer-1.c execution: file tracer-1.gcda does not exist, -fprofile-generate -D_PROFILE_GENERATE
UNRESOLVED: gcc.dg/tree-prof/tracer-1.c compilation, -fprofile-use -D_PROFILE_USE
UNRESOLVED: gcc.dg/tree-prof/tracer-1.c execution, -fprofile-use -D_PROFILE_USE
FAIL: gcc.dg/tree-prof/update-cunroll-2.c execution: file update-cunroll-2.gcda does not exist, -fprofile-generate -D_PROFILE_GENERATE
UNRESOLVED: gcc.dg/tree-prof/update-cunroll-2.c compilation, -fprofile-use -D_PROFILE_USE
UNRESOLVED: gcc.dg/tree-prof/update-cunroll-2.c execution, -fprofile-use -D_PROFILE_USE
FAIL: gcc.dg/tree-prof/update-loopch.c execution: file update-loopch.gcda does not exist, -fprofile-generate -D_PROFILE_GENERATE
UNRESOLVED: gcc.dg/tree-prof/update-loopch.c compilation, -fprofile-use -D_PROFILE_USE
UNRESOLVED: gcc.dg/tree-prof/update-loopch.c execution, -fprofile-use -D_PROFILE_USE
FAIL: gcc.dg/tree-prof/update-tailcall.c execution: file update-tailcall.gcda does not exist, -fprofile-generate -D_PROFILE_GENERATE
UNRESOLVED: gcc.dg/tree-prof/update-tailcall.c compilation, -fprofile-use -D_PROFILE_USE
UNRESOLVED: gcc.dg/tree-prof/update-tailcall.c execution, -fprofile-use -D_PROFILE_USE
FAIL: gcc.dg/tree-prof/val-prof-1.c execution: file val-prof-1.gcda does not exist, -fprofile-generate -D_PROFILE_GENERATE
UNRESOLVED: gcc.dg/tree-prof/val-prof-1.c compilation, -fprofile-use -D_PROFILE_USE
UNRESOLVED: gcc.dg/tree-prof/val-prof-1.c execution, -fprofile-use -D_PROFILE_USE
FAIL: gcc.dg/tree-prof/val-prof-2.c execution: file val-prof-2.gcda does not exist, -fprofile-generate -D_PROFILE_GENERATE
UNRESOLVED: gcc.dg/tree-prof/val-prof-2.c compilation, -fprofile-use -D_PROFILE_USE
UNRESOLVED: gcc.dg/tree-prof/val-prof-2.c execution, -fprofile-use -D_PROFILE_USE
FAIL: gcc.dg/tree-prof/val-prof-3.c execution: file val-prof-3.gcda does not exist, -fprofile-generate -D_PROFILE_GENERATE
UNRESOLVED: gcc.dg/tree-prof/val-prof-3.c compilation, -fprofile-use -D_PROFILE_USE
UNRESOLVED: gcc.dg/tree-prof/val-prof-3.c execution, -fprofile-use -D_PROFILE_USE
FAIL: gcc.dg/tree-prof/val-prof-4.c execution: file val-prof-4.gcda does not exist, -fprofile-generate -D_PROFILE_GENERATE
UNRESOLVED: gcc.dg/tree-prof/val-prof-4.c compilation, -fprofile-use -D_PROFILE_USE
UNRESOLVED: gcc.dg/tree-prof/val-prof-4.c execution, -fprofile-use -D_PROFILE_USE
FAIL: gcc.dg/tree-prof/val-prof-5.c execution: file val-prof-5.gcda does not exist, -fprofile-generate -D_PROFILE_GENERATE
UNRESOLVED: gcc.dg/tree-prof/val-prof-5.c compilation, -fprofile-use -D_PROFILE_USE
UNRESOLVED: gcc.dg/tree-prof/val-prof-5.c execution, -fprofile-use -D_PROFILE_USE
FAIL: gcc.dg/tree-prof/val-prof-6.c execution: file val-prof-6.gcda does not exist, -fprofile-generate -D_PROFILE_GENERATE
UNRESOLVED: gcc.dg/tree-prof/val-prof-6.c compilation, -fprofile-use -D_PROFILE_USE
UNRESOLVED: gcc.dg/tree-prof/val-prof-6.c execution, -fprofile-use -D_PROFILE_USE
FAIL: gcc.dg/tree-prof/wcoverage-mismatch.c execution: file wcoverage-mismatch.gcda does not exist, -fprofile-generate -D_PROFILE_GENERATE
UNRESOLVED: gcc.dg/tree-prof/wcoverage-mismatch.c compilation, -fprofile-use -D_PROFILE_USE
UNRESOLVED: gcc.dg/tree-prof/wcoverage-mismatch.c execution, -fprofile-use -D_PROFILE_USE
FAIL: gcc.dg/tree-ssa/loop-1.c scan-assembler-times foo 5
FAIL: gcc.dg/tree-ssa/loop-3.c scan-tree-dump-times optimized "step:" 1
FAIL: gcc.dg/tree-ssa/loop-33.c scan-tree-dump-times lim "Executing store motion of" 4
FAIL: gcc.dg/tree-ssa/loop-35.c scan-tree-dump-times lim "Executing store motion of" 8
XPASS: gcc.dg/tree-ssa/ltrans-3.c scan-tree-dump-times ltrans "transformed loop" 1
FAIL: gcc.dg/tree-ssa/pr27781.c scan-tree-dump optimized "func \\(\\);"
FAIL: gcc.dg/tree-ssa/pr33920.c (test for excess errors)
FAIL: gcc.dg/tree-ssa/ssa-store-ccp-2.c scan-tree-dump-times optimized "conststaticvariable" 1
FAIL: gcc.dg/tree-ssa/ssa-store-ccp-3.c scan-tree-dump-times optimized "conststaticvariable" 1
FAIL: gcc.dg/tree-ssa/ssa-store-ccp-4.c scan-tree-dump-times optimized "conststaticvariable" 1
FAIL: gcc.dg/vect/pr25413.c scan-tree-dump-times vect "vectorized 1 loops" 0
FAIL: gcc.dg/vect/pr25413.c scan-tree-dump-times vect "vector alignment may not be reachable" 1
FAIL: gcc.dg/vect/pr25413.c scan-tree-dump-times vect "not vectorized: unsupported unaligned store" 1
FAIL: gcc.dg/vect/pr33833.c (test for excess errors)
FAIL: gcc.dg/vect/pr33846.c (test for excess errors)
FAIL: gcc.dg/vect/vect-77-alignchecks.c scan-tree-dump-times vect "Alignment of access forced using peeling" 1
FAIL: gcc.dg/vect/vect-78-alignchecks.c scan-tree-dump-times vect "Alignment of access forced using peeling" 1
XPASS: gcc.dg/vect/no-scevccp-outer-6.c scan-tree-dump-times vect "OUTER LOOP VECTORIZED." 1
FAIL: gcc.dg/vect/O1-pr33854.c (test for excess errors)
FAIL: gcc.misc-tests/bprob-1.c execution: file bprob-1.gcda does not exist, -fprofile-arcs
UNRESOLVED: gcc.misc-tests/bprob-1.c compilation, -fprofile-use
UNRESOLVED: gcc.misc-tests/bprob-1.c execution, -fprofile-use
FAIL: gcc.misc-tests/bprob-2.c execution: file bprob-2.gcda does not exist, -fprofile-arcs
UNRESOLVED: gcc.misc-tests/bprob-2.c compilation, -fprofile-use
UNRESOLVED: gcc.misc-tests/bprob-2.c execution, -fprofile-use
FAIL: gcc.target/i386/pr23943.c (test for excess errors)
FAIL: gcc.target/i386/pr27971.c scan-assembler-not shr[^\\\\n]*2
FAIL: gcc.target/i386/pr27971.c scan-assembler and[^\\\\n]*12
FAIL: gcc.target/i386/sse-9.c (test for excess errors)
FAIL: gcc.target/i386/sse5-haddX.c (test for excess errors)
UNRESOLVED: gcc.target/i386/sse5-haddX.c compilation failed to produce executable
FAIL: gcc.target/i386/sse5-hsubX.c (test for excess errors)
UNRESOLVED: gcc.target/i386/sse5-hsubX.c compilation failed to produce executable
=== gcc Summary ===
# of expected passes 48866
# of unexpected failures 126
# of unexpected successes 2
# of expected failures 164
# of unresolved testcases 83
# of untested testcases 35
# of unsupported tests 571
/var/tmp/build/gcc-svn/build-x86_64-pc-linux/gcc/xgcc version 4.4.0 20080419 (experimental) (GCC)
Host is x86_64-unknown-linux-gnu
=== gfortran tests ===
Running target mingw
FAIL: gfortran.dg/alloc_comp_basics_1.f90 -O0 scan-tree-dump-times original "builtin_free" 27
FAIL: gfortran.dg/alloc_comp_basics_1.f90 -O1 scan-tree-dump-times original "builtin_free" 27
FAIL: gfortran.dg/alloc_comp_basics_1.f90 -O2 scan-tree-dump-times original "builtin_free" 27
FAIL: gfortran.dg/alloc_comp_basics_1.f90 -O3 -fomit-frame-pointer scan-tree-dump-times original "builtin_free" 27
FAIL: gfortran.dg/alloc_comp_basics_1.f90 -O3 -fomit-frame-pointer -funroll-loops scan-tree-dump-times original "builtin_free" 27
FAIL: gfortran.dg/alloc_comp_basics_1.f90 -O3 -fomit-frame-pointer -funroll-all-loops -finline-functions scan-tree-dump-times original "builtin_free" 27
FAIL: gfortran.dg/alloc_comp_basics_1.f90 -O3 -g scan-tree-dump-times original "builtin_free" 27
FAIL: gfortran.dg/alloc_comp_basics_1.f90 -Os scan-tree-dump-times original "builtin_free" 27
FAIL: gfortran.dg/alloc_comp_constructor_1.f90 -O0 scan-tree-dump-times original "builtin_free" 21
FAIL: gfortran.dg/alloc_comp_constructor_1.f90 -O1 scan-tree-dump-times original "builtin_free" 21
FAIL: gfortran.dg/alloc_comp_constructor_1.f90 -O2 scan-tree-dump-times original "builtin_free" 21
FAIL: gfortran.dg/alloc_comp_constructor_1.f90 -O3 -fomit-frame-pointer scan-tree-dump-times original "builtin_free" 21
FAIL: gfortran.dg/alloc_comp_constructor_1.f90 -O3 -fomit-frame-pointer -funroll-loops scan-tree-dump-times original "builtin_free" 21
FAIL: gfortran.dg/alloc_comp_constructor_1.f90 -O3 -fomit-frame-pointer -funroll-all-loops -finline-functions scan-tree-dump-times original "builtin_free" 21
FAIL: gfortran.dg/alloc_comp_constructor_1.f90 -O3 -g scan-tree-dump-times original "builtin_free" 21
FAIL: gfortran.dg/alloc_comp_constructor_1.f90 -Os scan-tree-dump-times original "builtin_free" 21
FAIL: gfortran.dg/alloc_comp_default_init_2.f90 -O0 execution test
FAIL: gfortran.dg/alloc_comp_default_init_2.f90 -O1 execution test
FAIL: gfortran.dg/alloc_comp_default_init_2.f90 -O2 execution test
FAIL: gfortran.dg/alloc_comp_default_init_2.f90 -O3 -fomit-frame-pointer execution test
FAIL: gfortran.dg/alloc_comp_default_init_2.f90 -O3 -fomit-frame-pointer -funroll-loops execution test
FAIL: gfortran.dg/alloc_comp_default_init_2.f90 -O3 -fomit-frame-pointer -funroll-all-loops -finline-functions execution test
FAIL: gfortran.dg/alloc_comp_default_init_2.f90 -O3 -g execution test
FAIL: gfortran.dg/alloc_comp_default_init_2.f90 -Os execution test
FAIL: gfortran.dg/array_constructor_23.f -O0 execution test
FAIL: gfortran.dg/array_constructor_23.f -O1 execution test
FAIL: gfortran.dg/array_constructor_23.f -O2 execution test
FAIL: gfortran.dg/array_constructor_23.f -O3 -fomit-frame-pointer execution test
FAIL: gfortran.dg/array_constructor_23.f -O3 -fomit-frame-pointer -funroll-loops execution test
FAIL: gfortran.dg/array_constructor_23.f -O3 -fomit-frame-pointer -funroll-all-loops -finline-functions execution test
FAIL: gfortran.dg/array_constructor_23.f -O3 -g execution test
FAIL: gfortran.dg/array_constructor_23.f -Os execution test
UNRESOLVED: gfortran.dg/assumed_charlen_sharing.f90 -O2 execution test
ERROR: tcl error sourcing /var/tmp/build/gcc-svn/gcc/gcc/testsuite/gfortran.dg/dg.exp.
ERROR: can't read "status": no such variable
FAIL: gfortran.fortran-torture/execute/assumed_size.f90 execution, -O0
FAIL: gfortran.fortran-torture/execute/csqrt_1.f90, -O3 -fomit-frame-pointer -funroll-loops (internal compiler error)
FAIL: gfortran.fortran-torture/execute/csqrt_1.f90, -O3 -fomit-frame-pointer -funroll-all-loops -finline-functions (internal compiler error)
FAIL: gfortran.fortran-torture/execute/date_time_1.f90 execution, -O0
FAIL: gfortran.fortran-torture/execute/date_time_1.f90 execution, -O1
FAIL: gfortran.fortran-torture/execute/date_time_1.f90 execution, -O2
FAIL: gfortran.fortran-torture/execute/date_time_1.f90 execution, -O3 -fomit-frame-pointer
FAIL: gfortran.fortran-torture/execute/date_time_1.f90 execution, -O3 -fomit-frame-pointer -funroll-loops
FAIL: gfortran.fortran-torture/execute/date_time_1.f90 execution, -O3 -fomit-frame-pointer -funroll-all-loops -finline-functions
FAIL: gfortran.fortran-torture/execute/date_time_1.f90 execution, -O3 -g
FAIL: gfortran.fortran-torture/execute/date_time_1.f90 execution, -Os
FAIL: gfortran.fortran-torture/execute/entry_4.f90, -O3 -fomit-frame-pointer -funroll-loops (internal compiler error)
FAIL: gfortran.fortran-torture/execute/entry_4.f90, -O3 -fomit-frame-pointer -funroll-all-loops -finline-functions (internal compiler error)
FAIL: gfortran.fortran-torture/execute/intrinsic_rrspacing.f90 execution, -O0
FAIL: gfortran.fortran-torture/execute/intrinsic_rrspacing.f90 execution, -O1
FAIL: gfortran.fortran-torture/execute/intrinsic_rrspacing.f90 execution, -O2
FAIL: gfortran.fortran-torture/execute/intrinsic_rrspacing.f90 execution, -O3 -fomit-frame-pointer
FAIL: gfortran.fortran-torture/execute/intrinsic_rrspacing.f90 execution, -O3 -fomit-frame-pointer -funroll-loops
FAIL: gfortran.fortran-torture/execute/intrinsic_rrspacing.f90 execution, -O3 -fomit-frame-pointer -funroll-all-loops -finline-functions
FAIL: gfortran.fortran-torture/execute/intrinsic_rrspacing.f90 execution, -O3 -g
FAIL: gfortran.fortran-torture/execute/intrinsic_rrspacing.f90 execution, -Os
FAIL: gfortran.fortran-torture/execute/intrinsic_set_exponent.f90 execution, -O0
FAIL: gfortran.fortran-torture/execute/intrinsic_set_exponent.f90 execution, -O1
FAIL: gfortran.fortran-torture/execute/intrinsic_set_exponent.f90 execution, -O2
FAIL: gfortran.fortran-torture/execute/intrinsic_set_exponent.f90 execution, -O3 -fomit-frame-pointer
FAIL: gfortran.fortran-torture/execute/intrinsic_set_exponent.f90 execution, -O3 -fomit-frame-pointer -funroll-loops
FAIL: gfortran.fortran-torture/execute/intrinsic_set_exponent.f90 execution, -O3 -fomit-frame-pointer -funroll-all-loops -finline-functions
FAIL: gfortran.fortran-torture/execute/intrinsic_set_exponent.f90 execution, -O3 -g
FAIL: gfortran.fortran-torture/execute/intrinsic_set_exponent.f90 execution, -Os
FAIL: gfortran.fortran-torture/execute/intrinsic_spacing.f90 execution, -O0
FAIL: gfortran.fortran-torture/execute/intrinsic_spacing.f90 execution, -O1
FAIL: gfortran.fortran-torture/execute/intrinsic_spacing.f90 execution, -O2
FAIL: gfortran.fortran-torture/execute/intrinsic_spacing.f90 execution, -O3 -fomit-frame-pointer
FAIL: gfortran.fortran-torture/execute/intrinsic_spacing.f90 execution, -O3 -fomit-frame-pointer -funroll-loops
FAIL: gfortran.fortran-torture/execute/intrinsic_spacing.f90 execution, -O3 -fomit-frame-pointer -funroll-all-loops -finline-functions
FAIL: gfortran.fortran-torture/execute/intrinsic_spacing.f90 execution, -O3 -g
FAIL: gfortran.fortran-torture/execute/intrinsic_spacing.f90 execution, -Os
FAIL: gfortran.fortran-torture/execute/power.f90, -O3 -fomit-frame-pointer -funroll-loops (internal compiler error)
FAIL: gfortran.fortran-torture/execute/power.f90, -O3 -fomit-frame-pointer -funroll-all-loops -finline-functions (internal compiler error)
FAIL: gfortran.fortran-torture/execute/specifics.f90, -O3 -fomit-frame-pointer -funroll-loops (internal compiler error)
FAIL: gfortran.fortran-torture/execute/specifics.f90, -O3 -fomit-frame-pointer -funroll-all-loops -finline-functions (internal compiler error)
=== gfortran Summary ===
# of expected passes 7269
# of unexpected failures 73
# of expected failures 2
# of unresolved testcases 1
# of unsupported tests 14
/var/tmp/build/gcc-svn/build-x86_64-pc-linux/gcc/testsuite/gfortran/../../gfortran version 4.4.0 20080419 (experimental) (GCC)
Host is x86_64-unknown-linux-gnu
=== g++ tests ===
Running target mingw
FAIL: g++.dg/bprob/g++-bprob-1.C execution: file g++-bprob-1.gcda does not exist, -g -fprofile-arcs
UNRESOLVED: g++.dg/bprob/g++-bprob-1.C compilation, -g -fprofile-use
UNRESOLVED: g++.dg/bprob/g++-bprob-1.C execution, -g -fprofile-use
FAIL: g++.dg/bprob/g++-bprob-1.C execution: file g++-bprob-1.gcda does not exist, -O0 -fprofile-arcs
UNRESOLVED: g++.dg/bprob/g++-bprob-1.C compilation, -O0 -fprofile-use
UNRESOLVED: g++.dg/bprob/g++-bprob-1.C execution, -O0 -fprofile-use
FAIL: g++.dg/bprob/g++-bprob-1.C execution: file g++-bprob-1.gcda does not exist, -O1 -fprofile-arcs
UNRESOLVED: g++.dg/bprob/g++-bprob-1.C compilation, -O1 -fprofile-use
UNRESOLVED: g++.dg/bprob/g++-bprob-1.C execution, -O1 -fprofile-use
FAIL: g++.dg/bprob/g++-bprob-1.C execution: file g++-bprob-1.gcda does not exist, -O2 -fprofile-arcs
UNRESOLVED: g++.dg/bprob/g++-bprob-1.C compilation, -O2 -fprofile-use
UNRESOLVED: g++.dg/bprob/g++-bprob-1.C execution, -O2 -fprofile-use
FAIL: g++.dg/bprob/g++-bprob-1.C execution: file g++-bprob-1.gcda does not exist, -O3 -fprofile-arcs
UNRESOLVED: g++.dg/bprob/g++-bprob-1.C compilation, -O3 -fprofile-use
UNRESOLVED: g++.dg/bprob/g++-bprob-1.C execution, -O3 -fprofile-use
FAIL: g++.dg/bprob/g++-bprob-1.C execution: file g++-bprob-1.gcda does not exist, -O3 -g -fprofile-arcs
UNRESOLVED: g++.dg/bprob/g++-bprob-1.C compilation, -O3 -g -fprofile-use
UNRESOLVED: g++.dg/bprob/g++-bprob-1.C execution, -O3 -g -fprofile-use
FAIL: g++.dg/bprob/g++-bprob-1.C execution: file g++-bprob-1.gcda does not exist, -Os -fprofile-arcs
UNRESOLVED: g++.dg/bprob/g++-bprob-1.C compilation, -Os -fprofile-use
UNRESOLVED: g++.dg/bprob/g++-bprob-1.C execution, -Os -fprofile-use
FAIL: g++.dg/bprob/g++-bprob-2.C execution: file g++-bprob-2.gcda does not exist, -g -fprofile-arcs
UNRESOLVED: g++.dg/bprob/g++-bprob-2.C compilation, -g -fprofile-use
UNRESOLVED: g++.dg/bprob/g++-bprob-2.C execution, -g -fprofile-use
FAIL: g++.dg/bprob/g++-bprob-2.C execution: file g++-bprob-2.gcda does not exist, -O0 -fprofile-arcs
UNRESOLVED: g++.dg/bprob/g++-bprob-2.C compilation, -O0 -fprofile-use
UNRESOLVED: g++.dg/bprob/g++-bprob-2.C execution, -O0 -fprofile-use
FAIL: g++.dg/bprob/g++-bprob-2.C execution: file g++-bprob-2.gcda does not exist, -O1 -fprofile-arcs
UNRESOLVED: g++.dg/bprob/g++-bprob-2.C compilation, -O1 -fprofile-use
UNRESOLVED: g++.dg/bprob/g++-bprob-2.C execution, -O1 -fprofile-use
FAIL: g++.dg/bprob/g++-bprob-2.C execution: file g++-bprob-2.gcda does not exist, -O2 -fprofile-arcs
UNRESOLVED: g++.dg/bprob/g++-bprob-2.C compilation, -O2 -fprofile-use
UNRESOLVED: g++.dg/bprob/g++-bprob-2.C execution, -O2 -fprofile-use
FAIL: g++.dg/bprob/g++-bprob-2.C execution: file g++-bprob-2.gcda does not exist, -O3 -fprofile-arcs
UNRESOLVED: g++.dg/bprob/g++-bprob-2.C compilation, -O3 -fprofile-use
UNRESOLVED: g++.dg/bprob/g++-bprob-2.C execution, -O3 -fprofile-use
FAIL: g++.dg/bprob/g++-bprob-2.C execution: file g++-bprob-2.gcda does not exist, -O3 -g -fprofile-arcs
UNRESOLVED: g++.dg/bprob/g++-bprob-2.C compilation, -O3 -g -fprofile-use
UNRESOLVED: g++.dg/bprob/g++-bprob-2.C execution, -O3 -g -fprofile-use
FAIL: g++.dg/bprob/g++-bprob-2.C execution: file g++-bprob-2.gcda does not exist, -Os -fprofile-arcs
UNRESOLVED: g++.dg/bprob/g++-bprob-2.C compilation, -Os -fprofile-use
UNRESOLVED: g++.dg/bprob/g++-bprob-2.C execution, -Os -fprofile-use
WARNING: program timed out.
FAIL: g++.dg/abi/empty11.C execution test
FAIL: g++.dg/abi/local1.C execution test
FAIL: g++.dg/abi/offsetof.C (test for excess errors)
UNRESOLVED: g++.dg/abi/offsetof.C compilation failed to produce executable
FAIL: g++.dg/abi/rtti1.C scan-assembler-dem-not \\ntypeinfo for A[: \\t\\n]
FAIL: g++.dg/abi/rtti3.C scan-assembler .weak[ \\t]_?_ZTSPP1A
FAIL: g++.dg/abi/thunk4.C scan-assembler .weak[ \\t]_?_ZThn._N7Derived3FooEv
WARNING: program timed out.
UNRESOLVED: g++.dg/abi/vbase8-21.C execution test
WARNING: program timed out.
WARNING: program timed out.
UNRESOLVED: g++.dg/cpp0x/variadic73.C execution test
FAIL: g++.dg/eh/weak1.C execution test
FAIL: g++.dg/ext/utf16-4.C (test for warnings, line 16)
FAIL: g++.dg/ext/utf16-4.C (test for excess errors)
FAIL: g++.dg/ext/utf32-4.C (test for excess errors)
FAIL: g++.dg/init/cleanup3.C scan-assembler-not _tcf
FAIL: g++.dg/init/struct1.C (test for excess errors)
FAIL: g++.dg/init/struct2.C (test for excess errors)
FAIL: g++.dg/init/struct3.C (test for excess errors)
FAIL: g++.dg/other/large-size-array.C (test for errors, line 19)
FAIL: g++.dg/other/large-size-array.C (test for errors, line 20)
FAIL: g++.dg/other/pr25632.C (test for excess errors)
FAIL: g++.dg/template/spec35.C scan-assembler .weak(_definition)?[\\t ]*_?_Z2f2IiEvT_
FAIL: g++.dg/tree-ssa/pr21082.C (test for excess errors)
FAIL: g++.dg/tree-ssa/ssa-store-ccp-1.C scan-tree-dump-times optimized "conststaticvariable" 1
FAIL: g++.dg/torture/pr31579.C -O0 (test for excess errors)
FAIL: g++.dg/torture/pr31579.C -O1 (test for excess errors)
FAIL: g++.dg/torture/pr31579.C -O2 (test for excess errors)
FAIL: g++.dg/torture/pr31579.C -O3 -fomit-frame-pointer (test for excess errors)
FAIL: g++.dg/torture/pr31579.C -O3 -g (test for excess errors)
FAIL: g++.dg/torture/pr31579.C -Os (test for excess errors)
FAIL: g++.dg/tree-prof/indir-call-prof.C execution: file indir-call-prof.gcda does not exist, -g -fprofile-generate
UNRESOLVED: g++.dg/tree-prof/indir-call-prof.C compilation, -g -fprofile-use
UNRESOLVED: g++.dg/tree-prof/indir-call-prof.C execution, -g -fprofile-use
FAIL: g++.dg/tree-prof/indir-call-prof.C execution: file indir-call-prof.gcda does not exist, -O0 -fprofile-generate
UNRESOLVED: g++.dg/tree-prof/indir-call-prof.C compilation, -O0 -fprofile-use
UNRESOLVED: g++.dg/tree-prof/indir-call-prof.C execution, -O0 -fprofile-use
FAIL: g++.dg/tree-prof/indir-call-prof.C execution: file indir-call-prof.gcda does not exist, -O1 -fprofile-generate
UNRESOLVED: g++.dg/tree-prof/indir-call-prof.C compilation, -O1 -fprofile-use
UNRESOLVED: g++.dg/tree-prof/indir-call-prof.C execution, -O1 -fprofile-use
FAIL: g++.dg/tree-prof/indir-call-prof.C execution: file indir-call-prof.gcda does not exist, -O2 -fprofile-generate
UNRESOLVED: g++.dg/tree-prof/indir-call-prof.C compilation, -O2 -fprofile-use
UNRESOLVED: g++.dg/tree-prof/indir-call-prof.C execution, -O2 -fprofile-use
FAIL: g++.dg/tree-prof/indir-call-prof.C execution: file indir-call-prof.gcda does not exist, -O3 -fprofile-generate
UNRESOLVED: g++.dg/tree-prof/indir-call-prof.C compilation, -O3 -fprofile-use
UNRESOLVED: g++.dg/tree-prof/indir-call-prof.C execution, -O3 -fprofile-use
FAIL: g++.dg/tree-prof/indir-call-prof.C execution: file indir-call-prof.gcda does not exist, -O3 -g -fprofile-generate
UNRESOLVED: g++.dg/tree-prof/indir-call-prof.C compilation, -O3 -g -fprofile-use
UNRESOLVED: g++.dg/tree-prof/indir-call-prof.C execution, -O3 -g -fprofile-use
FAIL: g++.dg/tree-prof/indir-call-prof.C execution: file indir-call-prof.gcda does not exist, -Os -fprofile-generate
UNRESOLVED: g++.dg/tree-prof/indir-call-prof.C compilation, -Os -fprofile-use
UNRESOLVED: g++.dg/tree-prof/indir-call-prof.C execution, -Os -fprofile-use
FAIL: g++.old-deja/g++.brendan/array1.C (test for errors, line 6)
WARNING: program timed out.
FAIL: g++.old-deja/g++.jason/new3.C (test for excess errors)
FAIL: g++.old-deja/g++.other/init18.C (test for excess errors)
FAIL: g++.old-deja/g++.other/null1.C (test for excess errors)
UNRESOLVED: g++.old-deja/g++.pt/overload6.C execution test
=== g++ Summary ===
# of expected passes 17594
# of unexpected failures 51
# of expected failures 82
# of unresolved testcases 46
# of unsupported tests 217
/var/tmp/build/gcc-svn/build-x86_64-pc-linux/gcc/testsuite/g++/../../g++ version 4.4.0 20080419 (experimental) (GCC)
Host is x86_64-unknown-linux-gnu
=== objc tests ===
Running target mingw
UNRESOLVED: objc/execute/exceptions/catchall-1.m execution, -O0 -fgnu-runtime
FAIL: objc.dg/bitfield-3.m (test for excess errors)
FAIL: objc.dg/bitfield-5.m (test for excess errors)
FAIL: objc.dg/layout-1.m (test for excess errors)
FAIL: objc.dg/proto-lossage-4.m (test for excess errors)
=== objc Summary ===
# of expected passes 1809
# of unexpected failures 4
# of expected failures 7
# of unresolved testcases 1
# of unsupported tests 24
/var/tmp/build/gcc-svn/build-x86_64-pc-linux/gcc/xgcc version 4.4.0 20080419 (experimental) (GCC)
Compiler version: 4.4.0 20080419 (experimental) (GCC)
Platform: x86_64-pc-mingw32
configure flags: --prefix=/var/tmp/root-x86_64-pc-linux --with-sysroot=/var/tmp/root-x86_64-pc-linux --target=x86_64-pc-mingw32
EOF
Mail -s "Results for 4.4.0 20080419 (experimental) (GCC) testsuite on x86_64-pc-mingw32" gcc-testresults@gcc.gnu.org &&