This is the mail archive of the
gcc-testresults@gcc.gnu.org
mailing list for the GCC project.
Results for 4.4.0 20080418 (experimental) [trunk revision 134423] (GCC) testsuite on x86_64-unknown-linux-gnu
- From: guerby at gcc12 dot fsffrance dot org
- To: gcc-testresults at gcc dot gnu dot org
- Date: Fri, 18 Apr 2008 08:32:43 +0200
- Subject: Results for 4.4.0 20080418 (experimental) [trunk revision 134423] (GCC) testsuite on x86_64-unknown-linux-gnu
LAST_UPDATED: Fri Apr 18 02:47:24 UTC 2008 (revision 134423)
=== acats tests ===
FAIL: c94008c
=== acats Summary ===
# of expected passes 2314
# of unexpected failures 1
Native configuration is x86_64-unknown-linux-gnu
=== gcc tests ===
Running target unix
ERROR: gcc.dg/pr30957-1.c: no files matched glob pattern "hard_float22166.c.[0-9][0-9][0-9]r.expand" for " dg-require-effective-target 8 hard_float "
UNRESOLVED: gcc.dg/pr30957-1.c: no files matched glob pattern "hard_float22166.c.[0-9][0-9][0-9]r.expand" for " dg-require-effective-target 8 hard_float "
ERROR: gcc.dg/var-expand1.c: can't read "et_cache(hard_float,value)": no such element in array for " dg-require-effective-target 4 hard_float "
UNRESOLVED: gcc.dg/var-expand1.c: can't read "et_cache(hard_float,value)": no such element in array for " dg-require-effective-target 4 hard_float "
XPASS: gcc.dg/tree-ssa/ltrans-3.c scan-tree-dump-times ltrans "transformed loop" 1
=== gcc Summary ===
# of expected passes 49100
# of unexpected successes 1
# of expected failures 167
# of unresolved testcases 2
# of untested testcases 35
# of unsupported tests 617
/home/guerby/build/gcc/xgcc version 4.4.0 20080418 (experimental) [trunk revision 134423] (GCC)
=== gfortran tests ===
Running target unix
=== gfortran Summary ===
# of expected passes 24434
# of expected failures 3
# of unsupported tests 34
/home/guerby/build/gcc/testsuite/gfortran/../../gfortran version 4.4.0 20080418 (experimental) [trunk revision 134423] (GCC)
=== g++ tests ===
Running target unix
=== g++ Summary ===
# of expected passes 17532
# of expected failures 82
# of unsupported tests 121
/home/guerby/build/gcc/testsuite/g++/../../g++ version 4.4.0 20080418 (experimental) [trunk revision 134423] (GCC)
=== gnat tests ===
Running target unix
=== gnat Summary ===
# of expected passes 418
# of expected failures 2
=== objc tests ===
Running target unix
=== objc Summary ===
# of expected passes 1814
# of expected failures 7
# of unsupported tests 24
/home/guerby/build/gcc/xgcc version 4.4.0 20080418 (experimental) [trunk revision 134423] (GCC)
=== libffi tests ===
Running target unix
=== libffi Summary ===
# of expected passes 1389
# of unsupported tests 10
=== libgomp tests ===
Running target unix
=== libgomp Summary ===
# of expected passes 1723
=== libjava tests ===
Running target unix
=== libjava Summary ===
# of expected passes 2550
=== libmudflap tests ===
Running target unix
=== libmudflap Summary ===
# of expected passes 1865
=== libstdc++ tests ===
Running target unix
FAIL: 22_locale/time_get/get_date/wchar_t/4.cc execution test
XPASS: 26_numerics/headers/cmath/c99_classification_macros_c.cc (test for excess errors)
=== libstdc++ Summary ===
# of expected passes 5681
# of unexpected failures 1
# of unexpected successes 1
# of expected failures 73
# of unsupported tests 10
Compiler version: 4.4.0 20080418 (experimental) [trunk revision 134423] (GCC)
Platform: x86_64-unknown-linux-gnu
configure flags: --prefix=/n/04/guerby/install-trunk --enable-languages=all,ada --enable-__cxa_atexit --disable-nls --enable-threads=posix --disable-multilib --with-mpfr=/opt/cfarm/mpfr-2.3.1