This is the mail archive of the
gcc-testresults@gcc.gnu.org
mailing list for the GCC project.
Results for 4.4.0 20080415 (experimental) [trunk revision 134314] (GCC) testsuite on hppa-unknown-linux-gnu
- From: dave at hiauly6 dot hia dot nrc dot ca (John David Anglin)
- To: dave at hiauly6 dot hia dot nrc dot ca, gcc-testresults at gcc dot gnu dot org
- Date: Wed, 16 Apr 2008 23:08:27 -0400 (EDT)
- Subject: Results for 4.4.0 20080415 (experimental) [trunk revision 134314] (GCC) testsuite on hppa-unknown-linux-gnu
LAST_UPDATED: Tue Apr 15 13:36:09 UTC 2008 (revision 134314)
=== acats tests ===
FAIL: cxa4005
FAIL: cxf3a01
=== acats Summary ===
# of expected passes 2313
# of unexpected failures 2
Native configuration is hppa-unknown-linux-gnu
=== g++ tests ===
Running target unix
=== g++ Summary ===
# of expected passes 17505
# of expected failures 82
# of unsupported tests 139
/home/dave/gnu/gcc-4.4/objdir/gcc/testsuite/g++/../../g++ version 4.4.0 20080415 (experimental) [trunk revision 134314] (GCC)
=== gcc tests ===
Running target unix
FAIL: gcc.c-torture/compile/pr11832.c -O0 (internal compiler error)
FAIL: gcc.c-torture/compile/pr11832.c -O0 (test for excess errors)
FAIL: gcc.c-torture/compile/pr11832.c -O1 (internal compiler error)
FAIL: gcc.c-torture/compile/pr11832.c -O1 (test for excess errors)
FAIL: gcc.c-torture/compile/pr11832.c -O2 (internal compiler error)
FAIL: gcc.c-torture/compile/pr11832.c -O2 (test for excess errors)
FAIL: gcc.c-torture/compile/pr11832.c -O3 -fomit-frame-pointer (internal compiler error)
FAIL: gcc.c-torture/compile/pr11832.c -O3 -fomit-frame-pointer (test for excess errors)
FAIL: gcc.c-torture/compile/pr11832.c -O3 -g (internal compiler error)
FAIL: gcc.c-torture/compile/pr11832.c -O3 -g (test for excess errors)
FAIL: gcc.c-torture/compile/pr11832.c -Os (internal compiler error)
FAIL: gcc.c-torture/compile/pr11832.c -Os (test for excess errors)
FAIL: gcc.c-torture/compile/pr33009.c -O0 (internal compiler error)
FAIL: gcc.c-torture/compile/pr33009.c -O0 (test for excess errors)
FAIL: gcc.c-torture/compile/pr33009.c -O1 (internal compiler error)
FAIL: gcc.c-torture/compile/pr33009.c -O1 (test for excess errors)
FAIL: gcc.c-torture/compile/pr33009.c -O2 (internal compiler error)
FAIL: gcc.c-torture/compile/pr33009.c -O2 (test for excess errors)
FAIL: gcc.c-torture/compile/pr33009.c -O3 -fomit-frame-pointer (internal compiler error)
FAIL: gcc.c-torture/compile/pr33009.c -O3 -fomit-frame-pointer (test for excess errors)
FAIL: gcc.c-torture/compile/pr33009.c -O3 -fomit-frame-pointer -funroll-loops (internal compiler error)
FAIL: gcc.c-torture/compile/pr33009.c -O3 -fomit-frame-pointer -funroll-loops (test for excess errors)
FAIL: gcc.c-torture/compile/pr33009.c -O3 -fomit-frame-pointer -funroll-all-loops -finline-functions (internal compiler error)
FAIL: gcc.c-torture/compile/pr33009.c -O3 -fomit-frame-pointer -funroll-all-loops -finline-functions (test for excess errors)
FAIL: gcc.c-torture/compile/pr33009.c -O3 -g (internal compiler error)
FAIL: gcc.c-torture/compile/pr33009.c -O3 -g (test for excess errors)
FAIL: gcc.c-torture/compile/pr33009.c -Os (internal compiler error)
FAIL: gcc.c-torture/compile/pr33009.c -Os (test for excess errors)
FAIL: gcc.c-torture/execute/20040709-1.c execution, -O2
FAIL: gcc.c-torture/execute/20040709-1.c execution, -O3 -fomit-frame-pointer
FAIL: gcc.c-torture/execute/20040709-1.c execution, -O3 -fomit-frame-pointer -funroll-loops
FAIL: gcc.c-torture/execute/20040709-1.c execution, -O3 -fomit-frame-pointer -funroll-all-loops -finline-functions
FAIL: gcc.c-torture/execute/20040709-1.c execution, -O3 -g
FAIL: gcc.c-torture/execute/20040709-1.c execution, -Os
FAIL: gcc.c-torture/execute/20040709-2.c execution, -O1
FAIL: gcc.c-torture/execute/20040709-2.c execution, -O2
FAIL: gcc.c-torture/execute/20040709-2.c execution, -O3 -fomit-frame-pointer
FAIL: gcc.c-torture/execute/20040709-2.c execution, -O3 -fomit-frame-pointer -funroll-loops
FAIL: gcc.c-torture/execute/20040709-2.c execution, -O3 -fomit-frame-pointer -funroll-all-loops -finline-functions
FAIL: gcc.c-torture/execute/20040709-2.c execution, -O3 -g
FAIL: gcc.c-torture/execute/20040709-2.c execution, -Os
ERROR: gcc.dg/pr30957-1.c: no files matched glob pattern "hard_float1022.c.[0-9][0-9][0-9]r.expand" for " dg-require-effective-target 8 hard_float "
UNRESOLVED: gcc.dg/pr30957-1.c: no files matched glob pattern "hard_float1022.c.[0-9][0-9][0-9]r.expand" for " dg-require-effective-target 8 hard_float "
FAIL: gcc.dg/pr35729.c scan-rtl-dump-times loop2_invariant "Decided to move invariant" 0
ERROR: gcc.dg/var-expand1.c: can't read "et_cache(hard_float,value)": no such variable for " dg-require-effective-target 4 hard_float "
UNRESOLVED: gcc.dg/var-expand1.c: can't read "et_cache(hard_float,value)": no such variable for " dg-require-effective-target 4 hard_float "
XPASS: gcc.dg/tree-ssa/loop-1.c scan-assembler-times foo 5
FAIL: gcc.dg/tree-ssa/loop-25.c scan-tree-dump-times profile "Found latch edge" 5
FAIL: gcc.dg/tree-ssa/loop-25.c scan-tree-dump-times profile "Merged latch edges" 2
FAIL: gcc.dg/tree-ssa/loop-25.c scan-tree-dump-times profile "4 loops found" 2
FAIL: gcc.dg/tree-ssa/loop-25.c scan-tree-dump-times profile "3 loops found" 2
FAIL: gcc.dg/tree-ssa/loop-25.c scan-tree-dump-times profile "2 loops found" 1
=== gcc Summary ===
# of expected passes 45987
# of unexpected failures 47
# of unexpected successes 1
# of expected failures 87
# of unresolved testcases 2
# of untested testcases 35
# of unsupported tests 478
/home/dave/gnu/gcc-4.4/objdir/gcc/xgcc version 4.4.0 20080415 (experimental) [trunk revision 134314] (GCC)
=== gfortran tests ===
Running target unix
FAIL: gfortran.dg/ldist-1.f90 -O scan-tree-dump-times ldist "distributed: split to 4 loops" 1
=== gfortran Summary ===
# of expected passes 23985
# of unexpected failures 1
# of expected failures 3
# of unsupported tests 204
/home/dave/gnu/gcc-4.4/objdir/gcc/testsuite/gfortran/../../gfortran version 4.4.0 20080415 (experimental) [trunk revision 134314] (GCC)
=== gnat tests ===
Running target unix
FAIL: gnat.dg/derived_aggregate.adb execution test
=== gnat Summary ===
# of expected passes 409
# of unexpected failures 1
# of expected failures 1
=== obj-c++ tests ===
Running target unix
FAIL: obj-c++.dg/bitfield-1.mm (internal compiler error)
FAIL: obj-c++.dg/bitfield-1.mm (test for excess errors)
UNRESOLVED: obj-c++.dg/bitfield-1.mm compilation failed to produce executable
FAIL: obj-c++.dg/comp-types-10.mm (internal compiler error)
FAIL: obj-c++.dg/comp-types-10.mm (test for excess errors)
UNRESOLVED: obj-c++.dg/lookup-2.mm compilation failed to produce executable
UNRESOLVED: obj-c++.dg/try-catch-2.mm compilation failed to produce executable
FAIL: obj-c++.dg/try-catch-9.mm (test for excess errors)
UNRESOLVED: obj-c++.dg/try-catch-9.mm compilation failed to produce executable
=== obj-c++ Summary ===
# of expected passes 434
# of unexpected failures 5
# of expected failures 9
# of unresolved testcases 4
# of unsupported tests 13
/home/dave/gnu/gcc-4.4/objdir/gcc/testsuite/obj-c++/../../g++ version 4.4.0 20080415 (experimental) [trunk revision 134314] (GCC)
=== objc tests ===
Running target unix
=== objc Summary ===
# of expected passes 1814
# of expected failures 7
# of unsupported tests 24
/home/dave/gnu/gcc-4.4/objdir/gcc/xgcc version 4.4.0 20080415 (experimental) [trunk revision 134314] (GCC)
=== libffi tests ===
Running target unix
=== libffi Summary ===
# of expected passes 1389
# of unsupported tests 10
=== libgomp tests ===
Running target unix
=== libgomp Summary ===
# of expected passes 1709
# of unsupported tests 7
=== libjava tests ===
Running target unix
FAIL: /home/dave/gnu/gcc-4.4/gcc/libjava/testsuite/libjava.jar/TestClosureGC.jar output - gij test
FAIL: /home/dave/gnu/gcc-4.4/gcc/libjava/testsuite/libjava.jar/simple.jar output - gij test
FAIL: PR15133 output - gij test
FAIL: PR18116 output - gij test
FAIL: PR28178 output - gij test
FAIL: bytebuffer output - gij test
FAIL: calls output - gij test
FAIL: cxxtest output - gij test
FAIL: directbuffer output - gij test
FAIL: field output - gij test
FAIL: final_method output - gij test
FAIL: findclass output - gij test
FAIL: findclass2 output - gij test
FAIL: iface output - gij test
FAIL: init output - gij test
FAIL: invoke output - gij test
FAIL: jniutf output - gij test
FAIL: martin output - gij test
FAIL: noclass output - gij test
FAIL: overload output - gij test
FAIL: pr11951 output - gij test
FAIL: pr18278 output - gij test
FAIL: pr23739 output - gij test
FAIL: register output - gij test
FAIL: register2 output - gij test
FAIL: simple_int output - gij test
FAIL: throwit output - gij test
FAIL: virtual output - gij test
FAIL: pr29812 output - gij test
FAIL: getargssize output
FAIL: getlocalvartable output
FAIL: getstacktrace output
=== libjava Summary ===
# of expected passes 2518
# of unexpected failures 32
=== libmudflap tests ===
Running target unix
=== libmudflap Summary ===
# of expected passes 1865
=== libstdc++ tests ===
Running target unix
FAIL: 22_locale/time_get/get_date/wchar_t/4.cc execution test
XPASS: 26_numerics/headers/cmath/c99_classification_macros_c.cc (test for excess errors)
=== libstdc++ Summary ===
# of expected passes 5681
# of unexpected failures 1
# of unexpected successes 1
# of expected failures 73
# of unsupported tests 10
Compiler version: 4.4.0 20080415 (experimental) [trunk revision 134314] (GCC)
Platform: hppa-unknown-linux-gnu
configure flags: --with-gnu-as --with-gnu-ld --enable-shared --prefix=/home/dave/opt/gnu/gcc/gcc-4.4.0 --with-local-prefix=/home/dave/opt/gnu --enable-threads=posix --enable-__cxa_atexit --build=hppa-linux --enable-clocale=gnu --enable-java-gc=boehm --enable-java-awt=xlib --enable-languages=c,c++,objc,fortran,obj-c++,java,ada