This is the mail archive of the
gcc-testresults@gcc.gnu.org
mailing list for the GCC project.
Results for 4.3.0 20071213 (experimental) [graphite revision 134207] (GCC) testsuite on x86_64-unknown-linux-gnu
- From: Mike Stein <mstein dot lists at googlemail dot com>
- To: gcc-testresults at gcc dot gnu dot org
- Date: Sat, 12 Apr 2008 23:50:31 +0200
- Subject: Results for 4.3.0 20071213 (experimental) [graphite revision 134207] (GCC) testsuite on x86_64-unknown-linux-gnu
- Reply-to: gcc at gcc dot gnu dot org
LAST_UPDATED: Fri Apr 11 22:16:27 UTC 2008 (revision 134207)
Native configuration is x86_64-unknown-linux-gnu
=== gcc tests ===
Running target unix
FAIL: gcc.c-torture/compile/limits-structnest.c -O2 (test for excess errors)
FAIL: gcc.c-torture/compile/limits-structnest.c -O3 -fomit-frame-pointer (test for excess errors)
FAIL: gcc.c-torture/compile/limits-structnest.c -O3 -g (test for excess errors)
FAIL: gcc.c-torture/compile/limits-structnest.c -Os (test for excess errors)
XPASS: gcc.dg/torture/builtin-math-4.c -O0 (test for excess errors)
XPASS: gcc.dg/torture/builtin-math-4.c -O1 (test for excess errors)
XPASS: gcc.dg/torture/builtin-math-4.c -O2 (test for excess errors)
XPASS: gcc.dg/torture/builtin-math-4.c -O3 -fomit-frame-pointer (test for excess errors)
XPASS: gcc.dg/torture/builtin-math-4.c -O3 -fomit-frame-pointer -funroll-loops (test for excess errors)
XPASS: gcc.dg/torture/builtin-math-4.c -O3 -fomit-frame-pointer -funroll-all-loops -finline-functions (test for excess errors)
XPASS: gcc.dg/torture/builtin-math-4.c -O3 -g (test for excess errors)
XPASS: gcc.dg/torture/builtin-math-4.c -Os (test for excess errors)
FAIL: gcc.dg/tree-prof/bb-reorg.c compilation, -fprofile-use -D_PROFILE_USE
UNRESOLVED: gcc.dg/tree-prof/bb-reorg.c execution, -fprofile-use -D_PROFILE_USE
FAIL: gcc.dg/tree-ssa/loop-17.c scan-tree-dump sccp "set_nb_iterations_in_loop = 1"
FAIL: gcc.dg/tree-ssa/parallelization-1.c (internal compiler error)
FAIL: gcc.dg/tree-ssa/parallelization-1.c (test for excess errors)
ERROR: gcc.dg/tree-ssa/parallelization-1.c: error executing dg-final: no files matched glob pattern "parallelization-1.c.[0-9][0-9][0-9]t.final_cleanup"
UNRESOLVED: gcc.dg/tree-ssa/parallelization-1.c: error executing dg-final: no files matched glob pattern "parallelization-1.c.[0-9][0-9][0-9]t.final_cleanup"
FAIL: gcc.dg/tree-ssa/reduc-1.c (internal compiler error)
FAIL: gcc.dg/tree-ssa/reduc-1.c (test for excess errors)
FAIL: gcc.dg/tree-ssa/reduc-1.c scan-tree-dump-times parloops "Detected reduction" 3
FAIL: gcc.dg/tree-ssa/reduc-1.c scan-tree-dump-times parloops "SUCCESS: may be parallelized" 3
FAIL: gcc.dg/tree-ssa/reduc-1char.c (internal compiler error)
FAIL: gcc.dg/tree-ssa/reduc-1char.c (test for excess errors)
FAIL: gcc.dg/tree-ssa/reduc-1char.c scan-tree-dump-times parloops "Detected reduction" 3
FAIL: gcc.dg/tree-ssa/reduc-1char.c scan-tree-dump-times parloops "SUCCESS: may be parallelized" 3
FAIL: gcc.dg/tree-ssa/reduc-1short.c (internal compiler error)
FAIL: gcc.dg/tree-ssa/reduc-1short.c (test for excess errors)
FAIL: gcc.dg/tree-ssa/reduc-1short.c scan-tree-dump-times parloops "Detected reduction" 3
FAIL: gcc.dg/tree-ssa/reduc-1short.c scan-tree-dump-times parloops "SUCCESS: may be parallelized" 3
FAIL: gcc.dg/tree-ssa/reduc-2.c (internal compiler error)
FAIL: gcc.dg/tree-ssa/reduc-2.c (test for excess errors)
FAIL: gcc.dg/tree-ssa/reduc-2.c scan-tree-dump-times parloops "Detected reduction" 3
FAIL: gcc.dg/tree-ssa/reduc-2.c scan-tree-dump-times parloops "SUCCESS: may be parallelized" 3
FAIL: gcc.dg/tree-ssa/reduc-2char.c (internal compiler error)
FAIL: gcc.dg/tree-ssa/reduc-2char.c (test for excess errors)
FAIL: gcc.dg/tree-ssa/reduc-2char.c scan-tree-dump-times parloops "Detected reduction" 2
FAIL: gcc.dg/tree-ssa/reduc-2char.c scan-tree-dump-times parloops "SUCCESS: may be parallelized" 2
FAIL: gcc.dg/tree-ssa/reduc-2short.c (internal compiler error)
FAIL: gcc.dg/tree-ssa/reduc-2short.c (test for excess errors)
FAIL: gcc.dg/tree-ssa/reduc-2short.c scan-tree-dump-times parloops "Detected reduction" 2
FAIL: gcc.dg/tree-ssa/reduc-2short.c scan-tree-dump-times parloops "SUCCESS: may be parallelized" 2
FAIL: gcc.dg/tree-ssa/reduc-3.c (internal compiler error)
FAIL: gcc.dg/tree-ssa/reduc-3.c (test for excess errors)
FAIL: gcc.dg/tree-ssa/reduc-7.c (internal compiler error)
FAIL: gcc.dg/tree-ssa/reduc-7.c (test for excess errors)
FAIL: gcc.dg/tree-ssa/reduc-7.c scan-tree-dump-times parloops "Detected reduction" 2
FAIL: gcc.dg/tree-ssa/reduc-7.c scan-tree-dump-times parloops "SUCCESS: may be parallelized" 2
FAIL: gcc.dg/tree-ssa/reduc-8.c (internal compiler error)
FAIL: gcc.dg/tree-ssa/reduc-8.c (test for excess errors)
FAIL: gcc.dg/tree-ssa/reduc-8.c scan-tree-dump-times parloops "Detected reduction" 2
FAIL: gcc.dg/tree-ssa/reduc-8.c scan-tree-dump-times parloops "SUCCESS: may be parallelized" 2
FAIL: gcc.dg/tree-ssa/reduc-9.c (internal compiler error)
FAIL: gcc.dg/tree-ssa/reduc-9.c (test for excess errors)
FAIL: gcc.dg/tree-ssa/reduc-9.c scan-tree-dump-times parloops "Detected reduction" 2
FAIL: gcc.dg/tree-ssa/reduc-9.c scan-tree-dump-times parloops "SUCCESS: may be parallelized" 2
FAIL: gcc.target/i386/pr34012.c scan-assembler-times 578721382704613384|0808080808080808 1
=== gcc Summary ===
# of expected passes 47905
# of unexpected failures 47
# of unexpected successes 8
# of expected failures 161
# of unresolved testcases 2
# of untested testcases 35
# of unsupported tests 464
/home/mstein/obj/graphite/gcc/xgcc version 4.3.0 20071213 (experimental) [graphite revision 134207] (GCC)
=== libbounds tests ===
Running target unix
FAIL: libbounds.c/heap/fail26-pointer-oob.c (test for excess errors)
FAIL: libbounds.c/heap/fail27-pointer-addition-from-var-right.c (test for excess errors)
FAIL: libbounds.c/heap/fail28-pointer-addition-from-var-left.c (test for excess errors)
FAIL: libbounds.c/heap/fail29-pointer-subtraction-from-var.c (test for excess errors)
FAIL: libbounds.c/heap/fail30-pointer-address.c (test for excess errors)
FAIL: libbounds.c/heap/fail31-pointer-address-from-var.c (test for excess errors)
FAIL: libbounds.c/heap/fail32-pointer-address-addition.c (test for excess errors)
FAIL: libbounds.c/heap/fail33-pointer-address-addition-from-var.c (test for excess errors)
FAIL: libbounds.c/heap/fail40-struct.c (test for excess errors)
FAIL: libbounds.c/heap/fail41-struct-array.c (test for excess errors)
FAIL: libbounds.c/heap/fail44.struct-nested.c (test for excess errors)
FAIL: libbounds.c/heap/pass10-pointer.c (test for excess errors)
FAIL: libbounds.c/heap/pass25-pointer-difference.c (test for excess errors)
FAIL: libbounds.c/heap/pass26-pointer-oob.c (test for excess errors)
FAIL: libbounds.c/heap/pass27-pointer-addition-from-var-right.c (test for excess errors)
FAIL: libbounds.c/heap/pass28-pointer-addition-from-var-left.c (test for excess errors)
FAIL: libbounds.c/heap/pass29-pointer-subtraction-from-var.c (test for excess errors)
FAIL: libbounds.c/heap/pass30-pointer-address.c (test for excess errors)
FAIL: libbounds.c/heap/pass31-pointer-address-from-var.c (test for excess errors)
FAIL: libbounds.c/heap/pass32-pointer-address-addition.c (test for excess errors)
FAIL: libbounds.c/heap/pass33-pointer-address-addition-from-var.c (test for excess errors)
FAIL: libbounds.c/heap/pass34-pointer-difference-oob.c (test for excess errors)
FAIL: libbounds.c/heap/pass40-struct.c (test for excess errors)
FAIL: libbounds.c/heap/pass41-struct-array.c (test for excess errors)
FAIL: libbounds.c/heap/pass44.struct-nested.c (test for excess errors)
FAIL: libbounds.c/heap/fail26-pointer-oob.c (-O2) (test for excess errors)
FAIL: libbounds.c/heap/fail27-pointer-addition-from-var-right.c (-O2) (test for excess errors)
FAIL: libbounds.c/heap/fail28-pointer-addition-from-var-left.c (-O2) (test for excess errors)
FAIL: libbounds.c/heap/fail29-pointer-subtraction-from-var.c (-O2) (test for excess errors)
FAIL: libbounds.c/heap/fail30-pointer-address.c (-O2) (test for excess errors)
FAIL: libbounds.c/heap/fail31-pointer-address-from-var.c (-O2) (test for excess errors)
FAIL: libbounds.c/heap/fail32-pointer-address-addition.c (-O2) (test for excess errors)
FAIL: libbounds.c/heap/fail33-pointer-address-addition-from-var.c (-O2) (test for excess errors)
FAIL: libbounds.c/heap/fail40-struct.c (-O2) (test for excess errors)
FAIL: libbounds.c/heap/fail41-struct-array.c (-O2) (test for excess errors)
FAIL: libbounds.c/heap/fail44.struct-nested.c (-O2) (test for excess errors)
FAIL: libbounds.c/heap/pass10-pointer.c (-O2) (test for excess errors)
FAIL: libbounds.c/heap/pass25-pointer-difference.c (-O2) (test for excess errors)
FAIL: libbounds.c/heap/pass26-pointer-oob.c (-O2) (test for excess errors)
FAIL: libbounds.c/heap/pass27-pointer-addition-from-var-right.c (-O2) (test for excess errors)
FAIL: libbounds.c/heap/pass28-pointer-addition-from-var-left.c (-O2) (test for excess errors)
FAIL: libbounds.c/heap/pass29-pointer-subtraction-from-var.c (-O2) (test for excess errors)
FAIL: libbounds.c/heap/pass30-pointer-address.c (-O2) (test for excess errors)
FAIL: libbounds.c/heap/pass31-pointer-address-from-var.c (-O2) (test for excess errors)
FAIL: libbounds.c/heap/pass32-pointer-address-addition.c (-O2) (test for excess errors)
FAIL: libbounds.c/heap/pass33-pointer-address-addition-from-var.c (-O2) (test for excess errors)
FAIL: libbounds.c/heap/pass34-pointer-difference-oob.c (-O2) (test for excess errors)
FAIL: libbounds.c/heap/pass40-struct.c (-O2) (test for excess errors)
FAIL: libbounds.c/heap/pass41-struct-array.c (-O2) (test for excess errors)
FAIL: libbounds.c/heap/pass44.struct-nested.c (-O2) (test for excess errors)
FAIL: libbounds.c/pass06-stackarray-referent-loop.c (-O2) execution test
FAIL: libbounds.c/fail24-pointer-referent-loop.c (-O3) crash test
FAIL: libbounds.c/fail24-pointer-referent-loop.c (-O3) output pattern test
FAIL: libbounds.c/heap/fail24-pointer-referent-loop.c (-O3) output pattern test
FAIL: libbounds.c/heap/fail26-pointer-oob.c (-O3) (test for excess errors)
FAIL: libbounds.c/heap/fail27-pointer-addition-from-var-right.c (-O3) (test for excess errors)
FAIL: libbounds.c/heap/fail28-pointer-addition-from-var-left.c (-O3) (test for excess errors)
FAIL: libbounds.c/heap/fail29-pointer-subtraction-from-var.c (-O3) (test for excess errors)
FAIL: libbounds.c/heap/fail30-pointer-address.c (-O3) (test for excess errors)
FAIL: libbounds.c/heap/fail31-pointer-address-from-var.c (-O3) (test for excess errors)
FAIL: libbounds.c/heap/fail32-pointer-address-addition.c (-O3) (test for excess errors)
FAIL: libbounds.c/heap/fail33-pointer-address-addition-from-var.c (-O3) (test for excess errors)
FAIL: libbounds.c/heap/fail40-struct.c (-O3) (test for excess errors)
FAIL: libbounds.c/heap/fail41-struct-array.c (-O3) (test for excess errors)
FAIL: libbounds.c/heap/fail44.struct-nested.c (-O3) (test for excess errors)
FAIL: libbounds.c/heap/pass10-pointer.c (-O3) (test for excess errors)
FAIL: libbounds.c/heap/pass25-pointer-difference.c (-O3) (test for excess errors)
FAIL: libbounds.c/heap/pass26-pointer-oob.c (-O3) (test for excess errors)
FAIL: libbounds.c/heap/pass27-pointer-addition-from-var-right.c (-O3) (test for excess errors)
FAIL: libbounds.c/heap/pass28-pointer-addition-from-var-left.c (-O3) (test for excess errors)
FAIL: libbounds.c/heap/pass29-pointer-subtraction-from-var.c (-O3) (test for excess errors)
FAIL: libbounds.c/heap/pass30-pointer-address.c (-O3) (test for excess errors)
FAIL: libbounds.c/heap/pass31-pointer-address-from-var.c (-O3) (test for excess errors)
FAIL: libbounds.c/heap/pass32-pointer-address-addition.c (-O3) (test for excess errors)
FAIL: libbounds.c/heap/pass33-pointer-address-addition-from-var.c (-O3) (test for excess errors)
FAIL: libbounds.c/heap/pass34-pointer-difference-oob.c (-O3) (test for excess errors)
FAIL: libbounds.c/heap/pass40-struct.c (-O3) (test for excess errors)
FAIL: libbounds.c/heap/pass41-struct-array.c (-O3) (test for excess errors)
FAIL: libbounds.c/heap/pass44.struct-nested.c (-O3) (test for excess errors)
FAIL: libbounds.cpp/fail02-stackarray.cpp (test for excess errors)
WARNING: libbounds.cpp/fail02-stackarray.cpp compilation failed to produce executable
FAIL: libbounds.cpp/fail03-stack2darray.cpp (test for excess errors)
WARNING: libbounds.cpp/fail03-stack2darray.cpp compilation failed to produce executable
FAIL: libbounds.cpp/fail04-stack3darray.cpp (test for excess errors)
WARNING: libbounds.cpp/fail04-stack3darray.cpp compilation failed to produce executable
FAIL: libbounds.cpp/fail05-stackarray-referent.cpp (test for excess errors)
WARNING: libbounds.cpp/fail05-stackarray-referent.cpp compilation failed to produce executable
FAIL: libbounds.cpp/fail06-stackarray-referent-loop.cpp (test for excess errors)
WARNING: libbounds.cpp/fail06-stackarray-referent-loop.cpp compilation failed to produce executable
FAIL: libbounds.cpp/fail10-pointer.cpp (test for excess errors)
WARNING: libbounds.cpp/fail10-pointer.cpp compilation failed to produce executable
FAIL: libbounds.cpp/fail11-pointer-addition1.cpp (test for excess errors)
WARNING: libbounds.cpp/fail11-pointer-addition1.cpp compilation failed to produce executable
FAIL: libbounds.cpp/fail12-pointer-subtraction1.cpp (test for excess errors)
WARNING: libbounds.cpp/fail12-pointer-subtraction1.cpp compilation failed to produce executable
FAIL: libbounds.cpp/fail13-pointer-addition2.cpp (test for excess errors)
WARNING: libbounds.cpp/fail13-pointer-addition2.cpp compilation failed to produce executable
FAIL: libbounds.cpp/fail14-pointer-subtraction2.cpp (test for excess errors)
WARNING: libbounds.cpp/fail14-pointer-subtraction2.cpp compilation failed to produce executable
FAIL: libbounds.cpp/fail15-pointer-increment.cpp (test for excess errors)
WARNING: libbounds.cpp/fail15-pointer-increment.cpp compilation failed to produce executable
FAIL: libbounds.cpp/fail16-pointer-decrement.cpp (test for excess errors)
WARNING: libbounds.cpp/fail16-pointer-decrement.cpp compilation failed to produce executable
FAIL: libbounds.cpp/fail17-pointer-addition-from-array.cpp (test for excess errors)
WARNING: libbounds.cpp/fail17-pointer-addition-from-array.cpp compilation failed to produce executable
FAIL: libbounds.cpp/fail18-pointer-preincrement.cpp (test for excess errors)
WARNING: libbounds.cpp/fail18-pointer-preincrement.cpp compilation failed to produce executable
FAIL: libbounds.cpp/fail19-pointer-predecrement.cpp (test for excess errors)
WARNING: libbounds.cpp/fail19-pointer-predecrement.cpp compilation failed to produce executable
FAIL: libbounds.cpp/fail20-pointer-addition-init1.cpp (test for excess errors)
WARNING: libbounds.cpp/fail20-pointer-addition-init1.cpp compilation failed to produce executable
FAIL: libbounds.cpp/fail21-pointer-subtraction-init1.cpp (test for excess errors)
WARNING: libbounds.cpp/fail21-pointer-subtraction-init1.cpp compilation failed to produce executable
FAIL: libbounds.cpp/fail22-pointer-addition-from-array-init.cpp (test for excess errors)
WARNING: libbounds.cpp/fail22-pointer-addition-from-array-init.cpp compilation failed to produce executable
FAIL: libbounds.cpp/fail23-pointer-referent.cpp (test for excess errors)
WARNING: libbounds.cpp/fail23-pointer-referent.cpp compilation failed to produce executable
FAIL: libbounds.cpp/fail24-pointer-referent-loop.cpp (test for excess errors)
WARNING: libbounds.cpp/fail24-pointer-referent-loop.cpp compilation failed to produce executable
FAIL: libbounds.cpp/fail26-pointer-oob.cpp (test for excess errors)
WARNING: libbounds.cpp/fail26-pointer-oob.cpp compilation failed to produce executable
FAIL: libbounds.cpp/fail27-pointer-addition-from-var-right.cpp (test for excess errors)
WARNING: libbounds.cpp/fail27-pointer-addition-from-var-right.cpp compilation failed to produce executable
FAIL: libbounds.cpp/fail28-pointer-addition-from-var-left.cpp (test for excess errors)
WARNING: libbounds.cpp/fail28-pointer-addition-from-var-left.cpp compilation failed to produce executable
FAIL: libbounds.cpp/fail29-pointer-subtraction-from-var.cpp (test for excess errors)
WARNING: libbounds.cpp/fail29-pointer-subtraction-from-var.cpp compilation failed to produce executable
FAIL: libbounds.cpp/fail30-pointer-address.cpp (test for excess errors)
WARNING: libbounds.cpp/fail30-pointer-address.cpp compilation failed to produce executable
FAIL: libbounds.cpp/fail31-pointer-address-from-var.cpp (test for excess errors)
WARNING: libbounds.cpp/fail31-pointer-address-from-var.cpp compilation failed to produce executable
FAIL: libbounds.cpp/fail32-pointer-address-addition.cpp (test for excess errors)
WARNING: libbounds.cpp/fail32-pointer-address-addition.cpp compilation failed to produce executable
FAIL: libbounds.cpp/fail33-pointer-address-addition-from-var.cpp (test for excess errors)
WARNING: libbounds.cpp/fail33-pointer-address-addition-from-var.cpp compilation failed to produce executable
FAIL: libbounds.cpp/fail35-function-params.cpp (test for excess errors)
WARNING: libbounds.cpp/fail35-function-params.cpp compilation failed to produce executable
FAIL: libbounds.cpp/fail36-pointer-add-oob.cpp (test for excess errors)
WARNING: libbounds.cpp/fail36-pointer-add-oob.cpp compilation failed to produce executable
FAIL: libbounds.cpp/fail37-pointer-subtract-oob.cpp (test for excess errors)
WARNING: libbounds.cpp/fail37-pointer-subtract-oob.cpp compilation failed to produce executable
FAIL: libbounds.cpp/fail42-struct-string.cpp (test for excess errors)
WARNING: libbounds.cpp/fail42-struct-string.cpp compilation failed to produce executable
FAIL: libbounds.cpp/fail44-struct-nested.cpp (test for excess errors)
WARNING: libbounds.cpp/fail44-struct-nested.cpp compilation failed to produce executable
FAIL: libbounds.cpp/fail46-struct-string-align.cpp (test for excess errors)
WARNING: libbounds.cpp/fail46-struct-string-align.cpp compilation failed to produce executable
FAIL: libbounds.cpp/fail52-class-string.cpp (test for excess errors)
WARNING: libbounds.cpp/fail52-class-string.cpp compilation failed to produce executable
FAIL: libbounds.cpp/fail54-class-nested.cpp (test for excess errors)
WARNING: libbounds.cpp/fail54-class-nested.cpp compilation failed to produce executable
FAIL: libbounds.cpp/fail56-class-string-align.cpp (test for excess errors)
WARNING: libbounds.cpp/fail56-class-string-align.cpp compilation failed to produce executable
FAIL: libbounds.cpp/fail60-vector.cpp (test for excess errors)
WARNING: libbounds.cpp/fail60-vector.cpp compilation failed to produce executable
FAIL: libbounds.cpp/fail61-vector-loop.cpp (test for excess errors)
WARNING: libbounds.cpp/fail61-vector-loop.cpp compilation failed to produce executable
FAIL: libbounds.cpp/heap/fail10-pointer.cpp (test for excess errors)
WARNING: libbounds.cpp/heap/fail10-pointer.cpp compilation failed to produce executable
FAIL: libbounds.cpp/heap/fail11-pointer-addition1.cpp (test for excess errors)
WARNING: libbounds.cpp/heap/fail11-pointer-addition1.cpp compilation failed to produce executable
FAIL: libbounds.cpp/heap/fail12-pointer-subtraction1.cpp (test for excess errors)
WARNING: libbounds.cpp/heap/fail12-pointer-subtraction1.cpp compilation failed to produce executable
FAIL: libbounds.cpp/heap/fail13-pointer-addition2.cpp (test for excess errors)
WARNING: libbounds.cpp/heap/fail13-pointer-addition2.cpp compilation failed to produce executable
FAIL: libbounds.cpp/heap/fail14-pointer-subtraction2.cpp (test for excess errors)
WARNING: libbounds.cpp/heap/fail14-pointer-subtraction2.cpp compilation failed to produce executable
FAIL: libbounds.cpp/heap/fail15-pointer-increment.cpp (test for excess errors)
WARNING: libbounds.cpp/heap/fail15-pointer-increment.cpp compilation failed to produce executable
FAIL: libbounds.cpp/heap/fail16-pointer-decrement.cpp (test for excess errors)
WARNING: libbounds.cpp/heap/fail16-pointer-decrement.cpp compilation failed to produce executable
FAIL: libbounds.cpp/heap/fail17-pointer-addition-from-array.cpp (test for excess errors)
WARNING: libbounds.cpp/heap/fail17-pointer-addition-from-array.cpp compilation failed to produce executable
FAIL: libbounds.cpp/heap/fail18-pointer-preincrement.cpp (test for excess errors)
WARNING: libbounds.cpp/heap/fail18-pointer-preincrement.cpp compilation failed to produce executable
FAIL: libbounds.cpp/heap/fail19-pointer-predecrement.cpp (test for excess errors)
WARNING: libbounds.cpp/heap/fail19-pointer-predecrement.cpp compilation failed to produce executable
FAIL: libbounds.cpp/heap/fail23-pointer-referent.cpp (test for excess errors)
WARNING: libbounds.cpp/heap/fail23-pointer-referent.cpp compilation failed to produce executable
FAIL: libbounds.cpp/heap/fail24-pointer-referent-loop.cpp (test for excess errors)
WARNING: libbounds.cpp/heap/fail24-pointer-referent-loop.cpp compilation failed to produce executable
FAIL: libbounds.cpp/heap/fail26-pointer-oob.cpp (test for excess errors)
WARNING: libbounds.cpp/heap/fail26-pointer-oob.cpp compilation failed to produce executable
FAIL: libbounds.cpp/heap/fail27-pointer-addition-from-var-right.cpp (test for excess errors)
WARNING: libbounds.cpp/heap/fail27-pointer-addition-from-var-right.cpp compilation failed to produce executable
FAIL: libbounds.cpp/heap/fail28-pointer-addition-from-var-left.cpp (test for excess errors)
WARNING: libbounds.cpp/heap/fail28-pointer-addition-from-var-left.cpp compilation failed to produce executable
FAIL: libbounds.cpp/heap/fail29-pointer-subtraction-from-var.cpp (test for excess errors)
WARNING: libbounds.cpp/heap/fail29-pointer-subtraction-from-var.cpp compilation failed to produce executable
FAIL: libbounds.cpp/heap/fail30-pointer-address.cpp (test for excess errors)
WARNING: libbounds.cpp/heap/fail30-pointer-address.cpp compilation failed to produce executable
FAIL: libbounds.cpp/heap/fail31-pointer-address-from-var.cpp (test for excess errors)
WARNING: libbounds.cpp/heap/fail31-pointer-address-from-var.cpp compilation failed to produce executable
FAIL: libbounds.cpp/heap/fail32-pointer-address-addition.cpp (test for excess errors)
WARNING: libbounds.cpp/heap/fail32-pointer-address-addition.cpp compilation failed to produce executable
FAIL: libbounds.cpp/heap/fail33-pointer-address-addition-from-var.cpp (test for excess errors)
WARNING: libbounds.cpp/heap/fail33-pointer-address-addition-from-var.cpp compilation failed to produce executable
FAIL: libbounds.cpp/heap/fail60-vector.cpp (test for excess errors)
WARNING: libbounds.cpp/heap/fail60-vector.cpp compilation failed to produce executable
FAIL: libbounds.cpp/heap/fail61-vector-loop.cpp (test for excess errors)
WARNING: libbounds.cpp/heap/fail61-vector-loop.cpp compilation failed to produce executable
FAIL: libbounds.cpp/heap/pass10-pointer.cpp (test for excess errors)
WARNING: libbounds.cpp/heap/pass10-pointer.cpp compilation failed to produce executable
FAIL: libbounds.cpp/heap/pass11-pointer-addition1.cpp (test for excess errors)
WARNING: libbounds.cpp/heap/pass11-pointer-addition1.cpp compilation failed to produce executable
FAIL: libbounds.cpp/heap/pass12-pointer-subtraction1.cpp (test for excess errors)
WARNING: libbounds.cpp/heap/pass12-pointer-subtraction1.cpp compilation failed to produce executable
FAIL: libbounds.cpp/heap/pass13-pointer-addition2.cpp (test for excess errors)
WARNING: libbounds.cpp/heap/pass13-pointer-addition2.cpp compilation failed to produce executable
FAIL: libbounds.cpp/heap/pass14-pointer-subtraction2.cpp (test for excess errors)
WARNING: libbounds.cpp/heap/pass14-pointer-subtraction2.cpp compilation failed to produce executable
FAIL: libbounds.cpp/heap/pass15-pointer-increment.cpp (test for excess errors)
WARNING: libbounds.cpp/heap/pass15-pointer-increment.cpp compilation failed to produce executable
FAIL: libbounds.cpp/heap/pass16-pointer-decrement.cpp (test for excess errors)
WARNING: libbounds.cpp/heap/pass16-pointer-decrement.cpp compilation failed to produce executable
FAIL: libbounds.cpp/heap/pass17-pointer-addition-from-array.cpp (test for excess errors)
WARNING: libbounds.cpp/heap/pass17-pointer-addition-from-array.cpp compilation failed to produce executable
FAIL: libbounds.cpp/heap/pass18-pointer-preincrement.cpp (test for excess errors)
WARNING: libbounds.cpp/heap/pass18-pointer-preincrement.cpp compilation failed to produce executable
FAIL: libbounds.cpp/heap/pass19-pointer-predecrement.cpp (test for excess errors)
WARNING: libbounds.cpp/heap/pass19-pointer-predecrement.cpp compilation failed to produce executable
FAIL: libbounds.cpp/heap/pass23-pointer-referent.cpp (test for excess errors)
WARNING: libbounds.cpp/heap/pass23-pointer-referent.cpp compilation failed to produce executable
FAIL: libbounds.cpp/heap/pass24-pointer-referent-loop.cpp (test for excess errors)
WARNING: libbounds.cpp/heap/pass24-pointer-referent-loop.cpp compilation failed to produce executable
FAIL: libbounds.cpp/heap/pass25-pointer-difference.cpp (test for excess errors)
WARNING: libbounds.cpp/heap/pass25-pointer-difference.cpp compilation failed to produce executable
FAIL: libbounds.cpp/heap/pass26-pointer-oob.cpp (test for excess errors)
WARNING: libbounds.cpp/heap/pass26-pointer-oob.cpp compilation failed to produce executable
FAIL: libbounds.cpp/heap/pass27-pointer-addition-from-var-right.cpp (test for excess errors)
WARNING: libbounds.cpp/heap/pass27-pointer-addition-from-var-right.cpp compilation failed to produce executable
FAIL: libbounds.cpp/heap/pass28-pointer-addition-from-var-left.cpp (test for excess errors)
WARNING: libbounds.cpp/heap/pass28-pointer-addition-from-var-left.cpp compilation failed to produce executable
FAIL: libbounds.cpp/heap/pass29-pointer-subtraction-from-var.cpp (test for excess errors)
WARNING: libbounds.cpp/heap/pass29-pointer-subtraction-from-var.cpp compilation failed to produce executable
FAIL: libbounds.cpp/heap/pass30-pointer-address.cpp (test for excess errors)
WARNING: libbounds.cpp/heap/pass30-pointer-address.cpp compilation failed to produce executable
FAIL: libbounds.cpp/heap/pass31-pointer-address-from-var.cpp (test for excess errors)
WARNING: libbounds.cpp/heap/pass31-pointer-address-from-var.cpp compilation failed to produce executable
FAIL: libbounds.cpp/heap/pass32-pointer-address-addition.cpp (test for excess errors)
WARNING: libbounds.cpp/heap/pass32-pointer-address-addition.cpp compilation failed to produce executable
FAIL: libbounds.cpp/heap/pass33-pointer-address-addition-from-var.cpp (test for excess errors)
WARNING: libbounds.cpp/heap/pass33-pointer-address-addition-from-var.cpp compilation failed to produce executable
FAIL: libbounds.cpp/heap/pass34-pointer-difference-oob.cpp (test for excess errors)
WARNING: libbounds.cpp/heap/pass34-pointer-difference-oob.cpp compilation failed to produce executable
FAIL: libbounds.cpp/heap/pass60-vector.cpp (test for excess errors)
WARNING: libbounds.cpp/heap/pass60-vector.cpp compilation failed to produce executable
FAIL: libbounds.cpp/heap/pass61-vector-loop.cpp (test for excess errors)
WARNING: libbounds.cpp/heap/pass61-vector-loop.cpp compilation failed to produce executable
FAIL: libbounds.cpp/pass01-noop.cpp (test for excess errors)
WARNING: libbounds.cpp/pass01-noop.cpp compilation failed to produce executable
FAIL: libbounds.cpp/pass02-stackarray.cpp (test for excess errors)
WARNING: libbounds.cpp/pass02-stackarray.cpp compilation failed to produce executable
FAIL: libbounds.cpp/pass03-stack2darray.cpp (test for excess errors)
WARNING: libbounds.cpp/pass03-stack2darray.cpp compilation failed to produce executable
FAIL: libbounds.cpp/pass04-stack3darray.cpp (test for excess errors)
WARNING: libbounds.cpp/pass04-stack3darray.cpp compilation failed to produce executable
FAIL: libbounds.cpp/pass05-stackarray-referent.cpp (test for excess errors)
WARNING: libbounds.cpp/pass05-stackarray-referent.cpp compilation failed to produce executable
FAIL: libbounds.cpp/pass06-stackarray-referent-loop.cpp (test for excess errors)
WARNING: libbounds.cpp/pass06-stackarray-referent-loop.cpp compilation failed to produce executable
FAIL: libbounds.cpp/pass10-pointer.cpp (test for excess errors)
WARNING: libbounds.cpp/pass10-pointer.cpp compilation failed to produce executable
FAIL: libbounds.cpp/pass11-pointer-addition1.cpp (test for excess errors)
WARNING: libbounds.cpp/pass11-pointer-addition1.cpp compilation failed to produce executable
FAIL: libbounds.cpp/pass12-pointer-subtraction1.cpp (test for excess errors)
WARNING: libbounds.cpp/pass12-pointer-subtraction1.cpp compilation failed to produce executable
FAIL: libbounds.cpp/pass13-pointer-addition2.cpp (test for excess errors)
WARNING: libbounds.cpp/pass13-pointer-addition2.cpp compilation failed to produce executable
FAIL: libbounds.cpp/pass14-pointer-subtraction2.cpp (test for excess errors)
WARNING: libbounds.cpp/pass14-pointer-subtraction2.cpp compilation failed to produce executable
FAIL: libbounds.cpp/pass15-pointer-increment.cpp (test for excess errors)
WARNING: libbounds.cpp/pass15-pointer-increment.cpp compilation failed to produce executable
FAIL: libbounds.cpp/pass16-pointer-decrement.cpp (test for excess errors)
WARNING: libbounds.cpp/pass16-pointer-decrement.cpp compilation failed to produce executable
FAIL: libbounds.cpp/pass17-pointer-addition-from-array.cpp (test for excess errors)
WARNING: libbounds.cpp/pass17-pointer-addition-from-array.cpp compilation failed to produce executable
FAIL: libbounds.cpp/pass18-pointer-preincrement.cpp (test for excess errors)
WARNING: libbounds.cpp/pass18-pointer-preincrement.cpp compilation failed to produce executable
FAIL: libbounds.cpp/pass19-pointer-predecrement.cpp (test for excess errors)
WARNING: libbounds.cpp/pass19-pointer-predecrement.cpp compilation failed to produce executable
FAIL: libbounds.cpp/pass20-pointer-addition-init1.cpp (test for excess errors)
WARNING: libbounds.cpp/pass20-pointer-addition-init1.cpp compilation failed to produce executable
FAIL: libbounds.cpp/pass21-pointer-subtraction-init1.cpp (test for excess errors)
WARNING: libbounds.cpp/pass21-pointer-subtraction-init1.cpp compilation failed to produce executable
FAIL: libbounds.cpp/pass22-pointer-addition-from-array-init.cpp (test for excess errors)
WARNING: libbounds.cpp/pass22-pointer-addition-from-array-init.cpp compilation failed to produce executable
FAIL: libbounds.cpp/pass23-pointer-referent.cpp (test for excess errors)
WARNING: libbounds.cpp/pass23-pointer-referent.cpp compilation failed to produce executable
FAIL: libbounds.cpp/pass24-pointer-referent-loop.cpp (test for excess errors)
WARNING: libbounds.cpp/pass24-pointer-referent-loop.cpp compilation failed to produce executable
FAIL: libbounds.cpp/pass25-pointer-difference.cpp (test for excess errors)
WARNING: libbounds.cpp/pass25-pointer-difference.cpp compilation failed to produce executable
FAIL: libbounds.cpp/pass26-pointer-oob.cpp (test for excess errors)
WARNING: libbounds.cpp/pass26-pointer-oob.cpp compilation failed to produce executable
FAIL: libbounds.cpp/pass27-pointer-addition-from-var-right.cpp (test for excess errors)
WARNING: libbounds.cpp/pass27-pointer-addition-from-var-right.cpp compilation failed to produce executable
FAIL: libbounds.cpp/pass28-pointer-addition-from-var-left.cpp (test for excess errors)
WARNING: libbounds.cpp/pass28-pointer-addition-from-var-left.cpp compilation failed to produce executable
FAIL: libbounds.cpp/pass29-pointer-subtraction-from-var.cpp (test for excess errors)
WARNING: libbounds.cpp/pass29-pointer-subtraction-from-var.cpp compilation failed to produce executable
FAIL: libbounds.cpp/pass30-pointer-address.cpp (test for excess errors)
WARNING: libbounds.cpp/pass30-pointer-address.cpp compilation failed to produce executable
FAIL: libbounds.cpp/pass31-pointer-address-from-var.cpp (test for excess errors)
WARNING: libbounds.cpp/pass31-pointer-address-from-var.cpp compilation failed to produce executable
FAIL: libbounds.cpp/pass32-pointer-address-addition.cpp (test for excess errors)
WARNING: libbounds.cpp/pass32-pointer-address-addition.cpp compilation failed to produce executable
FAIL: libbounds.cpp/pass33-pointer-address-addition-from-var.cpp (test for excess errors)
WARNING: libbounds.cpp/pass33-pointer-address-addition-from-var.cpp compilation failed to produce executable
FAIL: libbounds.cpp/pass34-pointer-difference-oob.cpp (test for excess errors)
WARNING: libbounds.cpp/pass34-pointer-difference-oob.cpp compilation failed to produce executable
FAIL: libbounds.cpp/pass35-function-params.cpp (test for excess errors)
WARNING: libbounds.cpp/pass35-function-params.cpp compilation failed to produce executable
FAIL: libbounds.cpp/pass36-pointer-add-oob.cpp (test for excess errors)
WARNING: libbounds.cpp/pass36-pointer-add-oob.cpp compilation failed to produce executable
FAIL: libbounds.cpp/pass37-pointer-subtract-oob.cpp (test for excess errors)
WARNING: libbounds.cpp/pass37-pointer-subtract-oob.cpp compilation failed to produce executable
FAIL: libbounds.cpp/pass38-pointer-add-zero.cpp (test for excess errors)
WARNING: libbounds.cpp/pass38-pointer-add-zero.cpp compilation failed to produce executable
FAIL: libbounds.cpp/pass40-struct.cpp (test for excess errors)
WARNING: libbounds.cpp/pass40-struct.cpp compilation failed to produce executable
FAIL: libbounds.cpp/pass41-struct-array.cpp (test for excess errors)
WARNING: libbounds.cpp/pass41-struct-array.cpp compilation failed to produce executable
FAIL: libbounds.cpp/pass42-struct-string.cpp (test for excess errors)
WARNING: libbounds.cpp/pass42-struct-string.cpp compilation failed to produce executable
FAIL: libbounds.cpp/pass44-struct-nested.cpp (test for excess errors)
WARNING: libbounds.cpp/pass44-struct-nested.cpp compilation failed to produce executable
FAIL: libbounds.cpp/pass46-struct-string-align.cpp (test for excess errors)
WARNING: libbounds.cpp/pass46-struct-string-align.cpp compilation failed to produce executable
FAIL: libbounds.cpp/pass50-class.cpp (test for excess errors)
WARNING: libbounds.cpp/pass50-class.cpp compilation failed to produce executable
FAIL: libbounds.cpp/pass51-class-array.cpp (test for excess errors)
WARNING: libbounds.cpp/pass51-class-array.cpp compilation failed to produce executable
FAIL: libbounds.cpp/pass52-class-string.cpp (test for excess errors)
WARNING: libbounds.cpp/pass52-class-string.cpp compilation failed to produce executable
FAIL: libbounds.cpp/pass54-class-nested.cpp (test for excess errors)
WARNING: libbounds.cpp/pass54-class-nested.cpp compilation failed to produce executable
FAIL: libbounds.cpp/pass56-class-string-align.cpp (test for excess errors)
WARNING: libbounds.cpp/pass56-class-string-align.cpp compilation failed to produce executable
FAIL: libbounds.cpp/pass60-vector.cpp (test for excess errors)
WARNING: libbounds.cpp/pass60-vector.cpp compilation failed to produce executable
FAIL: libbounds.cpp/pass61-vector-loop.cpp (test for excess errors)
WARNING: libbounds.cpp/pass61-vector-loop.cpp compilation failed to produce executable
FAIL: libbounds.cpp/pass62-pushback.cpp (test for excess errors)
WARNING: libbounds.cpp/pass62-pushback.cpp compilation failed to produce executable
FAIL: libbounds.cpp/pass63-stack.cpp (test for excess errors)
WARNING: libbounds.cpp/pass63-stack.cpp compilation failed to produce executable
FAIL: libbounds.cpp/fail02-stackarray.cpp (-O2) (test for excess errors)
WARNING: libbounds.cpp/fail02-stackarray.cpp (-O2) compilation failed to produce executable
FAIL: libbounds.cpp/fail03-stack2darray.cpp (-O2) (test for excess errors)
WARNING: libbounds.cpp/fail03-stack2darray.cpp (-O2) compilation failed to produce executable
FAIL: libbounds.cpp/fail04-stack3darray.cpp (-O2) (test for excess errors)
WARNING: libbounds.cpp/fail04-stack3darray.cpp (-O2) compilation failed to produce executable
FAIL: libbounds.cpp/fail05-stackarray-referent.cpp (-O2) (test for excess errors)
WARNING: libbounds.cpp/fail05-stackarray-referent.cpp (-O2) compilation failed to produce executable
FAIL: libbounds.cpp/fail06-stackarray-referent-loop.cpp (-O2) (test for excess errors)
WARNING: libbounds.cpp/fail06-stackarray-referent-loop.cpp (-O2) compilation failed to produce executable
FAIL: libbounds.cpp/fail10-pointer.cpp (-O2) (test for excess errors)
WARNING: libbounds.cpp/fail10-pointer.cpp (-O2) compilation failed to produce executable
FAIL: libbounds.cpp/fail11-pointer-addition1.cpp (-O2) (test for excess errors)
WARNING: libbounds.cpp/fail11-pointer-addition1.cpp (-O2) compilation failed to produce executable
FAIL: libbounds.cpp/fail12-pointer-subtraction1.cpp (-O2) (test for excess errors)
WARNING: libbounds.cpp/fail12-pointer-subtraction1.cpp (-O2) compilation failed to produce executable
FAIL: libbounds.cpp/fail13-pointer-addition2.cpp (-O2) (test for excess errors)
WARNING: libbounds.cpp/fail13-pointer-addition2.cpp (-O2) compilation failed to produce executable
FAIL: libbounds.cpp/fail14-pointer-subtraction2.cpp (-O2) (test for excess errors)
WARNING: libbounds.cpp/fail14-pointer-subtraction2.cpp (-O2) compilation failed to produce executable
FAIL: libbounds.cpp/fail15-pointer-increment.cpp (-O2) (test for excess errors)
WARNING: libbounds.cpp/fail15-pointer-increment.cpp (-O2) compilation failed to produce executable
FAIL: libbounds.cpp/fail16-pointer-decrement.cpp (-O2) (test for excess errors)
WARNING: libbounds.cpp/fail16-pointer-decrement.cpp (-O2) compilation failed to produce executable
FAIL: libbounds.cpp/fail17-pointer-addition-from-array.cpp (-O2) (test for excess errors)
WARNING: libbounds.cpp/fail17-pointer-addition-from-array.cpp (-O2) compilation failed to produce executable
FAIL: libbounds.cpp/fail18-pointer-preincrement.cpp (-O2) (test for excess errors)
WARNING: libbounds.cpp/fail18-pointer-preincrement.cpp (-O2) compilation failed to produce executable
FAIL: libbounds.cpp/fail19-pointer-predecrement.cpp (-O2) (test for excess errors)
WARNING: libbounds.cpp/fail19-pointer-predecrement.cpp (-O2) compilation failed to produce executable
FAIL: libbounds.cpp/fail20-pointer-addition-init1.cpp (-O2) (test for excess errors)
WARNING: libbounds.cpp/fail20-pointer-addition-init1.cpp (-O2) compilation failed to produce executable
FAIL: libbounds.cpp/fail21-pointer-subtraction-init1.cpp (-O2) (test for excess errors)
WARNING: libbounds.cpp/fail21-pointer-subtraction-init1.cpp (-O2) compilation failed to produce executable
FAIL: libbounds.cpp/fail22-pointer-addition-from-array-init.cpp (-O2) (test for excess errors)
WARNING: libbounds.cpp/fail22-pointer-addition-from-array-init.cpp (-O2) compilation failed to produce executable
FAIL: libbounds.cpp/fail23-pointer-referent.cpp (-O2) (test for excess errors)
WARNING: libbounds.cpp/fail23-pointer-referent.cpp (-O2) compilation failed to produce executable
FAIL: libbounds.cpp/fail24-pointer-referent-loop.cpp (-O2) (test for excess errors)
WARNING: libbounds.cpp/fail24-pointer-referent-loop.cpp (-O2) compilation failed to produce executable
FAIL: libbounds.cpp/fail26-pointer-oob.cpp (-O2) (test for excess errors)
WARNING: libbounds.cpp/fail26-pointer-oob.cpp (-O2) compilation failed to produce executable
FAIL: libbounds.cpp/fail27-pointer-addition-from-var-right.cpp (-O2) (test for excess errors)
WARNING: libbounds.cpp/fail27-pointer-addition-from-var-right.cpp (-O2) compilation failed to produce executable
FAIL: libbounds.cpp/fail28-pointer-addition-from-var-left.cpp (-O2) (test for excess errors)
WARNING: libbounds.cpp/fail28-pointer-addition-from-var-left.cpp (-O2) compilation failed to produce executable
FAIL: libbounds.cpp/fail29-pointer-subtraction-from-var.cpp (-O2) (test for excess errors)
WARNING: libbounds.cpp/fail29-pointer-subtraction-from-var.cpp (-O2) compilation failed to produce executable
FAIL: libbounds.cpp/fail30-pointer-address.cpp (-O2) (test for excess errors)
WARNING: libbounds.cpp/fail30-pointer-address.cpp (-O2) compilation failed to produce executable
FAIL: libbounds.cpp/fail31-pointer-address-from-var.cpp (-O2) (test for excess errors)
WARNING: libbounds.cpp/fail31-pointer-address-from-var.cpp (-O2) compilation failed to produce executable
FAIL: libbounds.cpp/fail32-pointer-address-addition.cpp (-O2) (test for excess errors)
WARNING: libbounds.cpp/fail32-pointer-address-addition.cpp (-O2) compilation failed to produce executable
FAIL: libbounds.cpp/fail33-pointer-address-addition-from-var.cpp (-O2) (test for excess errors)
WARNING: libbounds.cpp/fail33-pointer-address-addition-from-var.cpp (-O2) compilation failed to produce executable
FAIL: libbounds.cpp/fail35-function-params.cpp (-O2) (test for excess errors)
WARNING: libbounds.cpp/fail35-function-params.cpp (-O2) compilation failed to produce executable
FAIL: libbounds.cpp/fail36-pointer-add-oob.cpp (-O2) (test for excess errors)
WARNING: libbounds.cpp/fail36-pointer-add-oob.cpp (-O2) compilation failed to produce executable
FAIL: libbounds.cpp/fail37-pointer-subtract-oob.cpp (-O2) (test for excess errors)
WARNING: libbounds.cpp/fail37-pointer-subtract-oob.cpp (-O2) compilation failed to produce executable
FAIL: libbounds.cpp/fail42-struct-string.cpp (-O2) (test for excess errors)
WARNING: libbounds.cpp/fail42-struct-string.cpp (-O2) compilation failed to produce executable
FAIL: libbounds.cpp/fail44-struct-nested.cpp (-O2) (test for excess errors)
WARNING: libbounds.cpp/fail44-struct-nested.cpp (-O2) compilation failed to produce executable
FAIL: libbounds.cpp/fail46-struct-string-align.cpp (-O2) (test for excess errors)
WARNING: libbounds.cpp/fail46-struct-string-align.cpp (-O2) compilation failed to produce executable
FAIL: libbounds.cpp/fail52-class-string.cpp (-O2) (test for excess errors)
WARNING: libbounds.cpp/fail52-class-string.cpp (-O2) compilation failed to produce executable
FAIL: libbounds.cpp/fail54-class-nested.cpp (-O2) (test for excess errors)
WARNING: libbounds.cpp/fail54-class-nested.cpp (-O2) compilation failed to produce executable
FAIL: libbounds.cpp/fail56-class-string-align.cpp (-O2) (test for excess errors)
WARNING: libbounds.cpp/fail56-class-string-align.cpp (-O2) compilation failed to produce executable
FAIL: libbounds.cpp/fail60-vector.cpp (-O2) (test for excess errors)
WARNING: libbounds.cpp/fail60-vector.cpp (-O2) compilation failed to produce executable
FAIL: libbounds.cpp/fail61-vector-loop.cpp (-O2) (test for excess errors)
WARNING: libbounds.cpp/fail61-vector-loop.cpp (-O2) compilation failed to produce executable
FAIL: libbounds.cpp/heap/fail10-pointer.cpp (-O2) (test for excess errors)
WARNING: libbounds.cpp/heap/fail10-pointer.cpp (-O2) compilation failed to produce executable
FAIL: libbounds.cpp/heap/fail11-pointer-addition1.cpp (-O2) (test for excess errors)
WARNING: libbounds.cpp/heap/fail11-pointer-addition1.cpp (-O2) compilation failed to produce executable
FAIL: libbounds.cpp/heap/fail12-pointer-subtraction1.cpp (-O2) (test for excess errors)
WARNING: libbounds.cpp/heap/fail12-pointer-subtraction1.cpp (-O2) compilation failed to produce executable
FAIL: libbounds.cpp/heap/fail13-pointer-addition2.cpp (-O2) (test for excess errors)
WARNING: libbounds.cpp/heap/fail13-pointer-addition2.cpp (-O2) compilation failed to produce executable
FAIL: libbounds.cpp/heap/fail14-pointer-subtraction2.cpp (-O2) (test for excess errors)
WARNING: libbounds.cpp/heap/fail14-pointer-subtraction2.cpp (-O2) compilation failed to produce executable
FAIL: libbounds.cpp/heap/fail15-pointer-increment.cpp (-O2) (test for excess errors)
WARNING: libbounds.cpp/heap/fail15-pointer-increment.cpp (-O2) compilation failed to produce executable
FAIL: libbounds.cpp/heap/fail16-pointer-decrement.cpp (-O2) (test for excess errors)
WARNING: libbounds.cpp/heap/fail16-pointer-decrement.cpp (-O2) compilation failed to produce executable
FAIL: libbounds.cpp/heap/fail17-pointer-addition-from-array.cpp (-O2) (test for excess errors)
WARNING: libbounds.cpp/heap/fail17-pointer-addition-from-array.cpp (-O2) compilation failed to produce executable
FAIL: libbounds.cpp/heap/fail18-pointer-preincrement.cpp (-O2) (test for excess errors)
WARNING: libbounds.cpp/heap/fail18-pointer-preincrement.cpp (-O2) compilation failed to produce executable
FAIL: libbounds.cpp/heap/fail19-pointer-predecrement.cpp (-O2) (test for excess errors)
WARNING: libbounds.cpp/heap/fail19-pointer-predecrement.cpp (-O2) compilation failed to produce executable
FAIL: libbounds.cpp/heap/fail23-pointer-referent.cpp (-O2) (test for excess errors)
WARNING: libbounds.cpp/heap/fail23-pointer-referent.cpp (-O2) compilation failed to produce executable
FAIL: libbounds.cpp/heap/fail24-pointer-referent-loop.cpp (-O2) (test for excess errors)
WARNING: libbounds.cpp/heap/fail24-pointer-referent-loop.cpp (-O2) compilation failed to produce executable
FAIL: libbounds.cpp/heap/fail26-pointer-oob.cpp (-O2) (test for excess errors)
WARNING: libbounds.cpp/heap/fail26-pointer-oob.cpp (-O2) compilation failed to produce executable
FAIL: libbounds.cpp/heap/fail27-pointer-addition-from-var-right.cpp (-O2) (test for excess errors)
WARNING: libbounds.cpp/heap/fail27-pointer-addition-from-var-right.cpp (-O2) compilation failed to produce executable
FAIL: libbounds.cpp/heap/fail28-pointer-addition-from-var-left.cpp (-O2) (test for excess errors)
WARNING: libbounds.cpp/heap/fail28-pointer-addition-from-var-left.cpp (-O2) compilation failed to produce executable
FAIL: libbounds.cpp/heap/fail29-pointer-subtraction-from-var.cpp (-O2) (test for excess errors)
WARNING: libbounds.cpp/heap/fail29-pointer-subtraction-from-var.cpp (-O2) compilation failed to produce executable
FAIL: libbounds.cpp/heap/fail30-pointer-address.cpp (-O2) (test for excess errors)
WARNING: libbounds.cpp/heap/fail30-pointer-address.cpp (-O2) compilation failed to produce executable
FAIL: libbounds.cpp/heap/fail31-pointer-address-from-var.cpp (-O2) (test for excess errors)
WARNING: libbounds.cpp/heap/fail31-pointer-address-from-var.cpp (-O2) compilation failed to produce executable
FAIL: libbounds.cpp/heap/fail32-pointer-address-addition.cpp (-O2) (test for excess errors)
WARNING: libbounds.cpp/heap/fail32-pointer-address-addition.cpp (-O2) compilation failed to produce executable
FAIL: libbounds.cpp/heap/fail33-pointer-address-addition-from-var.cpp (-O2) (test for excess errors)
WARNING: libbounds.cpp/heap/fail33-pointer-address-addition-from-var.cpp (-O2) compilation failed to produce executable
FAIL: libbounds.cpp/heap/fail60-vector.cpp (-O2) (test for excess errors)
WARNING: libbounds.cpp/heap/fail60-vector.cpp (-O2) compilation failed to produce executable
FAIL: libbounds.cpp/heap/fail61-vector-loop.cpp (-O2) (test for excess errors)
WARNING: libbounds.cpp/heap/fail61-vector-loop.cpp (-O2) compilation failed to produce executable
FAIL: libbounds.cpp/heap/pass10-pointer.cpp (-O2) (test for excess errors)
WARNING: libbounds.cpp/heap/pass10-pointer.cpp (-O2) compilation failed to produce executable
FAIL: libbounds.cpp/heap/pass11-pointer-addition1.cpp (-O2) (test for excess errors)
WARNING: libbounds.cpp/heap/pass11-pointer-addition1.cpp (-O2) compilation failed to produce executable
FAIL: libbounds.cpp/heap/pass12-pointer-subtraction1.cpp (-O2) (test for excess errors)
WARNING: libbounds.cpp/heap/pass12-pointer-subtraction1.cpp (-O2) compilation failed to produce executable
FAIL: libbounds.cpp/heap/pass13-pointer-addition2.cpp (-O2) (test for excess errors)
WARNING: libbounds.cpp/heap/pass13-pointer-addition2.cpp (-O2) compilation failed to produce executable
FAIL: libbounds.cpp/heap/pass14-pointer-subtraction2.cpp (-O2) (test for excess errors)
WARNING: libbounds.cpp/heap/pass14-pointer-subtraction2.cpp (-O2) compilation failed to produce executable
FAIL: libbounds.cpp/heap/pass15-pointer-increment.cpp (-O2) (test for excess errors)
WARNING: libbounds.cpp/heap/pass15-pointer-increment.cpp (-O2) compilation failed to produce executable
FAIL: libbounds.cpp/heap/pass16-pointer-decrement.cpp (-O2) (test for excess errors)
WARNING: libbounds.cpp/heap/pass16-pointer-decrement.cpp (-O2) compilation failed to produce executable
FAIL: libbounds.cpp/heap/pass17-pointer-addition-from-array.cpp (-O2) (test for excess errors)
WARNING: libbounds.cpp/heap/pass17-pointer-addition-from-array.cpp (-O2) compilation failed to produce executable
FAIL: libbounds.cpp/heap/pass18-pointer-preincrement.cpp (-O2) (test for excess errors)
WARNING: libbounds.cpp/heap/pass18-pointer-preincrement.cpp (-O2) compilation failed to produce executable
FAIL: libbounds.cpp/heap/pass19-pointer-predecrement.cpp (-O2) (test for excess errors)
WARNING: libbounds.cpp/heap/pass19-pointer-predecrement.cpp (-O2) compilation failed to produce executable
FAIL: libbounds.cpp/heap/pass23-pointer-referent.cpp (-O2) (test for excess errors)
WARNING: libbounds.cpp/heap/pass23-pointer-referent.cpp (-O2) compilation failed to produce executable
FAIL: libbounds.cpp/heap/pass24-pointer-referent-loop.cpp (-O2) (test for excess errors)
WARNING: libbounds.cpp/heap/pass24-pointer-referent-loop.cpp (-O2) compilation failed to produce executable
FAIL: libbounds.cpp/heap/pass25-pointer-difference.cpp (-O2) (test for excess errors)
WARNING: libbounds.cpp/heap/pass25-pointer-difference.cpp (-O2) compilation failed to produce executable
FAIL: libbounds.cpp/heap/pass26-pointer-oob.cpp (-O2) (test for excess errors)
WARNING: libbounds.cpp/heap/pass26-pointer-oob.cpp (-O2) compilation failed to produce executable
FAIL: libbounds.cpp/heap/pass27-pointer-addition-from-var-right.cpp (-O2) (test for excess errors)
WARNING: libbounds.cpp/heap/pass27-pointer-addition-from-var-right.cpp (-O2) compilation failed to produce executable
FAIL: libbounds.cpp/heap/pass28-pointer-addition-from-var-left.cpp (-O2) (test for excess errors)
WARNING: libbounds.cpp/heap/pass28-pointer-addition-from-var-left.cpp (-O2) compilation failed to produce executable
FAIL: libbounds.cpp/heap/pass29-pointer-subtraction-from-var.cpp (-O2) (test for excess errors)
WARNING: libbounds.cpp/heap/pass29-pointer-subtraction-from-var.cpp (-O2) compilation failed to produce executable
FAIL: libbounds.cpp/heap/pass30-pointer-address.cpp (-O2) (test for excess errors)
WARNING: libbounds.cpp/heap/pass30-pointer-address.cpp (-O2) compilation failed to produce executable
FAIL: libbounds.cpp/heap/pass31-pointer-address-from-var.cpp (-O2) (test for excess errors)
WARNING: libbounds.cpp/heap/pass31-pointer-address-from-var.cpp (-O2) compilation failed to produce executable
FAIL: libbounds.cpp/heap/pass32-pointer-address-addition.cpp (-O2) (test for excess errors)
WARNING: libbounds.cpp/heap/pass32-pointer-address-addition.cpp (-O2) compilation failed to produce executable
FAIL: libbounds.cpp/heap/pass33-pointer-address-addition-from-var.cpp (-O2) (test for excess errors)
WARNING: libbounds.cpp/heap/pass33-pointer-address-addition-from-var.cpp (-O2) compilation failed to produce executable
FAIL: libbounds.cpp/heap/pass34-pointer-difference-oob.cpp (-O2) (test for excess errors)
WARNING: libbounds.cpp/heap/pass34-pointer-difference-oob.cpp (-O2) compilation failed to produce executable
FAIL: libbounds.cpp/heap/pass60-vector.cpp (-O2) (test for excess errors)
WARNING: libbounds.cpp/heap/pass60-vector.cpp (-O2) compilation failed to produce executable
FAIL: libbounds.cpp/heap/pass61-vector-loop.cpp (-O2) (test for excess errors)
WARNING: libbounds.cpp/heap/pass61-vector-loop.cpp (-O2) compilation failed to produce executable
FAIL: libbounds.cpp/pass01-noop.cpp (-O2) (test for excess errors)
WARNING: libbounds.cpp/pass01-noop.cpp (-O2) compilation failed to produce executable
FAIL: libbounds.cpp/pass02-stackarray.cpp (-O2) (test for excess errors)
WARNING: libbounds.cpp/pass02-stackarray.cpp (-O2) compilation failed to produce executable
FAIL: libbounds.cpp/pass03-stack2darray.cpp (-O2) (test for excess errors)
WARNING: libbounds.cpp/pass03-stack2darray.cpp (-O2) compilation failed to produce executable
FAIL: libbounds.cpp/pass04-stack3darray.cpp (-O2) (test for excess errors)
WARNING: libbounds.cpp/pass04-stack3darray.cpp (-O2) compilation failed to produce executable
FAIL: libbounds.cpp/pass05-stackarray-referent.cpp (-O2) (test for excess errors)
WARNING: libbounds.cpp/pass05-stackarray-referent.cpp (-O2) compilation failed to produce executable
FAIL: libbounds.cpp/pass06-stackarray-referent-loop.cpp (-O2) (test for excess errors)
WARNING: libbounds.cpp/pass06-stackarray-referent-loop.cpp (-O2) compilation failed to produce executable
FAIL: libbounds.cpp/pass10-pointer.cpp (-O2) (test for excess errors)
WARNING: libbounds.cpp/pass10-pointer.cpp (-O2) compilation failed to produce executable
FAIL: libbounds.cpp/pass11-pointer-addition1.cpp (-O2) (test for excess errors)
WARNING: libbounds.cpp/pass11-pointer-addition1.cpp (-O2) compilation failed to produce executable
FAIL: libbounds.cpp/pass12-pointer-subtraction1.cpp (-O2) (test for excess errors)
WARNING: libbounds.cpp/pass12-pointer-subtraction1.cpp (-O2) compilation failed to produce executable
FAIL: libbounds.cpp/pass13-pointer-addition2.cpp (-O2) (test for excess errors)
WARNING: libbounds.cpp/pass13-pointer-addition2.cpp (-O2) compilation failed to produce executable
FAIL: libbounds.cpp/pass14-pointer-subtraction2.cpp (-O2) (test for excess errors)
WARNING: libbounds.cpp/pass14-pointer-subtraction2.cpp (-O2) compilation failed to produce executable
FAIL: libbounds.cpp/pass15-pointer-increment.cpp (-O2) (test for excess errors)
WARNING: libbounds.cpp/pass15-pointer-increment.cpp (-O2) compilation failed to produce executable
FAIL: libbounds.cpp/pass16-pointer-decrement.cpp (-O2) (test for excess errors)
WARNING: libbounds.cpp/pass16-pointer-decrement.cpp (-O2) compilation failed to produce executable
FAIL: libbounds.cpp/pass17-pointer-addition-from-array.cpp (-O2) (test for excess errors)
WARNING: libbounds.cpp/pass17-pointer-addition-from-array.cpp (-O2) compilation failed to produce executable
FAIL: libbounds.cpp/pass18-pointer-preincrement.cpp (-O2) (test for excess errors)
WARNING: libbounds.cpp/pass18-pointer-preincrement.cpp (-O2) compilation failed to produce executable
FAIL: libbounds.cpp/pass19-pointer-predecrement.cpp (-O2) (test for excess errors)
WARNING: libbounds.cpp/pass19-pointer-predecrement.cpp (-O2) compilation failed to produce executable
FAIL: libbounds.cpp/pass20-pointer-addition-init1.cpp (-O2) (test for excess errors)
WARNING: libbounds.cpp/pass20-pointer-addition-init1.cpp (-O2) compilation failed to produce executable
FAIL: libbounds.cpp/pass21-pointer-subtraction-init1.cpp (-O2) (test for excess errors)
WARNING: libbounds.cpp/pass21-pointer-subtraction-init1.cpp (-O2) compilation failed to produce executable
FAIL: libbounds.cpp/pass22-pointer-addition-from-array-init.cpp (-O2) (test for excess errors)
WARNING: libbounds.cpp/pass22-pointer-addition-from-array-init.cpp (-O2) compilation failed to produce executable
FAIL: libbounds.cpp/pass23-pointer-referent.cpp (-O2) (test for excess errors)
WARNING: libbounds.cpp/pass23-pointer-referent.cpp (-O2) compilation failed to produce executable
FAIL: libbounds.cpp/pass24-pointer-referent-loop.cpp (-O2) (test for excess errors)
WARNING: libbounds.cpp/pass24-pointer-referent-loop.cpp (-O2) compilation failed to produce executable
FAIL: libbounds.cpp/pass25-pointer-difference.cpp (-O2) (test for excess errors)
WARNING: libbounds.cpp/pass25-pointer-difference.cpp (-O2) compilation failed to produce executable
FAIL: libbounds.cpp/pass26-pointer-oob.cpp (-O2) (test for excess errors)
WARNING: libbounds.cpp/pass26-pointer-oob.cpp (-O2) compilation failed to produce executable
FAIL: libbounds.cpp/pass27-pointer-addition-from-var-right.cpp (-O2) (test for excess errors)
WARNING: libbounds.cpp/pass27-pointer-addition-from-var-right.cpp (-O2) compilation failed to produce executable
FAIL: libbounds.cpp/pass28-pointer-addition-from-var-left.cpp (-O2) (test for excess errors)
WARNING: libbounds.cpp/pass28-pointer-addition-from-var-left.cpp (-O2) compilation failed to produce executable
FAIL: libbounds.cpp/pass29-pointer-subtraction-from-var.cpp (-O2) (test for excess errors)
WARNING: libbounds.cpp/pass29-pointer-subtraction-from-var.cpp (-O2) compilation failed to produce executable
FAIL: libbounds.cpp/pass30-pointer-address.cpp (-O2) (test for excess errors)
WARNING: libbounds.cpp/pass30-pointer-address.cpp (-O2) compilation failed to produce executable
FAIL: libbounds.cpp/pass31-pointer-address-from-var.cpp (-O2) (test for excess errors)
WARNING: libbounds.cpp/pass31-pointer-address-from-var.cpp (-O2) compilation failed to produce executable
FAIL: libbounds.cpp/pass32-pointer-address-addition.cpp (-O2) (test for excess errors)
WARNING: libbounds.cpp/pass32-pointer-address-addition.cpp (-O2) compilation failed to produce executable
FAIL: libbounds.cpp/pass33-pointer-address-addition-from-var.cpp (-O2) (test for excess errors)
WARNING: libbounds.cpp/pass33-pointer-address-addition-from-var.cpp (-O2) compilation failed to produce executable
FAIL: libbounds.cpp/pass34-pointer-difference-oob.cpp (-O2) (test for excess errors)
WARNING: libbounds.cpp/pass34-pointer-difference-oob.cpp (-O2) compilation failed to produce executable
FAIL: libbounds.cpp/pass35-function-params.cpp (-O2) (test for excess errors)
WARNING: libbounds.cpp/pass35-function-params.cpp (-O2) compilation failed to produce executable
FAIL: libbounds.cpp/pass36-pointer-add-oob.cpp (-O2) (test for excess errors)
WARNING: libbounds.cpp/pass36-pointer-add-oob.cpp (-O2) compilation failed to produce executable
FAIL: libbounds.cpp/pass37-pointer-subtract-oob.cpp (-O2) (test for excess errors)
WARNING: libbounds.cpp/pass37-pointer-subtract-oob.cpp (-O2) compilation failed to produce executable
FAIL: libbounds.cpp/pass38-pointer-add-zero.cpp (-O2) (test for excess errors)
WARNING: libbounds.cpp/pass38-pointer-add-zero.cpp (-O2) compilation failed to produce executable
FAIL: libbounds.cpp/pass40-struct.cpp (-O2) (test for excess errors)
WARNING: libbounds.cpp/pass40-struct.cpp (-O2) compilation failed to produce executable
FAIL: libbounds.cpp/pass41-struct-array.cpp (-O2) (test for excess errors)
WARNING: libbounds.cpp/pass41-struct-array.cpp (-O2) compilation failed to produce executable
FAIL: libbounds.cpp/pass42-struct-string.cpp (-O2) (test for excess errors)
WARNING: libbounds.cpp/pass42-struct-string.cpp (-O2) compilation failed to produce executable
FAIL: libbounds.cpp/pass44-struct-nested.cpp (-O2) (test for excess errors)
WARNING: libbounds.cpp/pass44-struct-nested.cpp (-O2) compilation failed to produce executable
FAIL: libbounds.cpp/pass46-struct-string-align.cpp (-O2) (test for excess errors)
WARNING: libbounds.cpp/pass46-struct-string-align.cpp (-O2) compilation failed to produce executable
FAIL: libbounds.cpp/pass50-class.cpp (-O2) (test for excess errors)
WARNING: libbounds.cpp/pass50-class.cpp (-O2) compilation failed to produce executable
FAIL: libbounds.cpp/pass51-class-array.cpp (-O2) (test for excess errors)
WARNING: libbounds.cpp/pass51-class-array.cpp (-O2) compilation failed to produce executable
FAIL: libbounds.cpp/pass52-class-string.cpp (-O2) (test for excess errors)
WARNING: libbounds.cpp/pass52-class-string.cpp (-O2) compilation failed to produce executable
FAIL: libbounds.cpp/pass54-class-nested.cpp (-O2) (test for excess errors)
WARNING: libbounds.cpp/pass54-class-nested.cpp (-O2) compilation failed to produce executable
FAIL: libbounds.cpp/pass56-class-string-align.cpp (-O2) (test for excess errors)
WARNING: libbounds.cpp/pass56-class-string-align.cpp (-O2) compilation failed to produce executable
FAIL: libbounds.cpp/pass60-vector.cpp (-O2) (test for excess errors)
WARNING: libbounds.cpp/pass60-vector.cpp (-O2) compilation failed to produce executable
FAIL: libbounds.cpp/pass61-vector-loop.cpp (-O2) (test for excess errors)
WARNING: libbounds.cpp/pass61-vector-loop.cpp (-O2) compilation failed to produce executable
FAIL: libbounds.cpp/pass62-pushback.cpp (-O2) (test for excess errors)
WARNING: libbounds.cpp/pass62-pushback.cpp (-O2) compilation failed to produce executable
FAIL: libbounds.cpp/pass63-stack.cpp (-O2) (test for excess errors)
WARNING: libbounds.cpp/pass63-stack.cpp (-O2) compilation failed to produce executable
FAIL: libbounds.cpp/fail02-stackarray.cpp (-O3) (test for excess errors)
WARNING: libbounds.cpp/fail02-stackarray.cpp (-O3) compilation failed to produce executable
FAIL: libbounds.cpp/fail03-stack2darray.cpp (-O3) (test for excess errors)
WARNING: libbounds.cpp/fail03-stack2darray.cpp (-O3) compilation failed to produce executable
FAIL: libbounds.cpp/fail04-stack3darray.cpp (-O3) (test for excess errors)
WARNING: libbounds.cpp/fail04-stack3darray.cpp (-O3) compilation failed to produce executable
FAIL: libbounds.cpp/fail05-stackarray-referent.cpp (-O3) (test for excess errors)
WARNING: libbounds.cpp/fail05-stackarray-referent.cpp (-O3) compilation failed to produce executable
FAIL: libbounds.cpp/fail06-stackarray-referent-loop.cpp (-O3) (test for excess errors)
WARNING: libbounds.cpp/fail06-stackarray-referent-loop.cpp (-O3) compilation failed to produce executable
FAIL: libbounds.cpp/fail10-pointer.cpp (-O3) (test for excess errors)
WARNING: libbounds.cpp/fail10-pointer.cpp (-O3) compilation failed to produce executable
FAIL: libbounds.cpp/fail11-pointer-addition1.cpp (-O3) (test for excess errors)
WARNING: libbounds.cpp/fail11-pointer-addition1.cpp (-O3) compilation failed to produce executable
FAIL: libbounds.cpp/fail12-pointer-subtraction1.cpp (-O3) (test for excess errors)
WARNING: libbounds.cpp/fail12-pointer-subtraction1.cpp (-O3) compilation failed to produce executable
FAIL: libbounds.cpp/fail13-pointer-addition2.cpp (-O3) (test for excess errors)
WARNING: libbounds.cpp/fail13-pointer-addition2.cpp (-O3) compilation failed to produce executable
FAIL: libbounds.cpp/fail14-pointer-subtraction2.cpp (-O3) (test for excess errors)
WARNING: libbounds.cpp/fail14-pointer-subtraction2.cpp (-O3) compilation failed to produce executable
FAIL: libbounds.cpp/fail15-pointer-increment.cpp (-O3) (test for excess errors)
WARNING: libbounds.cpp/fail15-pointer-increment.cpp (-O3) compilation failed to produce executable
FAIL: libbounds.cpp/fail16-pointer-decrement.cpp (-O3) (test for excess errors)
WARNING: libbounds.cpp/fail16-pointer-decrement.cpp (-O3) compilation failed to produce executable
FAIL: libbounds.cpp/fail17-pointer-addition-from-array.cpp (-O3) (test for excess errors)
WARNING: libbounds.cpp/fail17-pointer-addition-from-array.cpp (-O3) compilation failed to produce executable
FAIL: libbounds.cpp/fail18-pointer-preincrement.cpp (-O3) (test for excess errors)
WARNING: libbounds.cpp/fail18-pointer-preincrement.cpp (-O3) compilation failed to produce executable
FAIL: libbounds.cpp/fail19-pointer-predecrement.cpp (-O3) (test for excess errors)
WARNING: libbounds.cpp/fail19-pointer-predecrement.cpp (-O3) compilation failed to produce executable
FAIL: libbounds.cpp/fail20-pointer-addition-init1.cpp (-O3) (test for excess errors)
WARNING: libbounds.cpp/fail20-pointer-addition-init1.cpp (-O3) compilation failed to produce executable
FAIL: libbounds.cpp/fail21-pointer-subtraction-init1.cpp (-O3) (test for excess errors)
WARNING: libbounds.cpp/fail21-pointer-subtraction-init1.cpp (-O3) compilation failed to produce executable
FAIL: libbounds.cpp/fail22-pointer-addition-from-array-init.cpp (-O3) (test for excess errors)
WARNING: libbounds.cpp/fail22-pointer-addition-from-array-init.cpp (-O3) compilation failed to produce executable
FAIL: libbounds.cpp/fail23-pointer-referent.cpp (-O3) (test for excess errors)
WARNING: libbounds.cpp/fail23-pointer-referent.cpp (-O3) compilation failed to produce executable
FAIL: libbounds.cpp/fail24-pointer-referent-loop.cpp (-O3) (test for excess errors)
WARNING: libbounds.cpp/fail24-pointer-referent-loop.cpp (-O3) compilation failed to produce executable
FAIL: libbounds.cpp/fail26-pointer-oob.cpp (-O3) (test for excess errors)
WARNING: libbounds.cpp/fail26-pointer-oob.cpp (-O3) compilation failed to produce executable
FAIL: libbounds.cpp/fail27-pointer-addition-from-var-right.cpp (-O3) (test for excess errors)
WARNING: libbounds.cpp/fail27-pointer-addition-from-var-right.cpp (-O3) compilation failed to produce executable
FAIL: libbounds.cpp/fail28-pointer-addition-from-var-left.cpp (-O3) (test for excess errors)
WARNING: libbounds.cpp/fail28-pointer-addition-from-var-left.cpp (-O3) compilation failed to produce executable
FAIL: libbounds.cpp/fail29-pointer-subtraction-from-var.cpp (-O3) (test for excess errors)
WARNING: libbounds.cpp/fail29-pointer-subtraction-from-var.cpp (-O3) compilation failed to produce executable
FAIL: libbounds.cpp/fail30-pointer-address.cpp (-O3) (test for excess errors)
WARNING: libbounds.cpp/fail30-pointer-address.cpp (-O3) compilation failed to produce executable
FAIL: libbounds.cpp/fail31-pointer-address-from-var.cpp (-O3) (test for excess errors)
WARNING: libbounds.cpp/fail31-pointer-address-from-var.cpp (-O3) compilation failed to produce executable
FAIL: libbounds.cpp/fail32-pointer-address-addition.cpp (-O3) (test for excess errors)
WARNING: libbounds.cpp/fail32-pointer-address-addition.cpp (-O3) compilation failed to produce executable
FAIL: libbounds.cpp/fail33-pointer-address-addition-from-var.cpp (-O3) (test for excess errors)
WARNING: libbounds.cpp/fail33-pointer-address-addition-from-var.cpp (-O3) compilation failed to produce executable
FAIL: libbounds.cpp/fail35-function-params.cpp (-O3) (test for excess errors)
WARNING: libbounds.cpp/fail35-function-params.cpp (-O3) compilation failed to produce executable
FAIL: libbounds.cpp/fail36-pointer-add-oob.cpp (-O3) (test for excess errors)
WARNING: libbounds.cpp/fail36-pointer-add-oob.cpp (-O3) compilation failed to produce executable
FAIL: libbounds.cpp/fail37-pointer-subtract-oob.cpp (-O3) (test for excess errors)
WARNING: libbounds.cpp/fail37-pointer-subtract-oob.cpp (-O3) compilation failed to produce executable
FAIL: libbounds.cpp/fail42-struct-string.cpp (-O3) (test for excess errors)
WARNING: libbounds.cpp/fail42-struct-string.cpp (-O3) compilation failed to produce executable
FAIL: libbounds.cpp/fail44-struct-nested.cpp (-O3) (test for excess errors)
WARNING: libbounds.cpp/fail44-struct-nested.cpp (-O3) compilation failed to produce executable
FAIL: libbounds.cpp/fail46-struct-string-align.cpp (-O3) (test for excess errors)
WARNING: libbounds.cpp/fail46-struct-string-align.cpp (-O3) compilation failed to produce executable
FAIL: libbounds.cpp/fail52-class-string.cpp (-O3) (test for excess errors)
WARNING: libbounds.cpp/fail52-class-string.cpp (-O3) compilation failed to produce executable
FAIL: libbounds.cpp/fail54-class-nested.cpp (-O3) (test for excess errors)
WARNING: libbounds.cpp/fail54-class-nested.cpp (-O3) compilation failed to produce executable
FAIL: libbounds.cpp/fail56-class-string-align.cpp (-O3) (test for excess errors)
WARNING: libbounds.cpp/fail56-class-string-align.cpp (-O3) compilation failed to produce executable
FAIL: libbounds.cpp/fail60-vector.cpp (-O3) (test for excess errors)
WARNING: libbounds.cpp/fail60-vector.cpp (-O3) compilation failed to produce executable
FAIL: libbounds.cpp/fail61-vector-loop.cpp (-O3) (test for excess errors)
WARNING: libbounds.cpp/fail61-vector-loop.cpp (-O3) compilation failed to produce executable
FAIL: libbounds.cpp/heap/fail10-pointer.cpp (-O3) (test for excess errors)
WARNING: libbounds.cpp/heap/fail10-pointer.cpp (-O3) compilation failed to produce executable
FAIL: libbounds.cpp/heap/fail11-pointer-addition1.cpp (-O3) (test for excess errors)
WARNING: libbounds.cpp/heap/fail11-pointer-addition1.cpp (-O3) compilation failed to produce executable
FAIL: libbounds.cpp/heap/fail12-pointer-subtraction1.cpp (-O3) (test for excess errors)
WARNING: libbounds.cpp/heap/fail12-pointer-subtraction1.cpp (-O3) compilation failed to produce executable
FAIL: libbounds.cpp/heap/fail13-pointer-addition2.cpp (-O3) (test for excess errors)
WARNING: libbounds.cpp/heap/fail13-pointer-addition2.cpp (-O3) compilation failed to produce executable
FAIL: libbounds.cpp/heap/fail14-pointer-subtraction2.cpp (-O3) (test for excess errors)
WARNING: libbounds.cpp/heap/fail14-pointer-subtraction2.cpp (-O3) compilation failed to produce executable
FAIL: libbounds.cpp/heap/fail15-pointer-increment.cpp (-O3) (test for excess errors)
WARNING: libbounds.cpp/heap/fail15-pointer-increment.cpp (-O3) compilation failed to produce executable
FAIL: libbounds.cpp/heap/fail16-pointer-decrement.cpp (-O3) (test for excess errors)
WARNING: libbounds.cpp/heap/fail16-pointer-decrement.cpp (-O3) compilation failed to produce executable
FAIL: libbounds.cpp/heap/fail17-pointer-addition-from-array.cpp (-O3) (test for excess errors)
WARNING: libbounds.cpp/heap/fail17-pointer-addition-from-array.cpp (-O3) compilation failed to produce executable
FAIL: libbounds.cpp/heap/fail18-pointer-preincrement.cpp (-O3) (test for excess errors)
WARNING: libbounds.cpp/heap/fail18-pointer-preincrement.cpp (-O3) compilation failed to produce executable
FAIL: libbounds.cpp/heap/fail19-pointer-predecrement.cpp (-O3) (test for excess errors)
WARNING: libbounds.cpp/heap/fail19-pointer-predecrement.cpp (-O3) compilation failed to produce executable
FAIL: libbounds.cpp/heap/fail23-pointer-referent.cpp (-O3) (test for excess errors)
WARNING: libbounds.cpp/heap/fail23-pointer-referent.cpp (-O3) compilation failed to produce executable
FAIL: libbounds.cpp/heap/fail24-pointer-referent-loop.cpp (-O3) (test for excess errors)
WARNING: libbounds.cpp/heap/fail24-pointer-referent-loop.cpp (-O3) compilation failed to produce executable
FAIL: libbounds.cpp/heap/fail26-pointer-oob.cpp (-O3) (test for excess errors)
WARNING: libbounds.cpp/heap/fail26-pointer-oob.cpp (-O3) compilation failed to produce executable
FAIL: libbounds.cpp/heap/fail27-pointer-addition-from-var-right.cpp (-O3) (test for excess errors)
WARNING: libbounds.cpp/heap/fail27-pointer-addition-from-var-right.cpp (-O3) compilation failed to produce executable
FAIL: libbounds.cpp/heap/fail28-pointer-addition-from-var-left.cpp (-O3) (test for excess errors)
WARNING: libbounds.cpp/heap/fail28-pointer-addition-from-var-left.cpp (-O3) compilation failed to produce executable
FAIL: libbounds.cpp/heap/fail29-pointer-subtraction-from-var.cpp (-O3) (test for excess errors)
WARNING: libbounds.cpp/heap/fail29-pointer-subtraction-from-var.cpp (-O3) compilation failed to produce executable
FAIL: libbounds.cpp/heap/fail30-pointer-address.cpp (-O3) (test for excess errors)
WARNING: libbounds.cpp/heap/fail30-pointer-address.cpp (-O3) compilation failed to produce executable
FAIL: libbounds.cpp/heap/fail31-pointer-address-from-var.cpp (-O3) (test for excess errors)
WARNING: libbounds.cpp/heap/fail31-pointer-address-from-var.cpp (-O3) compilation failed to produce executable
FAIL: libbounds.cpp/heap/fail32-pointer-address-addition.cpp (-O3) (test for excess errors)
WARNING: libbounds.cpp/heap/fail32-pointer-address-addition.cpp (-O3) compilation failed to produce executable
FAIL: libbounds.cpp/heap/fail33-pointer-address-addition-from-var.cpp (-O3) (test for excess errors)
WARNING: libbounds.cpp/heap/fail33-pointer-address-addition-from-var.cpp (-O3) compilation failed to produce executable
FAIL: libbounds.cpp/heap/fail60-vector.cpp (-O3) (test for excess errors)
WARNING: libbounds.cpp/heap/fail60-vector.cpp (-O3) compilation failed to produce executable
FAIL: libbounds.cpp/heap/fail61-vector-loop.cpp (-O3) (test for excess errors)
WARNING: libbounds.cpp/heap/fail61-vector-loop.cpp (-O3) compilation failed to produce executable
FAIL: libbounds.cpp/heap/pass10-pointer.cpp (-O3) (test for excess errors)
WARNING: libbounds.cpp/heap/pass10-pointer.cpp (-O3) compilation failed to produce executable
FAIL: libbounds.cpp/heap/pass11-pointer-addition1.cpp (-O3) (test for excess errors)
WARNING: libbounds.cpp/heap/pass11-pointer-addition1.cpp (-O3) compilation failed to produce executable
FAIL: libbounds.cpp/heap/pass12-pointer-subtraction1.cpp (-O3) (test for excess errors)
WARNING: libbounds.cpp/heap/pass12-pointer-subtraction1.cpp (-O3) compilation failed to produce executable
FAIL: libbounds.cpp/heap/pass13-pointer-addition2.cpp (-O3) (test for excess errors)
WARNING: libbounds.cpp/heap/pass13-pointer-addition2.cpp (-O3) compilation failed to produce executable
FAIL: libbounds.cpp/heap/pass14-pointer-subtraction2.cpp (-O3) (test for excess errors)
WARNING: libbounds.cpp/heap/pass14-pointer-subtraction2.cpp (-O3) compilation failed to produce executable
FAIL: libbounds.cpp/heap/pass15-pointer-increment.cpp (-O3) (test for excess errors)
WARNING: libbounds.cpp/heap/pass15-pointer-increment.cpp (-O3) compilation failed to produce executable
FAIL: libbounds.cpp/heap/pass16-pointer-decrement.cpp (-O3) (test for excess errors)
WARNING: libbounds.cpp/heap/pass16-pointer-decrement.cpp (-O3) compilation failed to produce executable
FAIL: libbounds.cpp/heap/pass17-pointer-addition-from-array.cpp (-O3) (test for excess errors)
WARNING: libbounds.cpp/heap/pass17-pointer-addition-from-array.cpp (-O3) compilation failed to produce executable
FAIL: libbounds.cpp/heap/pass18-pointer-preincrement.cpp (-O3) (test for excess errors)
WARNING: libbounds.cpp/heap/pass18-pointer-preincrement.cpp (-O3) compilation failed to produce executable
FAIL: libbounds.cpp/heap/pass19-pointer-predecrement.cpp (-O3) (test for excess errors)
WARNING: libbounds.cpp/heap/pass19-pointer-predecrement.cpp (-O3) compilation failed to produce executable
FAIL: libbounds.cpp/heap/pass23-pointer-referent.cpp (-O3) (test for excess errors)
WARNING: libbounds.cpp/heap/pass23-pointer-referent.cpp (-O3) compilation failed to produce executable
FAIL: libbounds.cpp/heap/pass24-pointer-referent-loop.cpp (-O3) (test for excess errors)
WARNING: libbounds.cpp/heap/pass24-pointer-referent-loop.cpp (-O3) compilation failed to produce executable
FAIL: libbounds.cpp/heap/pass25-pointer-difference.cpp (-O3) (test for excess errors)
WARNING: libbounds.cpp/heap/pass25-pointer-difference.cpp (-O3) compilation failed to produce executable
FAIL: libbounds.cpp/heap/pass26-pointer-oob.cpp (-O3) (test for excess errors)
WARNING: libbounds.cpp/heap/pass26-pointer-oob.cpp (-O3) compilation failed to produce executable
FAIL: libbounds.cpp/heap/pass27-pointer-addition-from-var-right.cpp (-O3) (test for excess errors)
WARNING: libbounds.cpp/heap/pass27-pointer-addition-from-var-right.cpp (-O3) compilation failed to produce executable
FAIL: libbounds.cpp/heap/pass28-pointer-addition-from-var-left.cpp (-O3) (test for excess errors)
WARNING: libbounds.cpp/heap/pass28-pointer-addition-from-var-left.cpp (-O3) compilation failed to produce executable
FAIL: libbounds.cpp/heap/pass29-pointer-subtraction-from-var.cpp (-O3) (test for excess errors)
WARNING: libbounds.cpp/heap/pass29-pointer-subtraction-from-var.cpp (-O3) compilation failed to produce executable
FAIL: libbounds.cpp/heap/pass30-pointer-address.cpp (-O3) (test for excess errors)
WARNING: libbounds.cpp/heap/pass30-pointer-address.cpp (-O3) compilation failed to produce executable
FAIL: libbounds.cpp/heap/pass31-pointer-address-from-var.cpp (-O3) (test for excess errors)
WARNING: libbounds.cpp/heap/pass31-pointer-address-from-var.cpp (-O3) compilation failed to produce executable
FAIL: libbounds.cpp/heap/pass32-pointer-address-addition.cpp (-O3) (test for excess errors)
WARNING: libbounds.cpp/heap/pass32-pointer-address-addition.cpp (-O3) compilation failed to produce executable
FAIL: libbounds.cpp/heap/pass33-pointer-address-addition-from-var.cpp (-O3) (test for excess errors)
WARNING: libbounds.cpp/heap/pass33-pointer-address-addition-from-var.cpp (-O3) compilation failed to produce executable
FAIL: libbounds.cpp/heap/pass34-pointer-difference-oob.cpp (-O3) (test for excess errors)
WARNING: libbounds.cpp/heap/pass34-pointer-difference-oob.cpp (-O3) compilation failed to produce executable
FAIL: libbounds.cpp/heap/pass60-vector.cpp (-O3) (test for excess errors)
WARNING: libbounds.cpp/heap/pass60-vector.cpp (-O3) compilation failed to produce executable
FAIL: libbounds.cpp/heap/pass61-vector-loop.cpp (-O3) (test for excess errors)
WARNING: libbounds.cpp/heap/pass61-vector-loop.cpp (-O3) compilation failed to produce executable
FAIL: libbounds.cpp/pass01-noop.cpp (-O3) (test for excess errors)
WARNING: libbounds.cpp/pass01-noop.cpp (-O3) compilation failed to produce executable
FAIL: libbounds.cpp/pass02-stackarray.cpp (-O3) (test for excess errors)
WARNING: libbounds.cpp/pass02-stackarray.cpp (-O3) compilation failed to produce executable
FAIL: libbounds.cpp/pass03-stack2darray.cpp (-O3) (test for excess errors)
WARNING: libbounds.cpp/pass03-stack2darray.cpp (-O3) compilation failed to produce executable
FAIL: libbounds.cpp/pass04-stack3darray.cpp (-O3) (test for excess errors)
WARNING: libbounds.cpp/pass04-stack3darray.cpp (-O3) compilation failed to produce executable
FAIL: libbounds.cpp/pass05-stackarray-referent.cpp (-O3) (test for excess errors)
WARNING: libbounds.cpp/pass05-stackarray-referent.cpp (-O3) compilation failed to produce executable
FAIL: libbounds.cpp/pass06-stackarray-referent-loop.cpp (-O3) (test for excess errors)
WARNING: libbounds.cpp/pass06-stackarray-referent-loop.cpp (-O3) compilation failed to produce executable
FAIL: libbounds.cpp/pass10-pointer.cpp (-O3) (test for excess errors)
WARNING: libbounds.cpp/pass10-pointer.cpp (-O3) compilation failed to produce executable
FAIL: libbounds.cpp/pass11-pointer-addition1.cpp (-O3) (test for excess errors)
WARNING: libbounds.cpp/pass11-pointer-addition1.cpp (-O3) compilation failed to produce executable
FAIL: libbounds.cpp/pass12-pointer-subtraction1.cpp (-O3) (test for excess errors)
WARNING: libbounds.cpp/pass12-pointer-subtraction1.cpp (-O3) compilation failed to produce executable
FAIL: libbounds.cpp/pass13-pointer-addition2.cpp (-O3) (test for excess errors)
WARNING: libbounds.cpp/pass13-pointer-addition2.cpp (-O3) compilation failed to produce executable
FAIL: libbounds.cpp/pass14-pointer-subtraction2.cpp (-O3) (test for excess errors)
WARNING: libbounds.cpp/pass14-pointer-subtraction2.cpp (-O3) compilation failed to produce executable
FAIL: libbounds.cpp/pass15-pointer-increment.cpp (-O3) (test for excess errors)
WARNING: libbounds.cpp/pass15-pointer-increment.cpp (-O3) compilation failed to produce executable
FAIL: libbounds.cpp/pass16-pointer-decrement.cpp (-O3) (test for excess errors)
WARNING: libbounds.cpp/pass16-pointer-decrement.cpp (-O3) compilation failed to produce executable
FAIL: libbounds.cpp/pass17-pointer-addition-from-array.cpp (-O3) (test for excess errors)
WARNING: libbounds.cpp/pass17-pointer-addition-from-array.cpp (-O3) compilation failed to produce executable
FAIL: libbounds.cpp/pass18-pointer-preincrement.cpp (-O3) (test for excess errors)
WARNING: libbounds.cpp/pass18-pointer-preincrement.cpp (-O3) compilation failed to produce executable
FAIL: libbounds.cpp/pass19-pointer-predecrement.cpp (-O3) (test for excess errors)
WARNING: libbounds.cpp/pass19-pointer-predecrement.cpp (-O3) compilation failed to produce executable
FAIL: libbounds.cpp/pass20-pointer-addition-init1.cpp (-O3) (test for excess errors)
WARNING: libbounds.cpp/pass20-pointer-addition-init1.cpp (-O3) compilation failed to produce executable
FAIL: libbounds.cpp/pass21-pointer-subtraction-init1.cpp (-O3) (test for excess errors)
WARNING: libbounds.cpp/pass21-pointer-subtraction-init1.cpp (-O3) compilation failed to produce executable
FAIL: libbounds.cpp/pass22-pointer-addition-from-array-init.cpp (-O3) (test for excess errors)
WARNING: libbounds.cpp/pass22-pointer-addition-from-array-init.cpp (-O3) compilation failed to produce executable
FAIL: libbounds.cpp/pass23-pointer-referent.cpp (-O3) (test for excess errors)
WARNING: libbounds.cpp/pass23-pointer-referent.cpp (-O3) compilation failed to produce executable
FAIL: libbounds.cpp/pass24-pointer-referent-loop.cpp (-O3) (test for excess errors)
WARNING: libbounds.cpp/pass24-pointer-referent-loop.cpp (-O3) compilation failed to produce executable
FAIL: libbounds.cpp/pass25-pointer-difference.cpp (-O3) (test for excess errors)
WARNING: libbounds.cpp/pass25-pointer-difference.cpp (-O3) compilation failed to produce executable
FAIL: libbounds.cpp/pass26-pointer-oob.cpp (-O3) (test for excess errors)
WARNING: libbounds.cpp/pass26-pointer-oob.cpp (-O3) compilation failed to produce executable
FAIL: libbounds.cpp/pass27-pointer-addition-from-var-right.cpp (-O3) (test for excess errors)
WARNING: libbounds.cpp/pass27-pointer-addition-from-var-right.cpp (-O3) compilation failed to produce executable
FAIL: libbounds.cpp/pass28-pointer-addition-from-var-left.cpp (-O3) (test for excess errors)
WARNING: libbounds.cpp/pass28-pointer-addition-from-var-left.cpp (-O3) compilation failed to produce executable
FAIL: libbounds.cpp/pass29-pointer-subtraction-from-var.cpp (-O3) (test for excess errors)
WARNING: libbounds.cpp/pass29-pointer-subtraction-from-var.cpp (-O3) compilation failed to produce executable
FAIL: libbounds.cpp/pass30-pointer-address.cpp (-O3) (test for excess errors)
WARNING: libbounds.cpp/pass30-pointer-address.cpp (-O3) compilation failed to produce executable
FAIL: libbounds.cpp/pass31-pointer-address-from-var.cpp (-O3) (test for excess errors)
WARNING: libbounds.cpp/pass31-pointer-address-from-var.cpp (-O3) compilation failed to produce executable
FAIL: libbounds.cpp/pass32-pointer-address-addition.cpp (-O3) (test for excess errors)
WARNING: libbounds.cpp/pass32-pointer-address-addition.cpp (-O3) compilation failed to produce executable
FAIL: libbounds.cpp/pass33-pointer-address-addition-from-var.cpp (-O3) (test for excess errors)
WARNING: libbounds.cpp/pass33-pointer-address-addition-from-var.cpp (-O3) compilation failed to produce executable
FAIL: libbounds.cpp/pass34-pointer-difference-oob.cpp (-O3) (test for excess errors)
WARNING: libbounds.cpp/pass34-pointer-difference-oob.cpp (-O3) compilation failed to produce executable
FAIL: libbounds.cpp/pass35-function-params.cpp (-O3) (test for excess errors)
WARNING: libbounds.cpp/pass35-function-params.cpp (-O3) compilation failed to produce executable
FAIL: libbounds.cpp/pass36-pointer-add-oob.cpp (-O3) (test for excess errors)
WARNING: libbounds.cpp/pass36-pointer-add-oob.cpp (-O3) compilation failed to produce executable
FAIL: libbounds.cpp/pass37-pointer-subtract-oob.cpp (-O3) (test for excess errors)
WARNING: libbounds.cpp/pass37-pointer-subtract-oob.cpp (-O3) compilation failed to produce executable
FAIL: libbounds.cpp/pass38-pointer-add-zero.cpp (-O3) (test for excess errors)
WARNING: libbounds.cpp/pass38-pointer-add-zero.cpp (-O3) compilation failed to produce executable
FAIL: libbounds.cpp/pass40-struct.cpp (-O3) (test for excess errors)
WARNING: libbounds.cpp/pass40-struct.cpp (-O3) compilation failed to produce executable
FAIL: libbounds.cpp/pass41-struct-array.cpp (-O3) (test for excess errors)
WARNING: libbounds.cpp/pass41-struct-array.cpp (-O3) compilation failed to produce executable
FAIL: libbounds.cpp/pass42-struct-string.cpp (-O3) (test for excess errors)
WARNING: libbounds.cpp/pass42-struct-string.cpp (-O3) compilation failed to produce executable
FAIL: libbounds.cpp/pass44-struct-nested.cpp (-O3) (test for excess errors)
WARNING: libbounds.cpp/pass44-struct-nested.cpp (-O3) compilation failed to produce executable
FAIL: libbounds.cpp/pass46-struct-string-align.cpp (-O3) (test for excess errors)
WARNING: libbounds.cpp/pass46-struct-string-align.cpp (-O3) compilation failed to produce executable
FAIL: libbounds.cpp/pass50-class.cpp (-O3) (test for excess errors)
WARNING: libbounds.cpp/pass50-class.cpp (-O3) compilation failed to produce executable
FAIL: libbounds.cpp/pass51-class-array.cpp (-O3) (test for excess errors)
WARNING: libbounds.cpp/pass51-class-array.cpp (-O3) compilation failed to produce executable
FAIL: libbounds.cpp/pass52-class-string.cpp (-O3) (test for excess errors)
WARNING: libbounds.cpp/pass52-class-string.cpp (-O3) compilation failed to produce executable
FAIL: libbounds.cpp/pass54-class-nested.cpp (-O3) (test for excess errors)
WARNING: libbounds.cpp/pass54-class-nested.cpp (-O3) compilation failed to produce executable
FAIL: libbounds.cpp/pass56-class-string-align.cpp (-O3) (test for excess errors)
WARNING: libbounds.cpp/pass56-class-string-align.cpp (-O3) compilation failed to produce executable
FAIL: libbounds.cpp/pass60-vector.cpp (-O3) (test for excess errors)
WARNING: libbounds.cpp/pass60-vector.cpp (-O3) compilation failed to produce executable
FAIL: libbounds.cpp/pass61-vector-loop.cpp (-O3) (test for excess errors)
WARNING: libbounds.cpp/pass61-vector-loop.cpp (-O3) compilation failed to produce executable
FAIL: libbounds.cpp/pass62-pushback.cpp (-O3) (test for excess errors)
WARNING: libbounds.cpp/pass62-pushback.cpp (-O3) compilation failed to produce executable
FAIL: libbounds.cpp/pass63-stack.cpp (-O3) (test for excess errors)
WARNING: libbounds.cpp/pass63-stack.cpp (-O3) compilation failed to produce executable
=== libbounds Summary ===
# of expected passes 860
# of unexpected failures 481
# of expected failures 6
=== libgomp tests ===
Running target unix
=== libgomp Summary ===
# of expected passes 161
=== libmudflap tests ===
Running target unix
=== libmudflap Summary ===
# of expected passes 1692
# of unsupported tests 2
Compiler version: 4.3.0 20071213 (experimental) [graphite revision 134207] (GCC)
Platform: x86_64-unknown-linux-gnu
configure flags: --enable-languages=c --disable-nls --prefix=/home/mstein/host-gcc/graphite-2008-04-12 --with-mpfr=/opt/cfarm/mpfr-2.3.1 --disable-bootstrap --enable-checking=yes