This is the mail archive of the
gcc-testresults@gcc.gnu.org
mailing list for the GCC project.
Results for 4.4.0 20080410 (experimental) [trunk revision 134177] (GCC) gcc testsuite on avr-unknown-none
- From: Mike Stein <mstein dot lists at googlemail dot com>
- To: gcc-testresults at gcc dot gnu dot org
- Date: Fri, 11 Apr 2008 23:50:06 +0200
- Subject: Results for 4.4.0 20080410 (experimental) [trunk revision 134177] (GCC) gcc testsuite on avr-unknown-none
- Reply-to: gcc at gcc dot gnu dot org
Debian 4 on x86_64
cross tool versions:
GNU assembler (GNU Binutils) 2.18.50.20080406
GNU gdb 6.8.50.20080406-cvs
GNU ld (GNU Binutils) 2.18.50.20080406
GNU Make 3.81
expect version 5.43.0
host gcc version: gcc (GCC) 4.1.2 20061115 (prerelease) (Debian 4.1.1-21)
LAST_UPDATED: Thu Apr 10 22:03:12 UTC 2008 (revision 134177)
Target is avr-unknown-none
Host is x86_64-unknown-linux-gnu
=== gcc tests ===
Running target atmega128-sim
FAIL: gcc.c-torture/compile/980408-1.c -O2 (internal compiler error)
FAIL: gcc.c-torture/compile/980408-1.c -O2 (test for excess errors)
FAIL: gcc.c-torture/compile/980408-1.c -O3 -fomit-frame-pointer (internal compiler error)
FAIL: gcc.c-torture/compile/980408-1.c -O3 -fomit-frame-pointer (test for excess errors)
FAIL: gcc.c-torture/compile/980408-1.c -O3 -fomit-frame-pointer -funroll-loops (internal compiler error)
FAIL: gcc.c-torture/compile/980408-1.c -O3 -fomit-frame-pointer -funroll-loops (test for excess errors)
FAIL: gcc.c-torture/compile/980408-1.c -O3 -fomit-frame-pointer -funroll-all-loops -finline-functions (internal compiler error)
FAIL: gcc.c-torture/compile/980408-1.c -O3 -fomit-frame-pointer -funroll-all-loops -finline-functions (test for excess errors)
FAIL: gcc.c-torture/compile/980408-1.c -O3 -g (internal compiler error)
FAIL: gcc.c-torture/compile/980408-1.c -O3 -g (test for excess errors)
FAIL: gcc.c-torture/compile/limits-fndefn.c -O1 (internal compiler error)
FAIL: gcc.c-torture/compile/limits-fndefn.c -O1 (test for excess errors)
FAIL: gcc.c-torture/compile/limits-fndefn.c -O2 (internal compiler error)
FAIL: gcc.c-torture/compile/limits-fndefn.c -O2 (test for excess errors)
FAIL: gcc.c-torture/compile/limits-fndefn.c -O3 -fomit-frame-pointer (internal compiler error)
FAIL: gcc.c-torture/compile/limits-fndefn.c -O3 -fomit-frame-pointer (test for excess errors)
FAIL: gcc.c-torture/compile/limits-fndefn.c -O3 -g (internal compiler error)
FAIL: gcc.c-torture/compile/limits-fndefn.c -O3 -g (test for excess errors)
FAIL: gcc.c-torture/compile/limits-fndefn.c -Os (internal compiler error)
FAIL: gcc.c-torture/compile/limits-fndefn.c -Os (test for excess errors)
FAIL: gcc.c-torture/compile/limits-structnest.c -O2 (test for excess errors)
FAIL: gcc.c-torture/compile/limits-structnest.c -O3 -fomit-frame-pointer (test for excess errors)
FAIL: gcc.c-torture/compile/limits-structnest.c -O3 -g (test for excess errors)
FAIL: gcc.c-torture/compile/limits-structnest.c -Os (test for excess errors)
FAIL: gcc.c-torture/execute/builtins/memcpy-chk.c compilation, -O0
UNRESOLVED: gcc.c-torture/execute/builtins/memcpy-chk.c execution, -O0
FAIL: gcc.c-torture/execute/builtins/memcpy-chk.c compilation, -O1 (internal compiler error)
UNRESOLVED: gcc.c-torture/execute/builtins/memcpy-chk.c execution, -O1
FAIL: gcc.c-torture/execute/builtins/memcpy-chk.c compilation, -O2
UNRESOLVED: gcc.c-torture/execute/builtins/memcpy-chk.c execution, -O2
FAIL: gcc.c-torture/execute/builtins/memcpy-chk.c compilation, -O3 -fomit-frame-pointer
UNRESOLVED: gcc.c-torture/execute/builtins/memcpy-chk.c execution, -O3 -fomit-frame-pointer
FAIL: gcc.c-torture/execute/builtins/memcpy-chk.c compilation, -O3 -fomit-frame-pointer -funroll-loops
UNRESOLVED: gcc.c-torture/execute/builtins/memcpy-chk.c execution, -O3 -fomit-frame-pointer -funroll-loops
FAIL: gcc.c-torture/execute/builtins/memcpy-chk.c compilation, -O3 -fomit-frame-pointer -funroll-all-loops -finline-functions
UNRESOLVED: gcc.c-torture/execute/builtins/memcpy-chk.c execution, -O3 -fomit-frame-pointer -funroll-all-loops -finline-functions
FAIL: gcc.c-torture/execute/builtins/memcpy-chk.c compilation, -O3 -g
UNRESOLVED: gcc.c-torture/execute/builtins/memcpy-chk.c execution, -O3 -g
FAIL: gcc.c-torture/execute/builtins/memcpy-chk.c compilation, -Os
UNRESOLVED: gcc.c-torture/execute/builtins/memcpy-chk.c execution, -Os
FAIL: gcc.c-torture/execute/builtins/memmove-chk.c compilation, -O0
UNRESOLVED: gcc.c-torture/execute/builtins/memmove-chk.c execution, -O0
FAIL: gcc.c-torture/execute/builtins/memmove-chk.c compilation, -O1 (internal compiler error)
UNRESOLVED: gcc.c-torture/execute/builtins/memmove-chk.c execution, -O1
FAIL: gcc.c-torture/execute/builtins/memmove-chk.c compilation, -O2
UNRESOLVED: gcc.c-torture/execute/builtins/memmove-chk.c execution, -O2
FAIL: gcc.c-torture/execute/builtins/memmove-chk.c compilation, -O3 -fomit-frame-pointer
UNRESOLVED: gcc.c-torture/execute/builtins/memmove-chk.c execution, -O3 -fomit-frame-pointer
FAIL: gcc.c-torture/execute/builtins/memmove-chk.c compilation, -O3 -fomit-frame-pointer -funroll-loops
UNRESOLVED: gcc.c-torture/execute/builtins/memmove-chk.c execution, -O3 -fomit-frame-pointer -funroll-loops
FAIL: gcc.c-torture/execute/builtins/memmove-chk.c compilation, -O3 -fomit-frame-pointer -funroll-all-loops -finline-functions
UNRESOLVED: gcc.c-torture/execute/builtins/memmove-chk.c execution, -O3 -fomit-frame-pointer -funroll-all-loops -finline-functions
FAIL: gcc.c-torture/execute/builtins/memmove-chk.c compilation, -O3 -g
UNRESOLVED: gcc.c-torture/execute/builtins/memmove-chk.c execution, -O3 -g
FAIL: gcc.c-torture/execute/builtins/memmove-chk.c compilation, -Os
UNRESOLVED: gcc.c-torture/execute/builtins/memmove-chk.c execution, -Os
FAIL: gcc.c-torture/execute/builtins/mempcpy-chk.c compilation, -O0
UNRESOLVED: gcc.c-torture/execute/builtins/mempcpy-chk.c execution, -O0
FAIL: gcc.c-torture/execute/builtins/mempcpy-chk.c compilation, -O1 (internal compiler error)
UNRESOLVED: gcc.c-torture/execute/builtins/mempcpy-chk.c execution, -O1
FAIL: gcc.c-torture/execute/builtins/mempcpy-chk.c compilation, -O2
UNRESOLVED: gcc.c-torture/execute/builtins/mempcpy-chk.c execution, -O2
FAIL: gcc.c-torture/execute/builtins/mempcpy-chk.c compilation, -O3 -fomit-frame-pointer
UNRESOLVED: gcc.c-torture/execute/builtins/mempcpy-chk.c execution, -O3 -fomit-frame-pointer
FAIL: gcc.c-torture/execute/builtins/mempcpy-chk.c compilation, -O3 -fomit-frame-pointer -funroll-loops
UNRESOLVED: gcc.c-torture/execute/builtins/mempcpy-chk.c execution, -O3 -fomit-frame-pointer -funroll-loops
FAIL: gcc.c-torture/execute/builtins/mempcpy-chk.c compilation, -O3 -fomit-frame-pointer -funroll-all-loops -finline-functions
UNRESOLVED: gcc.c-torture/execute/builtins/mempcpy-chk.c execution, -O3 -fomit-frame-pointer -funroll-all-loops -finline-functions
FAIL: gcc.c-torture/execute/builtins/mempcpy-chk.c compilation, -O3 -g
UNRESOLVED: gcc.c-torture/execute/builtins/mempcpy-chk.c execution, -O3 -g
FAIL: gcc.c-torture/execute/builtins/mempcpy-chk.c compilation, -Os
UNRESOLVED: gcc.c-torture/execute/builtins/mempcpy-chk.c execution, -Os
FAIL: gcc.c-torture/execute/builtins/memset-chk.c compilation, -O0
UNRESOLVED: gcc.c-torture/execute/builtins/memset-chk.c execution, -O0
FAIL: gcc.c-torture/execute/builtins/memset-chk.c compilation, -O1 (internal compiler error)
UNRESOLVED: gcc.c-torture/execute/builtins/memset-chk.c execution, -O1
FAIL: gcc.c-torture/execute/builtins/memset-chk.c compilation, -O2
UNRESOLVED: gcc.c-torture/execute/builtins/memset-chk.c execution, -O2
FAIL: gcc.c-torture/execute/builtins/memset-chk.c compilation, -O3 -fomit-frame-pointer
UNRESOLVED: gcc.c-torture/execute/builtins/memset-chk.c execution, -O3 -fomit-frame-pointer
FAIL: gcc.c-torture/execute/builtins/memset-chk.c compilation, -O3 -fomit-frame-pointer -funroll-loops
UNRESOLVED: gcc.c-torture/execute/builtins/memset-chk.c execution, -O3 -fomit-frame-pointer -funroll-loops
FAIL: gcc.c-torture/execute/builtins/memset-chk.c compilation, -O3 -fomit-frame-pointer -funroll-all-loops -finline-functions
UNRESOLVED: gcc.c-torture/execute/builtins/memset-chk.c execution, -O3 -fomit-frame-pointer -funroll-all-loops -finline-functions
FAIL: gcc.c-torture/execute/builtins/memset-chk.c compilation, -O3 -g
UNRESOLVED: gcc.c-torture/execute/builtins/memset-chk.c execution, -O3 -g
FAIL: gcc.c-torture/execute/builtins/memset-chk.c compilation, -Os
UNRESOLVED: gcc.c-torture/execute/builtins/memset-chk.c execution, -Os
FAIL: gcc.c-torture/execute/builtins/pr23484-chk.c compilation, -O0
UNRESOLVED: gcc.c-torture/execute/builtins/pr23484-chk.c execution, -O0
FAIL: gcc.c-torture/execute/builtins/pr23484-chk.c compilation, -O1
UNRESOLVED: gcc.c-torture/execute/builtins/pr23484-chk.c execution, -O1
FAIL: gcc.c-torture/execute/builtins/pr23484-chk.c compilation, -O2
UNRESOLVED: gcc.c-torture/execute/builtins/pr23484-chk.c execution, -O2
FAIL: gcc.c-torture/execute/builtins/pr23484-chk.c compilation, -O3 -fomit-frame-pointer
UNRESOLVED: gcc.c-torture/execute/builtins/pr23484-chk.c execution, -O3 -fomit-frame-pointer
FAIL: gcc.c-torture/execute/builtins/pr23484-chk.c compilation, -O3 -g
UNRESOLVED: gcc.c-torture/execute/builtins/pr23484-chk.c execution, -O3 -g
FAIL: gcc.c-torture/execute/builtins/pr23484-chk.c compilation, -Os
UNRESOLVED: gcc.c-torture/execute/builtins/pr23484-chk.c execution, -Os
FAIL: gcc.c-torture/execute/builtins/snprintf-chk.c compilation, -O0
UNRESOLVED: gcc.c-torture/execute/builtins/snprintf-chk.c execution, -O0
FAIL: gcc.c-torture/execute/builtins/snprintf-chk.c compilation, -O1 (internal compiler error)
UNRESOLVED: gcc.c-torture/execute/builtins/snprintf-chk.c execution, -O1
FAIL: gcc.c-torture/execute/builtins/snprintf-chk.c compilation, -O2
UNRESOLVED: gcc.c-torture/execute/builtins/snprintf-chk.c execution, -O2
FAIL: gcc.c-torture/execute/builtins/snprintf-chk.c compilation, -O3 -fomit-frame-pointer
UNRESOLVED: gcc.c-torture/execute/builtins/snprintf-chk.c execution, -O3 -fomit-frame-pointer
FAIL: gcc.c-torture/execute/builtins/snprintf-chk.c compilation, -O3 -fomit-frame-pointer -funroll-loops
UNRESOLVED: gcc.c-torture/execute/builtins/snprintf-chk.c execution, -O3 -fomit-frame-pointer -funroll-loops
FAIL: gcc.c-torture/execute/builtins/snprintf-chk.c compilation, -O3 -fomit-frame-pointer -funroll-all-loops -finline-functions
UNRESOLVED: gcc.c-torture/execute/builtins/snprintf-chk.c execution, -O3 -fomit-frame-pointer -funroll-all-loops -finline-functions
FAIL: gcc.c-torture/execute/builtins/snprintf-chk.c compilation, -O3 -g
UNRESOLVED: gcc.c-torture/execute/builtins/snprintf-chk.c execution, -O3 -g
FAIL: gcc.c-torture/execute/builtins/snprintf-chk.c compilation, -Os
UNRESOLVED: gcc.c-torture/execute/builtins/snprintf-chk.c execution, -Os
FAIL: gcc.c-torture/execute/builtins/sprintf-chk.c compilation, -O0
UNRESOLVED: gcc.c-torture/execute/builtins/sprintf-chk.c execution, -O0
FAIL: gcc.c-torture/execute/builtins/sprintf-chk.c compilation, -O1 (internal compiler error)
UNRESOLVED: gcc.c-torture/execute/builtins/sprintf-chk.c execution, -O1
FAIL: gcc.c-torture/execute/builtins/sprintf-chk.c compilation, -O2
UNRESOLVED: gcc.c-torture/execute/builtins/sprintf-chk.c execution, -O2
FAIL: gcc.c-torture/execute/builtins/sprintf-chk.c compilation, -O3 -fomit-frame-pointer
UNRESOLVED: gcc.c-torture/execute/builtins/sprintf-chk.c execution, -O3 -fomit-frame-pointer
FAIL: gcc.c-torture/execute/builtins/sprintf-chk.c compilation, -O3 -fomit-frame-pointer -funroll-loops
UNRESOLVED: gcc.c-torture/execute/builtins/sprintf-chk.c execution, -O3 -fomit-frame-pointer -funroll-loops
FAIL: gcc.c-torture/execute/builtins/sprintf-chk.c compilation, -O3 -fomit-frame-pointer -funroll-all-loops -finline-functions
UNRESOLVED: gcc.c-torture/execute/builtins/sprintf-chk.c execution, -O3 -fomit-frame-pointer -funroll-all-loops -finline-functions
FAIL: gcc.c-torture/execute/builtins/sprintf-chk.c compilation, -O3 -g
UNRESOLVED: gcc.c-torture/execute/builtins/sprintf-chk.c execution, -O3 -g
FAIL: gcc.c-torture/execute/builtins/sprintf-chk.c compilation, -Os
UNRESOLVED: gcc.c-torture/execute/builtins/sprintf-chk.c execution, -Os
FAIL: gcc.c-torture/execute/builtins/stpcpy-chk.c compilation, -O0
UNRESOLVED: gcc.c-torture/execute/builtins/stpcpy-chk.c execution, -O0
FAIL: gcc.c-torture/execute/builtins/stpcpy-chk.c compilation, -O1 (internal compiler error)
UNRESOLVED: gcc.c-torture/execute/builtins/stpcpy-chk.c execution, -O1
FAIL: gcc.c-torture/execute/builtins/stpcpy-chk.c compilation, -O2
UNRESOLVED: gcc.c-torture/execute/builtins/stpcpy-chk.c execution, -O2
FAIL: gcc.c-torture/execute/builtins/stpcpy-chk.c compilation, -O3 -fomit-frame-pointer
UNRESOLVED: gcc.c-torture/execute/builtins/stpcpy-chk.c execution, -O3 -fomit-frame-pointer
FAIL: gcc.c-torture/execute/builtins/stpcpy-chk.c compilation, -O3 -fomit-frame-pointer -funroll-loops
UNRESOLVED: gcc.c-torture/execute/builtins/stpcpy-chk.c execution, -O3 -fomit-frame-pointer -funroll-loops
FAIL: gcc.c-torture/execute/builtins/stpcpy-chk.c compilation, -O3 -fomit-frame-pointer -funroll-all-loops -finline-functions
UNRESOLVED: gcc.c-torture/execute/builtins/stpcpy-chk.c execution, -O3 -fomit-frame-pointer -funroll-all-loops -finline-functions
FAIL: gcc.c-torture/execute/builtins/stpcpy-chk.c compilation, -O3 -g
UNRESOLVED: gcc.c-torture/execute/builtins/stpcpy-chk.c execution, -O3 -g
FAIL: gcc.c-torture/execute/builtins/stpcpy-chk.c compilation, -Os
UNRESOLVED: gcc.c-torture/execute/builtins/stpcpy-chk.c execution, -Os
FAIL: gcc.c-torture/execute/builtins/strcat-chk.c compilation, -O0
UNRESOLVED: gcc.c-torture/execute/builtins/strcat-chk.c execution, -O0
FAIL: gcc.c-torture/execute/builtins/strcat-chk.c compilation, -O1 (internal compiler error)
UNRESOLVED: gcc.c-torture/execute/builtins/strcat-chk.c execution, -O1
FAIL: gcc.c-torture/execute/builtins/strcat-chk.c compilation, -O2
UNRESOLVED: gcc.c-torture/execute/builtins/strcat-chk.c execution, -O2
FAIL: gcc.c-torture/execute/builtins/strcat-chk.c compilation, -O3 -fomit-frame-pointer
UNRESOLVED: gcc.c-torture/execute/builtins/strcat-chk.c execution, -O3 -fomit-frame-pointer
FAIL: gcc.c-torture/execute/builtins/strcat-chk.c compilation, -O3 -fomit-frame-pointer -funroll-loops
UNRESOLVED: gcc.c-torture/execute/builtins/strcat-chk.c execution, -O3 -fomit-frame-pointer -funroll-loops
FAIL: gcc.c-torture/execute/builtins/strcat-chk.c compilation, -O3 -fomit-frame-pointer -funroll-all-loops -finline-functions
UNRESOLVED: gcc.c-torture/execute/builtins/strcat-chk.c execution, -O3 -fomit-frame-pointer -funroll-all-loops -finline-functions
FAIL: gcc.c-torture/execute/builtins/strcat-chk.c compilation, -O3 -g
UNRESOLVED: gcc.c-torture/execute/builtins/strcat-chk.c execution, -O3 -g
FAIL: gcc.c-torture/execute/builtins/strcat-chk.c compilation, -Os
UNRESOLVED: gcc.c-torture/execute/builtins/strcat-chk.c execution, -Os
FAIL: gcc.c-torture/execute/builtins/strcpy-chk.c compilation, -O0
UNRESOLVED: gcc.c-torture/execute/builtins/strcpy-chk.c execution, -O0
FAIL: gcc.c-torture/execute/builtins/strcpy-chk.c compilation, -O1 (internal compiler error)
UNRESOLVED: gcc.c-torture/execute/builtins/strcpy-chk.c execution, -O1
FAIL: gcc.c-torture/execute/builtins/strcpy-chk.c compilation, -O2
UNRESOLVED: gcc.c-torture/execute/builtins/strcpy-chk.c execution, -O2
FAIL: gcc.c-torture/execute/builtins/strcpy-chk.c compilation, -O3 -fomit-frame-pointer
UNRESOLVED: gcc.c-torture/execute/builtins/strcpy-chk.c execution, -O3 -fomit-frame-pointer
FAIL: gcc.c-torture/execute/builtins/strcpy-chk.c compilation, -O3 -fomit-frame-pointer -funroll-loops
UNRESOLVED: gcc.c-torture/execute/builtins/strcpy-chk.c execution, -O3 -fomit-frame-pointer -funroll-loops
FAIL: gcc.c-torture/execute/builtins/strcpy-chk.c compilation, -O3 -fomit-frame-pointer -funroll-all-loops -finline-functions
UNRESOLVED: gcc.c-torture/execute/builtins/strcpy-chk.c execution, -O3 -fomit-frame-pointer -funroll-all-loops -finline-functions
FAIL: gcc.c-torture/execute/builtins/strcpy-chk.c compilation, -O3 -g
UNRESOLVED: gcc.c-torture/execute/builtins/strcpy-chk.c execution, -O3 -g
FAIL: gcc.c-torture/execute/builtins/strcpy-chk.c compilation, -Os
UNRESOLVED: gcc.c-torture/execute/builtins/strcpy-chk.c execution, -Os
FAIL: gcc.c-torture/execute/builtins/strncat-chk.c compilation, -O0
UNRESOLVED: gcc.c-torture/execute/builtins/strncat-chk.c execution, -O0
FAIL: gcc.c-torture/execute/builtins/strncat-chk.c compilation, -O1 (internal compiler error)
UNRESOLVED: gcc.c-torture/execute/builtins/strncat-chk.c execution, -O1
FAIL: gcc.c-torture/execute/builtins/strncat-chk.c compilation, -O2
UNRESOLVED: gcc.c-torture/execute/builtins/strncat-chk.c execution, -O2
FAIL: gcc.c-torture/execute/builtins/strncat-chk.c compilation, -O3 -fomit-frame-pointer
UNRESOLVED: gcc.c-torture/execute/builtins/strncat-chk.c execution, -O3 -fomit-frame-pointer
FAIL: gcc.c-torture/execute/builtins/strncat-chk.c compilation, -O3 -fomit-frame-pointer -funroll-loops
UNRESOLVED: gcc.c-torture/execute/builtins/strncat-chk.c execution, -O3 -fomit-frame-pointer -funroll-loops
FAIL: gcc.c-torture/execute/builtins/strncat-chk.c compilation, -O3 -fomit-frame-pointer -funroll-all-loops -finline-functions
UNRESOLVED: gcc.c-torture/execute/builtins/strncat-chk.c execution, -O3 -fomit-frame-pointer -funroll-all-loops -finline-functions
FAIL: gcc.c-torture/execute/builtins/strncat-chk.c compilation, -O3 -g
UNRESOLVED: gcc.c-torture/execute/builtins/strncat-chk.c execution, -O3 -g
FAIL: gcc.c-torture/execute/builtins/strncat-chk.c compilation, -Os
UNRESOLVED: gcc.c-torture/execute/builtins/strncat-chk.c execution, -Os
FAIL: gcc.c-torture/execute/builtins/strncpy-chk.c compilation, -O0
UNRESOLVED: gcc.c-torture/execute/builtins/strncpy-chk.c execution, -O0
FAIL: gcc.c-torture/execute/builtins/strncpy-chk.c compilation, -O1 (internal compiler error)
UNRESOLVED: gcc.c-torture/execute/builtins/strncpy-chk.c execution, -O1
FAIL: gcc.c-torture/execute/builtins/strncpy-chk.c compilation, -O2
UNRESOLVED: gcc.c-torture/execute/builtins/strncpy-chk.c execution, -O2
FAIL: gcc.c-torture/execute/builtins/strncpy-chk.c compilation, -O3 -fomit-frame-pointer
UNRESOLVED: gcc.c-torture/execute/builtins/strncpy-chk.c execution, -O3 -fomit-frame-pointer
FAIL: gcc.c-torture/execute/builtins/strncpy-chk.c compilation, -O3 -fomit-frame-pointer -funroll-loops
UNRESOLVED: gcc.c-torture/execute/builtins/strncpy-chk.c execution, -O3 -fomit-frame-pointer -funroll-loops
FAIL: gcc.c-torture/execute/builtins/strncpy-chk.c compilation, -O3 -fomit-frame-pointer -funroll-all-loops -finline-functions
UNRESOLVED: gcc.c-torture/execute/builtins/strncpy-chk.c execution, -O3 -fomit-frame-pointer -funroll-all-loops -finline-functions
FAIL: gcc.c-torture/execute/builtins/strncpy-chk.c compilation, -O3 -g
UNRESOLVED: gcc.c-torture/execute/builtins/strncpy-chk.c execution, -O3 -g
FAIL: gcc.c-torture/execute/builtins/strncpy-chk.c compilation, -Os
UNRESOLVED: gcc.c-torture/execute/builtins/strncpy-chk.c execution, -Os
FAIL: gcc.c-torture/execute/builtins/vsnprintf-chk.c compilation, -O0
UNRESOLVED: gcc.c-torture/execute/builtins/vsnprintf-chk.c execution, -O0
FAIL: gcc.c-torture/execute/builtins/vsnprintf-chk.c compilation, -O1 (internal compiler error)
UNRESOLVED: gcc.c-torture/execute/builtins/vsnprintf-chk.c execution, -O1
FAIL: gcc.c-torture/execute/builtins/vsnprintf-chk.c compilation, -O2
UNRESOLVED: gcc.c-torture/execute/builtins/vsnprintf-chk.c execution, -O2
FAIL: gcc.c-torture/execute/builtins/vsnprintf-chk.c compilation, -O3 -fomit-frame-pointer
UNRESOLVED: gcc.c-torture/execute/builtins/vsnprintf-chk.c execution, -O3 -fomit-frame-pointer
FAIL: gcc.c-torture/execute/builtins/vsnprintf-chk.c compilation, -O3 -fomit-frame-pointer -funroll-loops
UNRESOLVED: gcc.c-torture/execute/builtins/vsnprintf-chk.c execution, -O3 -fomit-frame-pointer -funroll-loops
FAIL: gcc.c-torture/execute/builtins/vsnprintf-chk.c compilation, -O3 -fomit-frame-pointer -funroll-all-loops -finline-functions
UNRESOLVED: gcc.c-torture/execute/builtins/vsnprintf-chk.c execution, -O3 -fomit-frame-pointer -funroll-all-loops -finline-functions
FAIL: gcc.c-torture/execute/builtins/vsnprintf-chk.c compilation, -O3 -g
UNRESOLVED: gcc.c-torture/execute/builtins/vsnprintf-chk.c execution, -O3 -g
FAIL: gcc.c-torture/execute/builtins/vsnprintf-chk.c compilation, -Os
UNRESOLVED: gcc.c-torture/execute/builtins/vsnprintf-chk.c execution, -Os
FAIL: gcc.c-torture/execute/builtins/vsprintf-chk.c compilation, -O0
UNRESOLVED: gcc.c-torture/execute/builtins/vsprintf-chk.c execution, -O0
FAIL: gcc.c-torture/execute/builtins/vsprintf-chk.c compilation, -O1 (internal compiler error)
UNRESOLVED: gcc.c-torture/execute/builtins/vsprintf-chk.c execution, -O1
FAIL: gcc.c-torture/execute/builtins/vsprintf-chk.c compilation, -O2
UNRESOLVED: gcc.c-torture/execute/builtins/vsprintf-chk.c execution, -O2
FAIL: gcc.c-torture/execute/builtins/vsprintf-chk.c compilation, -O3 -fomit-frame-pointer
UNRESOLVED: gcc.c-torture/execute/builtins/vsprintf-chk.c execution, -O3 -fomit-frame-pointer
FAIL: gcc.c-torture/execute/builtins/vsprintf-chk.c compilation, -O3 -fomit-frame-pointer -funroll-loops
UNRESOLVED: gcc.c-torture/execute/builtins/vsprintf-chk.c execution, -O3 -fomit-frame-pointer -funroll-loops
FAIL: gcc.c-torture/execute/builtins/vsprintf-chk.c compilation, -O3 -fomit-frame-pointer -funroll-all-loops -finline-functions
UNRESOLVED: gcc.c-torture/execute/builtins/vsprintf-chk.c execution, -O3 -fomit-frame-pointer -funroll-all-loops -finline-functions
FAIL: gcc.c-torture/execute/builtins/vsprintf-chk.c compilation, -O3 -g
UNRESOLVED: gcc.c-torture/execute/builtins/vsprintf-chk.c execution, -O3 -g
FAIL: gcc.c-torture/execute/builtins/vsprintf-chk.c compilation, -Os
UNRESOLVED: gcc.c-torture/execute/builtins/vsprintf-chk.c execution, -Os
FAIL: gcc.c-torture/execute/20010122-1.c execution, -O1
FAIL: gcc.c-torture/execute/20010122-1.c execution, -O2
FAIL: gcc.c-torture/execute/20010122-1.c execution, -O3 -g
FAIL: gcc.c-torture/execute/20010122-1.c execution, -Os
ERROR: tcl error sourcing /home/mstein/svn/trunk/gcc/testsuite/gcc.c-torture/execute/execute.exp.
ERROR: simulate binary /home/mstein/sim/trunk/avr/build/gcc/testsuite/gcc/20010915-1.x6 with atmega128 configuration
ERROR: tcl error sourcing /home/mstein/svn/trunk/gcc/testsuite/gcc.c-torture/execute/ieee/ieee.exp.
ERROR: simulate binary /home/mstein/sim/trunk/avr/build/gcc/testsuite/gcc/920518-1.x4 with atmega128 configuration
FAIL: gcc.c-torture/unsorted/shm.c, -O2 (internal compiler error)
FAIL: gcc.c-torture/unsorted/shm.c, -O3 -fomit-frame-pointer (internal compiler error)
FAIL: gcc.c-torture/unsorted/shm.c, -O3 -g (internal compiler error)
FAIL: gcc.c-torture/unsorted/shm.c, -Os (internal compiler error)
FAIL: gcc.dg/compat/scalar-by-value-1 c_compat_x_tst.o-c_compat_y_tst.o execute
FAIL: gcc.dg/compat/scalar-by-value-3 c_compat_x_tst.o-c_compat_y_tst.o execute
FAIL: gcc.dg/compat/scalar-by-value-5 c_compat_x_tst.o-c_compat_y_tst.o execute
FAIL: gcc.dg/compat/scalar-return-1 c_compat_x_tst.o-c_compat_y_tst.o execute
FAIL: gcc.dg/compat/scalar-return-3 c_compat_x_tst.o-c_compat_y_tst.o execute
FAIL: gcc.dg/compat/struct-by-value-10 c_compat_x_tst.o-c_compat_y_tst.o link
UNRESOLVED: gcc.dg/compat/struct-by-value-10 c_compat_x_tst.o-c_compat_y_tst.o execute
FAIL: gcc.dg/compat/struct-by-value-11 c_compat_x_tst.o-c_compat_y_tst.o link
UNRESOLVED: gcc.dg/compat/struct-by-value-11 c_compat_x_tst.o-c_compat_y_tst.o execute
FAIL: gcc.dg/compat/struct-by-value-12 c_compat_x_tst.o-c_compat_y_tst.o link
UNRESOLVED: gcc.dg/compat/struct-by-value-12 c_compat_x_tst.o-c_compat_y_tst.o execute
FAIL: gcc.dg/compat/struct-by-value-13 c_compat_x_tst.o-c_compat_y_tst.o link
UNRESOLVED: gcc.dg/compat/struct-by-value-13 c_compat_x_tst.o-c_compat_y_tst.o execute
FAIL: gcc.dg/compat/struct-by-value-14 c_compat_x_tst.o-c_compat_y_tst.o link
UNRESOLVED: gcc.dg/compat/struct-by-value-14 c_compat_x_tst.o-c_compat_y_tst.o execute
FAIL: gcc.dg/compat/struct-by-value-15 c_compat_x_tst.o-c_compat_y_tst.o link
UNRESOLVED: gcc.dg/compat/struct-by-value-15 c_compat_x_tst.o-c_compat_y_tst.o execute
FAIL: gcc.dg/compat/struct-by-value-16 c_compat_x_tst.o-c_compat_y_tst.o link
UNRESOLVED: gcc.dg/compat/struct-by-value-16 c_compat_x_tst.o-c_compat_y_tst.o execute
FAIL: gcc.dg/compat/struct-by-value-17 c_compat_x_tst.o-c_compat_y_tst.o link
UNRESOLVED: gcc.dg/compat/struct-by-value-17 c_compat_x_tst.o-c_compat_y_tst.o execute
FAIL: gcc.dg/compat/struct-by-value-18 c_compat_x_tst.o-c_compat_y_tst.o link
UNRESOLVED: gcc.dg/compat/struct-by-value-18 c_compat_x_tst.o-c_compat_y_tst.o execute
FAIL: gcc.dg/compat/struct-by-value-19 c_compat_x_tst.o-c_compat_y_tst.o link
UNRESOLVED: gcc.dg/compat/struct-by-value-19 c_compat_x_tst.o-c_compat_y_tst.o execute
FAIL: gcc.dg/compat/struct-by-value-2 c_compat_x_tst.o-c_compat_y_tst.o link
UNRESOLVED: gcc.dg/compat/struct-by-value-2 c_compat_x_tst.o-c_compat_y_tst.o execute
FAIL: gcc.dg/compat/struct-by-value-3 c_compat_x_tst.o-c_compat_y_tst.o link
UNRESOLVED: gcc.dg/compat/struct-by-value-3 c_compat_x_tst.o-c_compat_y_tst.o execute
FAIL: gcc.dg/compat/struct-by-value-4 c_compat_x_tst.o-c_compat_y_tst.o link
UNRESOLVED: gcc.dg/compat/struct-by-value-4 c_compat_x_tst.o-c_compat_y_tst.o execute
FAIL: gcc.dg/compat/struct-by-value-5a c_compat_x_tst.o-c_compat_y_tst.o link
UNRESOLVED: gcc.dg/compat/struct-by-value-5a c_compat_x_tst.o-c_compat_y_tst.o execute
FAIL: gcc.dg/compat/struct-by-value-5b c_compat_x_tst.o-c_compat_y_tst.o link
UNRESOLVED: gcc.dg/compat/struct-by-value-5b c_compat_x_tst.o-c_compat_y_tst.o execute
FAIL: gcc.dg/compat/struct-by-value-6a c_compat_x_tst.o-c_compat_y_tst.o link
UNRESOLVED: gcc.dg/compat/struct-by-value-6a c_compat_x_tst.o-c_compat_y_tst.o execute
FAIL: gcc.dg/compat/struct-by-value-6b c_compat_x_tst.o-c_compat_y_tst.o link
UNRESOLVED: gcc.dg/compat/struct-by-value-6b c_compat_x_tst.o-c_compat_y_tst.o execute
FAIL: gcc.dg/compat/struct-by-value-7a c_compat_x_tst.o-c_compat_y_tst.o link
UNRESOLVED: gcc.dg/compat/struct-by-value-7a c_compat_x_tst.o-c_compat_y_tst.o execute
FAIL: gcc.dg/compat/struct-by-value-7b c_compat_x_tst.o-c_compat_y_tst.o link
UNRESOLVED: gcc.dg/compat/struct-by-value-7b c_compat_x_tst.o-c_compat_y_tst.o execute
FAIL: gcc.dg/compat/struct-by-value-8 c_compat_x_tst.o-c_compat_y_tst.o link
UNRESOLVED: gcc.dg/compat/struct-by-value-8 c_compat_x_tst.o-c_compat_y_tst.o execute
FAIL: gcc.dg/compat/struct-by-value-9 c_compat_x_tst.o-c_compat_y_tst.o link
UNRESOLVED: gcc.dg/compat/struct-by-value-9 c_compat_x_tst.o-c_compat_y_tst.o execute
FAIL: gcc.dg/compat/struct-layout-1 c_compat_main_tst.o compile
FAIL: gcc.dg/compat/struct-layout-1 c_compat_x_tst.o compile
FAIL: gcc.dg/compat/struct-layout-1 c_compat_y_tst.o compile
UNRESOLVED: gcc.dg/compat/struct-layout-1 c_compat_x_tst.o-c_compat_y_tst.o link
UNRESOLVED: gcc.dg/compat/struct-layout-1 c_compat_x_tst.o-c_compat_y_tst.o execute
FAIL: gcc.dg/compat/struct-return-2 c_compat_x_tst.o-c_compat_y_tst.o link
UNRESOLVED: gcc.dg/compat/struct-return-2 c_compat_x_tst.o-c_compat_y_tst.o execute
FAIL: gcc.dg/compat/union-by-value-1 c_compat_x_tst.o-c_compat_y_tst.o link
UNRESOLVED: gcc.dg/compat/union-by-value-1 c_compat_x_tst.o-c_compat_y_tst.o execute
FAIL: gcc.dg/compat/vector-1 c_compat_x_tst.o compile
FAIL: gcc.dg/compat/vector-1 c_compat_y_tst.o compile
UNRESOLVED: gcc.dg/compat/vector-1 c_compat_x_tst.o-c_compat_y_tst.o link
UNRESOLVED: gcc.dg/compat/vector-1 c_compat_x_tst.o-c_compat_y_tst.o execute
FAIL: gcc.dg/compat/vector-2 c_compat_x_tst.o compile
FAIL: gcc.dg/compat/vector-2 c_compat_y_tst.o compile
UNRESOLVED: gcc.dg/compat/vector-2 c_compat_x_tst.o-c_compat_y_tst.o link
UNRESOLVED: gcc.dg/compat/vector-2 c_compat_x_tst.o-c_compat_y_tst.o execute
FAIL: tmpdir-gcc.dg-struct-layout-1/t001 c_compat_main_tst.o compile
FAIL: tmpdir-gcc.dg-struct-layout-1/t001 c_compat_x_tst.o compile
FAIL: tmpdir-gcc.dg-struct-layout-1/t001 c_compat_y_tst.o compile
UNRESOLVED: tmpdir-gcc.dg-struct-layout-1/t001 c_compat_x_tst.o-c_compat_y_tst.o link
UNRESOLVED: tmpdir-gcc.dg-struct-layout-1/t001 c_compat_x_tst.o-c_compat_y_tst.o execute
FAIL: tmpdir-gcc.dg-struct-layout-1/t002 c_compat_main_tst.o compile
FAIL: tmpdir-gcc.dg-struct-layout-1/t002 c_compat_x_tst.o compile
FAIL: tmpdir-gcc.dg-struct-layout-1/t002 c_compat_y_tst.o compile
UNRESOLVED: tmpdir-gcc.dg-struct-layout-1/t002 c_compat_x_tst.o-c_compat_y_tst.o link
UNRESOLVED: tmpdir-gcc.dg-struct-layout-1/t002 c_compat_x_tst.o-c_compat_y_tst.o execute
FAIL: tmpdir-gcc.dg-struct-layout-1/t003 c_compat_main_tst.o compile
FAIL: tmpdir-gcc.dg-struct-layout-1/t003 c_compat_x_tst.o compile
FAIL: tmpdir-gcc.dg-struct-layout-1/t003 c_compat_y_tst.o compile
UNRESOLVED: tmpdir-gcc.dg-struct-layout-1/t003 c_compat_x_tst.o-c_compat_y_tst.o link
UNRESOLVED: tmpdir-gcc.dg-struct-layout-1/t003 c_compat_x_tst.o-c_compat_y_tst.o execute
FAIL: tmpdir-gcc.dg-struct-layout-1/t004 c_compat_main_tst.o compile
FAIL: tmpdir-gcc.dg-struct-layout-1/t004 c_compat_x_tst.o compile
FAIL: tmpdir-gcc.dg-struct-layout-1/t004 c_compat_y_tst.o compile
UNRESOLVED: tmpdir-gcc.dg-struct-layout-1/t004 c_compat_x_tst.o-c_compat_y_tst.o link
UNRESOLVED: tmpdir-gcc.dg-struct-layout-1/t004 c_compat_x_tst.o-c_compat_y_tst.o execute
FAIL: tmpdir-gcc.dg-struct-layout-1/t005 c_compat_main_tst.o compile
FAIL: tmpdir-gcc.dg-struct-layout-1/t005 c_compat_x_tst.o compile
FAIL: tmpdir-gcc.dg-struct-layout-1/t005 c_compat_y_tst.o compile
UNRESOLVED: tmpdir-gcc.dg-struct-layout-1/t005 c_compat_x_tst.o-c_compat_y_tst.o link
UNRESOLVED: tmpdir-gcc.dg-struct-layout-1/t005 c_compat_x_tst.o-c_compat_y_tst.o execute
FAIL: tmpdir-gcc.dg-struct-layout-1/t006 c_compat_main_tst.o compile
FAIL: tmpdir-gcc.dg-struct-layout-1/t006 c_compat_x_tst.o compile
FAIL: tmpdir-gcc.dg-struct-layout-1/t006 c_compat_y_tst.o compile
UNRESOLVED: tmpdir-gcc.dg-struct-layout-1/t006 c_compat_x_tst.o-c_compat_y_tst.o link
UNRESOLVED: tmpdir-gcc.dg-struct-layout-1/t006 c_compat_x_tst.o-c_compat_y_tst.o execute
FAIL: tmpdir-gcc.dg-struct-layout-1/t007 c_compat_main_tst.o compile
FAIL: tmpdir-gcc.dg-struct-layout-1/t007 c_compat_x_tst.o compile
FAIL: tmpdir-gcc.dg-struct-layout-1/t007 c_compat_y_tst.o compile
UNRESOLVED: tmpdir-gcc.dg-struct-layout-1/t007 c_compat_x_tst.o-c_compat_y_tst.o link
UNRESOLVED: tmpdir-gcc.dg-struct-layout-1/t007 c_compat_x_tst.o-c_compat_y_tst.o execute
FAIL: tmpdir-gcc.dg-struct-layout-1/t008 c_compat_main_tst.o compile
FAIL: tmpdir-gcc.dg-struct-layout-1/t008 c_compat_x_tst.o compile
FAIL: tmpdir-gcc.dg-struct-layout-1/t008 c_compat_y_tst.o compile
UNRESOLVED: tmpdir-gcc.dg-struct-layout-1/t008 c_compat_x_tst.o-c_compat_y_tst.o link
UNRESOLVED: tmpdir-gcc.dg-struct-layout-1/t008 c_compat_x_tst.o-c_compat_y_tst.o execute
FAIL: tmpdir-gcc.dg-struct-layout-1/t009 c_compat_main_tst.o compile
FAIL: tmpdir-gcc.dg-struct-layout-1/t009 c_compat_x_tst.o compile
FAIL: tmpdir-gcc.dg-struct-layout-1/t009 c_compat_y_tst.o compile
UNRESOLVED: tmpdir-gcc.dg-struct-layout-1/t009 c_compat_x_tst.o-c_compat_y_tst.o link
UNRESOLVED: tmpdir-gcc.dg-struct-layout-1/t009 c_compat_x_tst.o-c_compat_y_tst.o execute
FAIL: tmpdir-gcc.dg-struct-layout-1/t010 c_compat_main_tst.o compile
FAIL: tmpdir-gcc.dg-struct-layout-1/t010 c_compat_x_tst.o compile
FAIL: tmpdir-gcc.dg-struct-layout-1/t010 c_compat_y_tst.o compile
UNRESOLVED: tmpdir-gcc.dg-struct-layout-1/t010 c_compat_x_tst.o-c_compat_y_tst.o link
UNRESOLVED: tmpdir-gcc.dg-struct-layout-1/t010 c_compat_x_tst.o-c_compat_y_tst.o execute
FAIL: tmpdir-gcc.dg-struct-layout-1/t011 c_compat_main_tst.o compile
FAIL: tmpdir-gcc.dg-struct-layout-1/t011 c_compat_x_tst.o compile
FAIL: tmpdir-gcc.dg-struct-layout-1/t011 c_compat_y_tst.o compile
UNRESOLVED: tmpdir-gcc.dg-struct-layout-1/t011 c_compat_x_tst.o-c_compat_y_tst.o link
UNRESOLVED: tmpdir-gcc.dg-struct-layout-1/t011 c_compat_x_tst.o-c_compat_y_tst.o execute
FAIL: tmpdir-gcc.dg-struct-layout-1/t012 c_compat_main_tst.o compile
FAIL: tmpdir-gcc.dg-struct-layout-1/t012 c_compat_x_tst.o compile
FAIL: tmpdir-gcc.dg-struct-layout-1/t012 c_compat_y_tst.o compile
UNRESOLVED: tmpdir-gcc.dg-struct-layout-1/t012 c_compat_x_tst.o-c_compat_y_tst.o link
UNRESOLVED: tmpdir-gcc.dg-struct-layout-1/t012 c_compat_x_tst.o-c_compat_y_tst.o execute
FAIL: tmpdir-gcc.dg-struct-layout-1/t013 c_compat_main_tst.o compile
FAIL: tmpdir-gcc.dg-struct-layout-1/t013 c_compat_x_tst.o compile
FAIL: tmpdir-gcc.dg-struct-layout-1/t013 c_compat_y_tst.o compile
UNRESOLVED: tmpdir-gcc.dg-struct-layout-1/t013 c_compat_x_tst.o-c_compat_y_tst.o link
UNRESOLVED: tmpdir-gcc.dg-struct-layout-1/t013 c_compat_x_tst.o-c_compat_y_tst.o execute
FAIL: tmpdir-gcc.dg-struct-layout-1/t014 c_compat_main_tst.o compile
FAIL: tmpdir-gcc.dg-struct-layout-1/t014 c_compat_x_tst.o compile
FAIL: tmpdir-gcc.dg-struct-layout-1/t014 c_compat_y_tst.o compile
UNRESOLVED: tmpdir-gcc.dg-struct-layout-1/t014 c_compat_x_tst.o-c_compat_y_tst.o link
UNRESOLVED: tmpdir-gcc.dg-struct-layout-1/t014 c_compat_x_tst.o-c_compat_y_tst.o execute
FAIL: tmpdir-gcc.dg-struct-layout-1/t015 c_compat_main_tst.o compile
FAIL: tmpdir-gcc.dg-struct-layout-1/t015 c_compat_x_tst.o compile
FAIL: tmpdir-gcc.dg-struct-layout-1/t015 c_compat_y_tst.o compile
UNRESOLVED: tmpdir-gcc.dg-struct-layout-1/t015 c_compat_x_tst.o-c_compat_y_tst.o link
UNRESOLVED: tmpdir-gcc.dg-struct-layout-1/t015 c_compat_x_tst.o-c_compat_y_tst.o execute
FAIL: tmpdir-gcc.dg-struct-layout-1/t016 c_compat_main_tst.o compile
FAIL: tmpdir-gcc.dg-struct-layout-1/t016 c_compat_x_tst.o compile
FAIL: tmpdir-gcc.dg-struct-layout-1/t016 c_compat_y_tst.o compile
UNRESOLVED: tmpdir-gcc.dg-struct-layout-1/t016 c_compat_x_tst.o-c_compat_y_tst.o link
UNRESOLVED: tmpdir-gcc.dg-struct-layout-1/t016 c_compat_x_tst.o-c_compat_y_tst.o execute
FAIL: tmpdir-gcc.dg-struct-layout-1/t017 c_compat_main_tst.o compile
FAIL: tmpdir-gcc.dg-struct-layout-1/t017 c_compat_x_tst.o compile
FAIL: tmpdir-gcc.dg-struct-layout-1/t017 c_compat_y_tst.o compile
UNRESOLVED: tmpdir-gcc.dg-struct-layout-1/t017 c_compat_x_tst.o-c_compat_y_tst.o link
UNRESOLVED: tmpdir-gcc.dg-struct-layout-1/t017 c_compat_x_tst.o-c_compat_y_tst.o execute
FAIL: tmpdir-gcc.dg-struct-layout-1/t018 c_compat_main_tst.o compile
FAIL: tmpdir-gcc.dg-struct-layout-1/t018 c_compat_x_tst.o compile
FAIL: tmpdir-gcc.dg-struct-layout-1/t018 c_compat_y_tst.o compile
UNRESOLVED: tmpdir-gcc.dg-struct-layout-1/t018 c_compat_x_tst.o-c_compat_y_tst.o link
UNRESOLVED: tmpdir-gcc.dg-struct-layout-1/t018 c_compat_x_tst.o-c_compat_y_tst.o execute
FAIL: tmpdir-gcc.dg-struct-layout-1/t019 c_compat_main_tst.o compile
FAIL: tmpdir-gcc.dg-struct-layout-1/t019 c_compat_x_tst.o compile
FAIL: tmpdir-gcc.dg-struct-layout-1/t019 c_compat_y_tst.o compile
UNRESOLVED: tmpdir-gcc.dg-struct-layout-1/t019 c_compat_x_tst.o-c_compat_y_tst.o link
UNRESOLVED: tmpdir-gcc.dg-struct-layout-1/t019 c_compat_x_tst.o-c_compat_y_tst.o execute
FAIL: tmpdir-gcc.dg-struct-layout-1/t020 c_compat_main_tst.o compile
FAIL: tmpdir-gcc.dg-struct-layout-1/t020 c_compat_x_tst.o compile
FAIL: tmpdir-gcc.dg-struct-layout-1/t020 c_compat_y_tst.o compile
UNRESOLVED: tmpdir-gcc.dg-struct-layout-1/t020 c_compat_x_tst.o-c_compat_y_tst.o link
UNRESOLVED: tmpdir-gcc.dg-struct-layout-1/t020 c_compat_x_tst.o-c_compat_y_tst.o execute
FAIL: tmpdir-gcc.dg-struct-layout-1/t021 c_compat_main_tst.o compile
FAIL: tmpdir-gcc.dg-struct-layout-1/t021 c_compat_x_tst.o compile
FAIL: tmpdir-gcc.dg-struct-layout-1/t021 c_compat_y_tst.o compile
UNRESOLVED: tmpdir-gcc.dg-struct-layout-1/t021 c_compat_x_tst.o-c_compat_y_tst.o link
UNRESOLVED: tmpdir-gcc.dg-struct-layout-1/t021 c_compat_x_tst.o-c_compat_y_tst.o execute
FAIL: tmpdir-gcc.dg-struct-layout-1/t022 c_compat_main_tst.o compile
FAIL: tmpdir-gcc.dg-struct-layout-1/t022 c_compat_x_tst.o compile
FAIL: tmpdir-gcc.dg-struct-layout-1/t022 c_compat_y_tst.o compile
UNRESOLVED: tmpdir-gcc.dg-struct-layout-1/t022 c_compat_x_tst.o-c_compat_y_tst.o link
UNRESOLVED: tmpdir-gcc.dg-struct-layout-1/t022 c_compat_x_tst.o-c_compat_y_tst.o execute
FAIL: tmpdir-gcc.dg-struct-layout-1/t023 c_compat_main_tst.o compile
FAIL: tmpdir-gcc.dg-struct-layout-1/t023 c_compat_x_tst.o compile
FAIL: tmpdir-gcc.dg-struct-layout-1/t023 c_compat_y_tst.o compile
UNRESOLVED: tmpdir-gcc.dg-struct-layout-1/t023 c_compat_x_tst.o-c_compat_y_tst.o link
UNRESOLVED: tmpdir-gcc.dg-struct-layout-1/t023 c_compat_x_tst.o-c_compat_y_tst.o execute
FAIL: tmpdir-gcc.dg-struct-layout-1/t024 c_compat_main_tst.o compile
FAIL: tmpdir-gcc.dg-struct-layout-1/t024 c_compat_x_tst.o compile
FAIL: tmpdir-gcc.dg-struct-layout-1/t024 c_compat_y_tst.o compile
UNRESOLVED: tmpdir-gcc.dg-struct-layout-1/t024 c_compat_x_tst.o-c_compat_y_tst.o link
UNRESOLVED: tmpdir-gcc.dg-struct-layout-1/t024 c_compat_x_tst.o-c_compat_y_tst.o execute
FAIL: tmpdir-gcc.dg-struct-layout-1/t025 c_compat_main_tst.o compile
FAIL: tmpdir-gcc.dg-struct-layout-1/t025 c_compat_x_tst.o compile
FAIL: tmpdir-gcc.dg-struct-layout-1/t025 c_compat_y_tst.o compile
UNRESOLVED: tmpdir-gcc.dg-struct-layout-1/t025 c_compat_x_tst.o-c_compat_y_tst.o link
UNRESOLVED: tmpdir-gcc.dg-struct-layout-1/t025 c_compat_x_tst.o-c_compat_y_tst.o execute
FAIL: tmpdir-gcc.dg-struct-layout-1/t026 c_compat_main_tst.o compile
FAIL: tmpdir-gcc.dg-struct-layout-1/t026 c_compat_x_tst.o compile
FAIL: tmpdir-gcc.dg-struct-layout-1/t026 c_compat_y_tst.o compile
UNRESOLVED: tmpdir-gcc.dg-struct-layout-1/t026 c_compat_x_tst.o-c_compat_y_tst.o link
UNRESOLVED: tmpdir-gcc.dg-struct-layout-1/t026 c_compat_x_tst.o-c_compat_y_tst.o execute
FAIL: tmpdir-gcc.dg-struct-layout-1/t027 c_compat_main_tst.o compile
FAIL: tmpdir-gcc.dg-struct-layout-1/t027 c_compat_x_tst.o compile
FAIL: tmpdir-gcc.dg-struct-layout-1/t027 c_compat_y_tst.o compile
UNRESOLVED: tmpdir-gcc.dg-struct-layout-1/t027 c_compat_x_tst.o-c_compat_y_tst.o link
UNRESOLVED: tmpdir-gcc.dg-struct-layout-1/t027 c_compat_x_tst.o-c_compat_y_tst.o execute
FAIL: tmpdir-gcc.dg-struct-layout-1/t028 c_compat_main_tst.o compile
FAIL: tmpdir-gcc.dg-struct-layout-1/t028 c_compat_x_tst.o compile
FAIL: tmpdir-gcc.dg-struct-layout-1/t028 c_compat_y_tst.o compile
UNRESOLVED: tmpdir-gcc.dg-struct-layout-1/t028 c_compat_x_tst.o-c_compat_y_tst.o link
UNRESOLVED: tmpdir-gcc.dg-struct-layout-1/t028 c_compat_x_tst.o-c_compat_y_tst.o execute
ERROR: tcl error sourcing /home/mstein/svn/trunk/gcc/testsuite/gcc.dg/debug/debug.exp.
ERROR: simulate binary ./20020220-1.exe with atmega128 configuration
ERROR: tcl error sourcing /home/mstein/svn/trunk/gcc/testsuite/gcc.dg/dg.exp.
ERROR: simulate binary ./20001117-1.exe with atmega128 configuration
FAIL: gcc.dg/matrix/matrix-1.c execution test
FAIL: gcc.dg/matrix/matrix-2.c execution test
FAIL: gcc.dg/matrix/matrix-5.c execution test
FAIL: gcc.dg/struct/wo_prof_array_field.c execution test
FAIL: gcc.dg/struct/wo_prof_array_field.c scan-ipa-dump ipa_struct_reorg "Number of structures to transform is 1"
FAIL: gcc.dg/struct/wo_prof_array_through_pointer.c execution test
XPASS: gcc.dg/struct/wo_prof_array_through_pointer.c scan-ipa-dump ipa_struct_reorg "Number of structures to transform is 1"
FAIL: gcc.dg/struct/wo_prof_double_malloc.c execution test
FAIL: gcc.dg/struct/wo_prof_double_malloc.c scan-ipa-dump ipa_struct_reorg "Number of structures to transform is 1"
FAIL: gcc.dg/struct/wo_prof_escape_arg_to_local.c execution test
FAIL: gcc.dg/struct/wo_prof_escape_return.c execution test
FAIL: gcc.dg/struct/wo_prof_escape_str_init.c execution test
FAIL: gcc.dg/struct/wo_prof_escape_substr_array.c execution test
FAIL: gcc.dg/struct/wo_prof_escape_substr_pointer.c execution test
FAIL: gcc.dg/struct/wo_prof_escape_substr_value.c execution test
FAIL: gcc.dg/struct/wo_prof_global_array.c execution test
FAIL: gcc.dg/struct/wo_prof_global_array.c scan-ipa-dump ipa_struct_reorg "Number of structures to transform is 1"
FAIL: gcc.dg/struct/wo_prof_global_var.c execution test
FAIL: gcc.dg/struct/wo_prof_global_var.c scan-ipa-dump ipa_struct_reorg "Number of structures to transform is 1"
FAIL: gcc.dg/struct/wo_prof_local_array.c execution test
FAIL: gcc.dg/struct/wo_prof_local_array.c scan-ipa-dump ipa_struct_reorg "Number of structures to transform is 1"
FAIL: gcc.dg/struct/wo_prof_local_var.c execution test
FAIL: gcc.dg/struct/wo_prof_local_var.c scan-ipa-dump ipa_struct_reorg "Number of structures to transform is 1"
FAIL: gcc.dg/struct/wo_prof_malloc_size_var.c execution test
FAIL: gcc.dg/struct/wo_prof_malloc_size_var.c scan-ipa-dump ipa_struct_reorg "Number of structures to transform is 1"
FAIL: gcc.dg/struct/wo_prof_mult_field_peeling.c execution test
FAIL: gcc.dg/struct/wo_prof_single_str_global.c execution test
FAIL: gcc.dg/struct/wo_prof_single_str_global.c scan-ipa-dump ipa_struct_reorg "Number of structures to transform is 1"
FAIL: gcc.dg/struct/wo_prof_single_str_local.c execution test
FAIL: gcc.dg/struct/wo_prof_single_str_local.c scan-ipa-dump ipa_struct_reorg "No structures to transform"
FAIL: gcc.dg/struct/wo_prof_single_str_pointer.c execution test
XPASS: gcc.dg/struct/wo_prof_single_str_pointer.c scan-ipa-dump ipa_struct_reorg "Number of structures to transform is 1"
FAIL: gcc.dg/struct/wo_prof_two_strs.c execution test
FAIL: gcc.dg/struct/wo_prof_two_strs.c scan-ipa-dump ipa_struct_reorg "Number of structures to transform is 2"
FAIL: gcc.dg/torture/builtin-convert-1.c -O0 (test for excess errors)
FAIL: gcc.dg/torture/builtin-convert-1.c -O1 (test for excess errors)
FAIL: gcc.dg/torture/builtin-convert-1.c -O2 (test for excess errors)
FAIL: gcc.dg/torture/builtin-convert-1.c -O3 -fomit-frame-pointer (test for excess errors)
FAIL: gcc.dg/torture/builtin-convert-1.c -O3 -g (test for excess errors)
FAIL: gcc.dg/torture/builtin-convert-1.c -Os (test for excess errors)
FAIL: gcc.dg/torture/builtin-convert-2.c -O0 (test for excess errors)
FAIL: gcc.dg/torture/builtin-convert-2.c -O1 (test for excess errors)
FAIL: gcc.dg/torture/builtin-convert-2.c -O2 (test for excess errors)
FAIL: gcc.dg/torture/builtin-convert-2.c -O3 -fomit-frame-pointer (test for excess errors)
FAIL: gcc.dg/torture/builtin-convert-2.c -O3 -g (test for excess errors)
FAIL: gcc.dg/torture/builtin-convert-2.c -Os (test for excess errors)
FAIL: gcc.dg/torture/builtin-convert-3.c -O0 (test for excess errors)
FAIL: gcc.dg/torture/builtin-convert-3.c -O1 (test for excess errors)
FAIL: gcc.dg/torture/builtin-convert-3.c -O2 (test for excess errors)
FAIL: gcc.dg/torture/builtin-convert-3.c -O3 -fomit-frame-pointer (test for excess errors)
FAIL: gcc.dg/torture/builtin-convert-3.c -O3 -g (test for excess errors)
FAIL: gcc.dg/torture/builtin-convert-3.c -Os (test for excess errors)
FAIL: gcc.dg/torture/builtin-convert-4.c -O0 (test for excess errors)
FAIL: gcc.dg/torture/builtin-convert-4.c -O1 (test for excess errors)
FAIL: gcc.dg/torture/builtin-convert-4.c -O2 (test for excess errors)
FAIL: gcc.dg/torture/builtin-convert-4.c -O3 -fomit-frame-pointer (test for excess errors)
FAIL: gcc.dg/torture/builtin-convert-4.c -O3 -fomit-frame-pointer -funroll-loops (test for excess errors)
FAIL: gcc.dg/torture/builtin-convert-4.c -O3 -fomit-frame-pointer -funroll-all-loops -finline-functions (test for excess errors)
FAIL: gcc.dg/torture/builtin-convert-4.c -O3 -g (test for excess errors)
FAIL: gcc.dg/torture/builtin-convert-4.c -Os (test for excess errors)
FAIL: gcc.dg/torture/builtin-frexp-1.c -O0 (test for excess errors)
FAIL: gcc.dg/torture/builtin-frexp-1.c -O1 (test for excess errors)
FAIL: gcc.dg/torture/builtin-frexp-1.c -O2 (test for excess errors)
FAIL: gcc.dg/torture/builtin-frexp-1.c -O3 -fomit-frame-pointer (test for excess errors)
FAIL: gcc.dg/torture/builtin-frexp-1.c -O3 -fomit-frame-pointer -funroll-loops (test for excess errors)
FAIL: gcc.dg/torture/builtin-frexp-1.c -O3 -fomit-frame-pointer -funroll-all-loops -finline-functions (test for excess errors)
FAIL: gcc.dg/torture/builtin-frexp-1.c -O3 -g (test for excess errors)
FAIL: gcc.dg/torture/builtin-frexp-1.c -Os (test for excess errors)
FAIL: gcc.dg/torture/builtin-power-1.c -O0 (test for excess errors)
FAIL: gcc.dg/torture/builtin-power-1.c -O1 (test for excess errors)
FAIL: gcc.dg/torture/builtin-power-1.c -O2 (test for excess errors)
FAIL: gcc.dg/torture/builtin-power-1.c -O3 -fomit-frame-pointer (test for excess errors)
FAIL: gcc.dg/torture/builtin-power-1.c -O3 -g (test for excess errors)
FAIL: gcc.dg/torture/builtin-power-1.c -Os (test for excess errors)
FAIL: gcc.dg/torture/nested-fn-1.c -O0 (internal compiler error)
FAIL: gcc.dg/torture/nested-fn-1.c -O0 (test for excess errors)
ERROR: gcc.dg/torture/nested-fn-1.c -O0 : error executing dg-final: couldn't open "nested-fn-1.s": no such file or directory
UNRESOLVED: gcc.dg/torture/nested-fn-1.c -O0 : error executing dg-final: couldn't open "nested-fn-1.s": no such file or directory
FAIL: gcc.dg/torture/nested-fn-1.c -O1 (internal compiler error)
FAIL: gcc.dg/torture/nested-fn-1.c -O1 (test for excess errors)
ERROR: gcc.dg/torture/nested-fn-1.c -O1 : error executing dg-final: couldn't open "nested-fn-1.s": no such file or directory
UNRESOLVED: gcc.dg/torture/nested-fn-1.c -O1 : error executing dg-final: couldn't open "nested-fn-1.s": no such file or directory
FAIL: gcc.dg/torture/nested-fn-1.c -O2 (internal compiler error)
FAIL: gcc.dg/torture/nested-fn-1.c -O2 (test for excess errors)
ERROR: gcc.dg/torture/nested-fn-1.c -O2 : error executing dg-final: couldn't open "nested-fn-1.s": no such file or directory
UNRESOLVED: gcc.dg/torture/nested-fn-1.c -O2 : error executing dg-final: couldn't open "nested-fn-1.s": no such file or directory
FAIL: gcc.dg/torture/nested-fn-1.c -O3 -fomit-frame-pointer (internal compiler error)
FAIL: gcc.dg/torture/nested-fn-1.c -O3 -fomit-frame-pointer (test for excess errors)
ERROR: gcc.dg/torture/nested-fn-1.c -O3 -fomit-frame-pointer : error executing dg-final: couldn't open "nested-fn-1.s": no such file or directory
UNRESOLVED: gcc.dg/torture/nested-fn-1.c -O3 -fomit-frame-pointer : error executing dg-final: couldn't open "nested-fn-1.s": no such file or directory
FAIL: gcc.dg/torture/nested-fn-1.c -O3 -g (internal compiler error)
FAIL: gcc.dg/torture/nested-fn-1.c -O3 -g (test for excess errors)
ERROR: gcc.dg/torture/nested-fn-1.c -O3 -g : error executing dg-final: couldn't open "nested-fn-1.s": no such file or directory
UNRESOLVED: gcc.dg/torture/nested-fn-1.c -O3 -g : error executing dg-final: couldn't open "nested-fn-1.s": no such file or directory
FAIL: gcc.dg/torture/nested-fn-1.c -Os (internal compiler error)
FAIL: gcc.dg/torture/nested-fn-1.c -Os (test for excess errors)
ERROR: gcc.dg/torture/nested-fn-1.c -Os : error executing dg-final: couldn't open "nested-fn-1.s": no such file or directory
UNRESOLVED: gcc.dg/torture/nested-fn-1.c -Os : error executing dg-final: couldn't open "nested-fn-1.s": no such file or directory
FAIL: gcc.dg/torture/pr21817-1.c -O0 (test for excess errors)
FAIL: gcc.dg/torture/pr21817-1.c -O1 (test for excess errors)
FAIL: gcc.dg/torture/pr21817-1.c -O2 (test for excess errors)
FAIL: gcc.dg/torture/pr21817-1.c -O3 -fomit-frame-pointer (test for excess errors)
FAIL: gcc.dg/torture/pr21817-1.c -O3 -fomit-frame-pointer -funroll-loops (test for excess errors)
FAIL: gcc.dg/torture/pr21817-1.c -O3 -fomit-frame-pointer -funroll-all-loops -finline-functions (test for excess errors)
FAIL: gcc.dg/torture/pr21817-1.c -O3 -g (test for excess errors)
FAIL: gcc.dg/torture/pr21817-1.c -Os (test for excess errors)
FAIL: gcc.dg/torture/pr28268.c -O0 (test for excess errors)
FAIL: gcc.dg/torture/pr28268.c -O1 (test for excess errors)
FAIL: gcc.dg/torture/pr28268.c -O2 (test for excess errors)
FAIL: gcc.dg/torture/pr28268.c -O3 -fomit-frame-pointer (test for excess errors)
FAIL: gcc.dg/torture/pr28268.c -O3 -g (test for excess errors)
FAIL: gcc.dg/torture/pr28268.c -Os (test for excess errors)
FAIL: gcc.dg/torture/pr34174-1.c -O0 execution test
FAIL: gcc.dg/torture/pr34174-1.c -O1 execution test
FAIL: gcc.dg/tree-ssa/20030730-1.c scan-tree-dump-times dom3 "if " 0
FAIL: gcc.dg/tree-ssa/20030730-2.c scan-tree-dump-times dom3 "if " 0
XPASS: gcc.dg/tree-ssa/20040204-1.c scan-tree-dump-times optimized "link_error" 0
FAIL: gcc.dg/tree-ssa/alias-15.c scan-tree-dump salias "SFT.5 created for var m offset 128"
FAIL: gcc.dg/tree-ssa/gen-vect-11.c scan-tree-dump-times vect "vectorized 1 loops" 1
FAIL: gcc.dg/tree-ssa/gen-vect-11a.c scan-tree-dump-times vect "vectorized 1 loops" 1
FAIL: gcc.dg/tree-ssa/gen-vect-2.c scan-tree-dump-times vect "vectorized 1 loops" 1
FAIL: gcc.dg/tree-ssa/gen-vect-25.c scan-tree-dump-times vect "vectorized 2 loops" 1
FAIL: gcc.dg/tree-ssa/gen-vect-26.c scan-tree-dump-times vect "vectorized 1 loops" 1
FAIL: gcc.dg/tree-ssa/gen-vect-26.c scan-tree-dump-times vect "Alignment of access forced using peeling" 1
FAIL: gcc.dg/tree-ssa/gen-vect-28.c scan-tree-dump-times vect "vectorized 1 loops" 1
FAIL: gcc.dg/tree-ssa/gen-vect-28.c scan-tree-dump-times vect "Alignment of access forced using peeling" 1
FAIL: gcc.dg/tree-ssa/gen-vect-32.c scan-tree-dump-times vect "vectorized 1 loops" 1
FAIL: gcc.dg/tree-ssa/ifc-20040816-1.c (test for excess errors)
ERROR: gcc.dg/tree-ssa/ifc-20040816-1.c: error executing dg-final: no files matched glob pattern "ifc-20040816-1.c.[0-9][0-9][0-9]t.ifcvt"
UNRESOLVED: gcc.dg/tree-ssa/ifc-20040816-1.c: error executing dg-final: no files matched glob pattern "ifc-20040816-1.c.[0-9][0-9][0-9]t.ifcvt"
FAIL: gcc.dg/tree-ssa/ifc-20040816-2.c (test for excess errors)
FAIL: gcc.dg/tree-ssa/ifc-20040816-2.c scan-tree-dump-times ifcvt "Applying if-conversion" 1
FAIL: gcc.dg/tree-ssa/ldist-3.c (test for excess errors)
FAIL: gcc.dg/tree-ssa/ldist-5.c (test for excess errors)
FAIL: gcc.dg/tree-ssa/loadpre8.c scan-tree-dump-times pre "Eliminated: 1" 1
FAIL: gcc.dg/tree-ssa/loop-25.c scan-tree-dump-times profile "Found latch edge" 5
FAIL: gcc.dg/tree-ssa/loop-25.c scan-tree-dump-times profile "Merged latch edges" 2
FAIL: gcc.dg/tree-ssa/loop-25.c scan-tree-dump-times profile "4 loops found" 2
FAIL: gcc.dg/tree-ssa/loop-25.c scan-tree-dump-times profile "3 loops found" 2
FAIL: gcc.dg/tree-ssa/loop-25.c scan-tree-dump-times profile "2 loops found" 1
FAIL: gcc.dg/tree-ssa/pr20701.c scan-tree-dump-times vrp2 "Folding predicate.*to 0" 1
FAIL: gcc.dg/tree-ssa/pr20702.c scan-tree-dump-times vrp1 "Folding predicate" 1
FAIL: gcc.dg/tree-ssa/pr21086.c scan-tree-dump-times vrp1 "Folding predicate " 2
FAIL: gcc.dg/tree-ssa/pr23115.c (test for excess errors)
FAIL: gcc.dg/tree-ssa/pr32540-1.c (test for excess errors)
FAIL: gcc.dg/tree-ssa/pr32540-2.c (test for excess errors)
FAIL: gcc.dg/tree-ssa/pr33920.c (test for excess errors)
FAIL: gcc.dg/tree-ssa/ssa-fre-7.c scan-tree-dump-times fre "Inserted pretmp" 1
FAIL: gcc.dg/tree-ssa/ssa-fre-7.c scan-tree-dump-times fre "Replaced a.u.f with pretmp" 3
FAIL: gcc.dg/tree-ssa/ssa-fre-7.c scan-tree-dump fre "= VIEW_CONVERT_EXPR<float>\\(j_"
FAIL: gcc.dg/tree-ssa/ssa-fre-8.c scan-tree-dump-times fre "Replaced u.f with pretmp" 2
FAIL: gcc.dg/tree-ssa/ssa-fre-8.c scan-tree-dump-times fre "Inserted pretmp" 2
FAIL: gcc.dg/tree-ssa/vrp02.c scan-tree-dump-times vrp1 "Folding predicate p_.*to 1" 1
FAIL: gcc.dg/tree-ssa/vrp07.c scan-tree-dump-times vrp1 "Folding predicate p_.*to 0" 1
FAIL: gcc.dg/tree-ssa/vrp07.c scan-tree-dump-times vrp1 "PREDICATE: p_[0-9]" 2
FAIL: gcc.dg/tree-ssa/vrp08.c scan-tree-dump-times vrp1 "Folding predicate p_.*to 1" 1
FAIL: gcc.dg/tree-ssa/vrp08.c scan-tree-dump-times vrp1 "PREDICATE: p_.* ne_expr 0" 1
FAIL: compiler driver --coverage option(s) (linker options)
=== gcc Summary ===
# of expected passes 21295
# of unexpected failures 402
# of unexpected successes 3
# of expected failures 30
# of unresolved testcases 202
# of untested testcases 48
# of unsupported tests 580
/home/mstein/sim/trunk/avr/build/gcc/xgcc version 4.4.0 20080410 (experimental) [trunk revision 134177] (GCC)
Compiler version: 4.4.0 20080410 (experimental) [trunk revision 134177] (GCC) gcc
Platform: avr-unknown-none
configure flags: --target=avr --prefix=/home/mstein/cross-local/avr --enable-languages=c --disable-nls --disable-build-warnings --with-ld=/home/mstein/cross-local/avr/bin/avr-ld --with-as=/home/mstein/cross-local/avr/bin/avr-as --disable-libssp --with-mpfr=/opt/cfarm/mpfr-2.3.1