This is the mail archive of the
gcc-testresults@gcc.gnu.org
mailing list for the GCC project.
Results for 4.3.1 20080404 (prerelease) [gcc-4_3-branch revision 133916] (GCC) gcc testsuite on mips-unknown-elf
- From: Mike Stein <mstein dot lists at googlemail dot com>
- To: gcc-testresults at gcc dot gnu dot org
- Date: Sat, 5 Apr 2008 23:50:12 +0200
- Subject: Results for 4.3.1 20080404 (prerelease) [gcc-4_3-branch revision 133916] (GCC) gcc testsuite on mips-unknown-elf
- Reply-to: gcc at gcc dot gnu dot org
Debian 4 on x86_64
cross tool versions:
GNU assembler (GNU Binutils) 2.18.50.20080330
GNU gdb 6.8.50.20080329-cvs
GNU ld (GNU Binutils) 2.18.50.20080330
GNU Make 3.81
expect version 5.43.0
host gcc version: gcc (GCC) 4.4.0 20080326 (experimental) [trunk revision 133621]
LAST_UPDATED: Fri Apr 4 22:04:24 UTC 2008 (revision 133916)
Target is mips-unknown-elf
Host is x86_64-unknown-linux-gnu
=== gcc tests ===
Running target mips-sim
FAIL: gcc.c-torture/compile/limits-structnest.c -O2 (test for excess errors)
FAIL: gcc.c-torture/compile/limits-structnest.c -O3 -fomit-frame-pointer (test for excess errors)
FAIL: gcc.c-torture/compile/limits-structnest.c -O3 -g (test for excess errors)
FAIL: gcc.c-torture/compile/limits-structnest.c -Os (test for excess errors)
WARNING: Could not compile gcc.dg/compat/struct-layout-1 generator
=== gcc Summary ===
# of expected passes 46406
# of unexpected failures 4
# of expected failures 85
# of untested testcases 35
# of unsupported tests 353
/home/mstein/sim/gcc-4_3-branch/mips-elf/build/gcc/xgcc version 4.3.1 20080404 (prerelease) [gcc-4_3-branch revision 133916] (GCC)
Compiler version: 4.3.1 20080404 (prerelease) [gcc-4_3-branch revision 133916] (GCC) gcc
Platform: mips-unknown-elf
configure flags: --target=mips-elf --prefix=/home/mstein/cross-local/mips-elf --enable-languages=c --disable-nls --disable-build-warnings --with-sysroot=/home/mstein/cross-local/mips-elf --with-build-sysroot=/home/mstein/cross-local/mips-elf --with-ld=/home/mstein/cross-local/mips-elf/usr/bin/ld --with-as=/home/mstein/cross-local/mips-elf/usr/bin/as --disable-libssp --with-mpfr=/opt/cfarm/mpfr-2.3.1