This is the mail archive of the
gcc-testresults@gcc.gnu.org
mailing list for the GCC project.
Results for 4.1.3 20080402 (prerelease) gcc testsuite on sh-unknown-elf
- From: Mike Stein <mstein dot lists at googlemail dot com>
- To: gcc-testresults at gcc dot gnu dot org
- Date: Thu, 3 Apr 2008 23:50:20 +0200
- Subject: Results for 4.1.3 20080402 (prerelease) gcc testsuite on sh-unknown-elf
- Reply-to: gcc at gcc dot gnu dot org
Debian 4 on x86_64
cross tool versions:
GNU assembler (GNU Binutils) 2.18.50.20080330
GNU gdb 6.8.50.20080329-cvs
GNU ld (GNU Binutils) 2.18.50.20080330
GNU Make 3.81
expect version 5.43.0
host gcc version: gcc (GCC) 4.1.2 20061115 (prerelease) (Debian 4.1.1-21)
LAST_UPDATED: Wed Apr 2 22:06:09 UTC 2008 (revision 133848)
Target is sh-unknown-elf
Host is x86_64-unknown-linux-gnu
=== gcc tests ===
Running target sh-sim
FAIL: gcc.dg/builtin-apply4.c execution test
FAIL: gcc.dg/tls/opt-12.c (test for excess errors)
UNRESOLVED: gcc.dg/tls/opt-12.c compilation failed to produce executable
FAIL: gcc.dg/tree-prof/inliner-1.c compilation, -fprofile-generate
UNRESOLVED: gcc.dg/tree-prof/inliner-1.c execution, -fprofile-generate
UNRESOLVED: gcc.dg/tree-prof/inliner-1.c compilation, -fprofile-use
UNRESOLVED: gcc.dg/tree-prof/inliner-1.c execution, -fprofile-use
FAIL: gcc.dg/tree-prof/update-cunroll-2.c execution: file update-cunroll-2.gcda does not exist, -fprofile-generate
UNRESOLVED: gcc.dg/tree-prof/update-cunroll-2.c compilation, -fprofile-use
UNRESOLVED: gcc.dg/tree-prof/update-cunroll-2.c execution, -fprofile-use
FAIL: gcc.dg/tree-prof/update-loopch.c execution: file update-loopch.gcda does not exist, -fprofile-generate
UNRESOLVED: gcc.dg/tree-prof/update-loopch.c compilation, -fprofile-use
UNRESOLVED: gcc.dg/tree-prof/update-loopch.c execution, -fprofile-use
FAIL: gcc.dg/tree-prof/update-tailcall.c execution: file update-tailcall.gcda does not exist, -fprofile-generate
UNRESOLVED: gcc.dg/tree-prof/update-tailcall.c compilation, -fprofile-use
UNRESOLVED: gcc.dg/tree-prof/update-tailcall.c execution, -fprofile-use
FAIL: gcc.dg/tree-prof/val-prof-1.c compilation, -fprofile-generate
UNRESOLVED: gcc.dg/tree-prof/val-prof-1.c execution, -fprofile-generate
UNRESOLVED: gcc.dg/tree-prof/val-prof-1.c compilation, -fprofile-use
UNRESOLVED: gcc.dg/tree-prof/val-prof-1.c execution, -fprofile-use
FAIL: gcc.dg/tree-prof/val-prof-2.c compilation, -fprofile-generate
UNRESOLVED: gcc.dg/tree-prof/val-prof-2.c execution, -fprofile-generate
UNRESOLVED: gcc.dg/tree-prof/val-prof-2.c compilation, -fprofile-use
UNRESOLVED: gcc.dg/tree-prof/val-prof-2.c execution, -fprofile-use
FAIL: gcc.dg/tree-prof/val-prof-3.c compilation, -fprofile-generate
UNRESOLVED: gcc.dg/tree-prof/val-prof-3.c execution, -fprofile-generate
UNRESOLVED: gcc.dg/tree-prof/val-prof-3.c compilation, -fprofile-use
UNRESOLVED: gcc.dg/tree-prof/val-prof-3.c execution, -fprofile-use
FAIL: gcc.dg/tree-prof/val-prof-4.c compilation, -fprofile-generate
UNRESOLVED: gcc.dg/tree-prof/val-prof-4.c execution, -fprofile-generate
UNRESOLVED: gcc.dg/tree-prof/val-prof-4.c compilation, -fprofile-use
UNRESOLVED: gcc.dg/tree-prof/val-prof-4.c execution, -fprofile-use
FAIL: gcc.dg/tree-prof/val-prof-5.c compilation, -fprofile-generate
UNRESOLVED: gcc.dg/tree-prof/val-prof-5.c execution, -fprofile-generate
UNRESOLVED: gcc.dg/tree-prof/val-prof-5.c compilation, -fprofile-use
UNRESOLVED: gcc.dg/tree-prof/val-prof-5.c execution, -fprofile-use
FAIL: gcc.misc-tests/bprob-1.c execution: file bprob-1.gcda does not exist, -fprofile-arcs
UNRESOLVED: gcc.misc-tests/bprob-1.c compilation, -fbranch-probabilities
UNRESOLVED: gcc.misc-tests/bprob-1.c execution, -fbranch-probabilities
FAIL: gcc.misc-tests/bprob-2.c execution: file bprob-2.gcda does not exist, -fprofile-arcs
UNRESOLVED: gcc.misc-tests/bprob-2.c compilation, -fbranch-probabilities
UNRESOLVED: gcc.misc-tests/bprob-2.c execution, -fbranch-probabilities
=== gcc Summary ===
# of expected passes 38023
# of unexpected failures 13
# of expected failures 78
# of unresolved testcases 29
# of untested testcases 28
# of unsupported tests 328
/home/mstein/sim/gcc-4_1-branch/sh-elf/build/gcc/xgcc version 4.1.3 20080402 (prerelease)
Compiler version: 4.1.3 20080402 (prerelease) gcc
Platform: sh-unknown-elf
configure flags: --target=sh-elf --prefix=/home/mstein/cross-local/sh-elf --disable-nls --disable-build-warnings --with-ld=/home/mstein/cross-local/sh-elf/bin/sh-elf-ld --with-as=/home/mstein/cross-local/sh-elf/bin/sh-elf-as --disable-libssp --enable-languages=c