This is the mail archive of the
gcc-testresults@gcc.gnu.org
mailing list for the GCC project.
Results for 4.4.0 20080325 (experimental) [trunk revision 133533] (GCC) testsuite on x86_64-unknown-linux-gnu
- From: guerby <guerby at gcc15 dot fsffrance dot org>
- To: gcc-testresults at gcc dot gnu dot org
- Date: Wed, 26 Mar 2008 04:29:43 +0100
- Subject: Results for 4.4.0 20080325 (experimental) [trunk revision 133533] (GCC) testsuite on x86_64-unknown-linux-gnu
LAST_UPDATED: Tue Mar 25 21:30:41 UTC 2008 (revision 133533)
=== acats tests ===
=== acats Summary ===
# of expected passes 2315
# of unexpected failures 0
Native configuration is x86_64-unknown-linux-gnu
=== gcc tests ===
Running target unix
FAIL: gcc.dg/tree-ssa/loop-25.c scan-tree-dump-times profile "Found latch edge" 5
FAIL: gcc.dg/tree-ssa/loop-25.c scan-tree-dump-times profile "Merged latch edges" 2
FAIL: gcc.dg/tree-ssa/loop-25.c scan-tree-dump-times profile "4 loops found" 2
FAIL: gcc.dg/tree-ssa/loop-25.c scan-tree-dump-times profile "3 loops found" 2
FAIL: gcc.dg/tree-ssa/loop-25.c scan-tree-dump-times profile "2 loops found" 1
=== gcc Summary ===
# of expected passes 48858
# of unexpected failures 5
# of expected failures 163
# of untested testcases 35
# of unsupported tests 572
/home/guerby/build/gcc/xgcc version 4.4.0 20080325 (experimental) [trunk revision 133533] (GCC)
=== gfortran tests ===
Running target unix
=== gfortran Summary ===
# of expected passes 24083
# of expected failures 3
# of unsupported tests 18
/home/guerby/build/gcc/testsuite/gfortran/../../gfortran version 4.4.0 20080325 (experimental) [trunk revision 133533] (GCC)
=== g++ tests ===
Running target unix
=== g++ Summary ===
# of expected passes 17512
# of expected failures 82
# of unsupported tests 120
/home/guerby/build/gcc/testsuite/g++/../../g++ version 4.4.0 20080325 (experimental) [trunk revision 133533] (GCC)
=== gnat tests ===
Running target unix
FAIL: gnat.dg/packed_subtype.adb (test for excess errors)
UNRESOLVED: gnat.dg/packed_subtype.adb compilation failed to produce executable
=== gnat Summary ===
# of expected passes 366
# of unexpected failures 1
# of unresolved testcases 1
=== objc tests ===
Running target unix
=== objc Summary ===
# of expected passes 1812
# of expected failures 7
# of unsupported tests 24
/home/guerby/build/gcc/xgcc version 4.4.0 20080325 (experimental) [trunk revision 133533] (GCC)
=== libffi tests ===
Running target unix
=== libffi Summary ===
# of expected passes 1389
# of unsupported tests 10
=== libgomp tests ===
Running target unix
=== libgomp Summary ===
# of expected passes 1723
=== libjava tests ===
Running target unix
=== libjava Summary ===
# of expected passes 2550
=== libmudflap tests ===
Running target unix
=== libmudflap Summary ===
# of expected passes 1865
=== libstdc++ tests ===
Running target unix
FAIL: abi_check
XPASS: 26_numerics/headers/cmath/c99_classification_macros_c.cc (test for excess errors)
=== libstdc++ Summary ===
# of expected passes 4978
# of unexpected failures 1
# of unexpected successes 1
# of expected failures 65
# of unsupported tests 326
Compiler version: 4.4.0 20080325 (experimental) [trunk revision 133533] (GCC)
Platform: x86_64-unknown-linux-gnu
configure flags: --prefix=/n/15/guerby/install-trunk --enable-languages=all,ada --enable-__cxa_atexit --disable-nls --enable-threads=posix --disable-multilib --with-mpfr=/opt/cfarm/mpfr-2.3.1