This is the mail archive of the
gcc-testresults@gcc.gnu.org
mailing list for the GCC project.
Results for 4.3.0 20071213 (experimental) [graphite revision 133469] (GCC) testsuite on x86_64-unknown-linux-gnu
- From: Mike Stein <mstein dot lists at googlemail dot com>
- To: gcc-testresults at gcc dot gnu dot org
- Date: Mon, 24 Mar 2008 23:50:15 +0100
- Subject: Results for 4.3.0 20071213 (experimental) [graphite revision 133469] (GCC) testsuite on x86_64-unknown-linux-gnu
- Reply-to: gcc at gcc dot gnu dot org
LAST_UPDATED: Sun Mar 23 23:13:33 UTC 2008 (revision 133469)
Native configuration is x86_64-unknown-linux-gnu
=== gcc tests ===
Running target unix
FAIL: gcc.c-torture/compile/limits-structnest.c -O2 (test for excess errors)
FAIL: gcc.c-torture/compile/limits-structnest.c -O3 -fomit-frame-pointer (test for excess errors)
FAIL: gcc.c-torture/compile/limits-structnest.c -O3 -g (test for excess errors)
FAIL: gcc.c-torture/compile/limits-structnest.c -Os (test for excess errors)
XPASS: gcc.dg/torture/builtin-math-4.c -O0 (test for excess errors)
XPASS: gcc.dg/torture/builtin-math-4.c -O1 (test for excess errors)
XPASS: gcc.dg/torture/builtin-math-4.c -O2 (test for excess errors)
XPASS: gcc.dg/torture/builtin-math-4.c -O3 -fomit-frame-pointer (test for excess errors)
XPASS: gcc.dg/torture/builtin-math-4.c -O3 -fomit-frame-pointer -funroll-loops (test for excess errors)
XPASS: gcc.dg/torture/builtin-math-4.c -O3 -fomit-frame-pointer -funroll-all-loops -finline-functions (test for excess errors)
XPASS: gcc.dg/torture/builtin-math-4.c -O3 -g (test for excess errors)
XPASS: gcc.dg/torture/builtin-math-4.c -Os (test for excess errors)
FAIL: gcc.dg/tree-prof/bb-reorg.c compilation, -fprofile-use -D_PROFILE_USE
UNRESOLVED: gcc.dg/tree-prof/bb-reorg.c execution, -fprofile-use -D_PROFILE_USE
FAIL: gcc.dg/tree-ssa/ldist-1.c scan-tree-dump-times ldist "distributed: split to 2 loops" 1
FAIL: gcc.dg/tree-ssa/ldist-10.c scan-tree-dump-times ldist "distributed: split to 2 loops" 1
FAIL: gcc.dg/tree-ssa/ldist-1a.c scan-tree-dump-times ldist "distributed: split to 2 loops" 1
FAIL: gcc.dg/tree-ssa/ldist-2.c scan-tree-dump-times ldist "distributed: split to 2 loops" 1
FAIL: gcc.dg/tree-ssa/ldist-3.c scan-tree-dump-times ldist "distributed: split to 3 loops" 1
FAIL: gcc.dg/tree-ssa/ldist-6.c scan-tree-dump-times ldist "distributed: split to 2 loops" 1
FAIL: gcc.dg/tree-ssa/ldist-8.c scan-tree-dump-times ldist "distributed: split to 2 loops" 1
FAIL: gcc.dg/tree-ssa/ldist-9.c scan-tree-dump-times ldist "distributed: split to 2 loops" 1
FAIL: gcc.dg/tree-ssa/loop-17.c scan-tree-dump sccp "set_nb_iterations_in_loop = 1"
FAIL: gcc.dg/tree-ssa/parallelization-1.c (internal compiler error)
FAIL: gcc.dg/tree-ssa/parallelization-1.c (test for excess errors)
ERROR: gcc.dg/tree-ssa/parallelization-1.c: error executing dg-final: no files matched glob pattern "parallelization-1.c.[0-9][0-9][0-9]t.final_cleanup"
UNRESOLVED: gcc.dg/tree-ssa/parallelization-1.c: error executing dg-final: no files matched glob pattern "parallelization-1.c.[0-9][0-9][0-9]t.final_cleanup"
FAIL: gcc.dg/tree-ssa/reduc-1.c (internal compiler error)
FAIL: gcc.dg/tree-ssa/reduc-1.c (test for excess errors)
FAIL: gcc.dg/tree-ssa/reduc-1.c scan-tree-dump-times parloops "Detected reduction" 3
FAIL: gcc.dg/tree-ssa/reduc-1.c scan-tree-dump-times parloops "SUCCESS: may be parallelized" 3
FAIL: gcc.dg/tree-ssa/reduc-1char.c (internal compiler error)
FAIL: gcc.dg/tree-ssa/reduc-1char.c (test for excess errors)
FAIL: gcc.dg/tree-ssa/reduc-1char.c scan-tree-dump-times parloops "Detected reduction" 3
FAIL: gcc.dg/tree-ssa/reduc-1char.c scan-tree-dump-times parloops "SUCCESS: may be parallelized" 3
FAIL: gcc.dg/tree-ssa/reduc-1short.c (internal compiler error)
FAIL: gcc.dg/tree-ssa/reduc-1short.c (test for excess errors)
FAIL: gcc.dg/tree-ssa/reduc-1short.c scan-tree-dump-times parloops "Detected reduction" 3
FAIL: gcc.dg/tree-ssa/reduc-1short.c scan-tree-dump-times parloops "SUCCESS: may be parallelized" 3
FAIL: gcc.dg/tree-ssa/reduc-2.c (internal compiler error)
FAIL: gcc.dg/tree-ssa/reduc-2.c (test for excess errors)
FAIL: gcc.dg/tree-ssa/reduc-2.c scan-tree-dump-times parloops "Detected reduction" 3
FAIL: gcc.dg/tree-ssa/reduc-2.c scan-tree-dump-times parloops "SUCCESS: may be parallelized" 3
FAIL: gcc.dg/tree-ssa/reduc-2char.c (internal compiler error)
FAIL: gcc.dg/tree-ssa/reduc-2char.c (test for excess errors)
FAIL: gcc.dg/tree-ssa/reduc-2char.c scan-tree-dump-times parloops "Detected reduction" 2
FAIL: gcc.dg/tree-ssa/reduc-2char.c scan-tree-dump-times parloops "SUCCESS: may be parallelized" 2
FAIL: gcc.dg/tree-ssa/reduc-2short.c (internal compiler error)
FAIL: gcc.dg/tree-ssa/reduc-2short.c (test for excess errors)
FAIL: gcc.dg/tree-ssa/reduc-2short.c scan-tree-dump-times parloops "Detected reduction" 2
FAIL: gcc.dg/tree-ssa/reduc-2short.c scan-tree-dump-times parloops "SUCCESS: may be parallelized" 2
FAIL: gcc.dg/tree-ssa/reduc-3.c (internal compiler error)
FAIL: gcc.dg/tree-ssa/reduc-3.c (test for excess errors)
FAIL: gcc.dg/tree-ssa/reduc-7.c (internal compiler error)
FAIL: gcc.dg/tree-ssa/reduc-7.c (test for excess errors)
FAIL: gcc.dg/tree-ssa/reduc-7.c scan-tree-dump-times parloops "Detected reduction" 2
FAIL: gcc.dg/tree-ssa/reduc-7.c scan-tree-dump-times parloops "SUCCESS: may be parallelized" 2
FAIL: gcc.dg/tree-ssa/reduc-8.c (internal compiler error)
FAIL: gcc.dg/tree-ssa/reduc-8.c (test for excess errors)
FAIL: gcc.dg/tree-ssa/reduc-8.c scan-tree-dump-times parloops "Detected reduction" 2
FAIL: gcc.dg/tree-ssa/reduc-8.c scan-tree-dump-times parloops "SUCCESS: may be parallelized" 2
FAIL: gcc.dg/tree-ssa/reduc-9.c (internal compiler error)
FAIL: gcc.dg/tree-ssa/reduc-9.c (test for excess errors)
FAIL: gcc.dg/tree-ssa/reduc-9.c scan-tree-dump-times parloops "Detected reduction" 2
FAIL: gcc.dg/tree-ssa/reduc-9.c scan-tree-dump-times parloops "SUCCESS: may be parallelized" 2
FAIL: gcc.target/i386/pr34012.c scan-assembler-times 578721382704613384|0808080808080808 1
=== gcc Summary ===
# of expected passes 47892
# of unexpected failures 55
# of unexpected successes 8
# of expected failures 161
# of unresolved testcases 2
# of untested testcases 35
# of unsupported tests 464
/home/mstein/obj/graphite/gcc/xgcc version 4.3.0 20071213 (experimental) [graphite revision 133469] (GCC)
=== libgomp tests ===
Running target unix
=== libgomp Summary ===
# of expected passes 161
=== libmudflap tests ===
Running target unix
=== libmudflap Summary ===
# of expected passes 1692
# of unsupported tests 2
Compiler version: 4.3.0 20071213 (experimental) [graphite revision 133469] (GCC)
Platform: x86_64-unknown-linux-gnu
configure flags: --enable-languages=c --disable-nls --prefix=/home/mstein/host-gcc/graphite-2008-03-24 --with-mpfr=/opt/cfarm/mpfr-2.3.1 --disable-bootstrap --enable-checking=yes