This is the mail archive of the
gcc-testresults@gcc.gnu.org
mailing list for the GCC project.
Results for 4.4.0 20080322 (experimental) [trunk revision 133445] (GCC) testsuite on x86_64-unknown-linux-gnu
- From: guerby at gcc12 dot fsffrance dot org
- To: gcc-testresults at gcc dot gnu dot org
- Date: Sat, 22 Mar 2008 13:57:29 +0100
- Subject: Results for 4.4.0 20080322 (experimental) [trunk revision 133445] (GCC) testsuite on x86_64-unknown-linux-gnu
LAST_UPDATED: Sat Mar 22 10:36:15 UTC 2008 (revision 133445)
=== acats tests ===
=== acats Summary ===
# of expected passes 2315
# of unexpected failures 0
Native configuration is x86_64-unknown-linux-gnu
=== gcc tests ===
Running target unix
FAIL: gcc.dg/tree-ssa/loop-25.c scan-tree-dump-times profile "Found latch edge" 5
FAIL: gcc.dg/tree-ssa/loop-25.c scan-tree-dump-times profile "Merged latch edges" 2
FAIL: gcc.dg/tree-ssa/loop-25.c scan-tree-dump-times profile "4 loops found" 2
FAIL: gcc.dg/tree-ssa/loop-25.c scan-tree-dump-times profile "3 loops found" 2
FAIL: gcc.dg/tree-ssa/loop-25.c scan-tree-dump-times profile "2 loops found" 1
=== gcc Summary ===
# of expected passes 48850
# of unexpected failures 5
# of expected failures 163
# of untested testcases 35
# of unsupported tests 572
/home/guerby/build/gcc/xgcc version 4.4.0 20080322 (experimental) [trunk revision 133445] (GCC)
=== gfortran tests ===
Running target unix
=== gfortran Summary ===
# of expected passes 24032
# of expected failures 3
# of unsupported tests 18
/home/guerby/build/gcc/testsuite/gfortran/../../gfortran version 4.4.0 20080322 (experimental) [trunk revision 133445] (GCC)
=== g++ tests ===
Running target unix
=== g++ Summary ===
# of expected passes 17471
# of expected failures 82
# of unsupported tests 120
/home/guerby/build/gcc/testsuite/g++/../../g++ version 4.4.0 20080322 (experimental) [trunk revision 133445] (GCC)
=== gnat tests ===
Running target unix
=== gnat Summary ===
# of expected passes 368
=== objc tests ===
Running target unix
=== objc Summary ===
# of expected passes 1812
# of expected failures 7
# of unsupported tests 24
/home/guerby/build/gcc/xgcc version 4.4.0 20080322 (experimental) [trunk revision 133445] (GCC)
=== libffi tests ===
Running target unix
=== libffi Summary ===
# of expected passes 1389
# of unsupported tests 10
=== libgomp tests ===
Running target unix
=== libgomp Summary ===
# of expected passes 1723
=== libjava tests ===
Running target unix
=== libjava Summary ===
# of expected passes 2550
=== libmudflap tests ===
Running target unix
=== libmudflap Summary ===
# of expected passes 1865
=== libstdc++ tests ===
Running target unix
FAIL: abi_check
XPASS: 26_numerics/headers/cmath/c99_classification_macros_c.cc (test for excess errors)
=== libstdc++ Summary ===
# of expected passes 4978
# of unexpected failures 1
# of unexpected successes 1
# of expected failures 65
# of unsupported tests 326
Compiler version: 4.4.0 20080322 (experimental) [trunk revision 133445] (GCC)
Platform: x86_64-unknown-linux-gnu
configure flags: --prefix=/n/04/guerby/install-trunk --enable-languages=all,ada --enable-__cxa_atexit --disable-nls --enable-threads=posix --disable-multilib --with-mpfr=/opt/cfarm/mpfr-2.3.1