This is the mail archive of the gcc-testresults@gcc.gnu.org mailing list for the GCC project.


Index Nav: [Date Index] [Subject Index] [Author Index] [Thread Index]
Message Nav: [Date Prev] [Date Next] [Thread Prev] [Thread Next]
Other format: [Raw text]

Results for 4.4.0 20080320 (experimental) [trunk revision 133366] (GCC) testsuite on x86_64-unknown-linux-gnu


LAST_UPDATED: Thu Mar 20 09:02:53 UTC 2008 (revision 133366)

		=== acats tests ===

		=== acats Summary ===
# of expected passes		2315
# of unexpected failures	0
Native configuration is x86_64-unknown-linux-gnu

		=== gcc tests ===


Running target unix
FAIL: gcc.dg/tree-ssa/loop-25.c scan-tree-dump-times profile "Found latch edge" 5
FAIL: gcc.dg/tree-ssa/loop-25.c scan-tree-dump-times profile "Merged latch edges" 2
FAIL: gcc.dg/tree-ssa/loop-25.c scan-tree-dump-times profile "4 loops found" 2
FAIL: gcc.dg/tree-ssa/loop-25.c scan-tree-dump-times profile "3 loops found" 2
FAIL: gcc.dg/tree-ssa/loop-25.c scan-tree-dump-times profile "2 loops found" 1

		=== gcc Summary ===

# of expected passes		48844
# of unexpected failures	5
# of expected failures		165
# of untested testcases		35
# of unsupported tests		572
/home/guerby/build/gcc/xgcc  version 4.4.0 20080320 (experimental) [trunk revision 133366] (GCC) 

		=== gfortran tests ===


Running target unix
FAIL: gfortran.dg/internal_pack_3.f90  -O0  (test for excess errors)
UNRESOLVED: gfortran.dg/internal_pack_3.f90  -O0  compilation failed to produce executable
FAIL: gfortran.dg/internal_pack_3.f90  -O1  (test for excess errors)
UNRESOLVED: gfortran.dg/internal_pack_3.f90  -O1  compilation failed to produce executable
FAIL: gfortran.dg/internal_pack_3.f90  -O2  (test for excess errors)
UNRESOLVED: gfortran.dg/internal_pack_3.f90  -O2  compilation failed to produce executable
FAIL: gfortran.dg/internal_pack_3.f90  -O3 -fomit-frame-pointer  (test for excess errors)
UNRESOLVED: gfortran.dg/internal_pack_3.f90  -O3 -fomit-frame-pointer  compilation failed to produce executable
FAIL: gfortran.dg/internal_pack_3.f90  -O3 -fomit-frame-pointer -funroll-loops  (test for excess errors)
UNRESOLVED: gfortran.dg/internal_pack_3.f90  -O3 -fomit-frame-pointer -funroll-loops  compilation failed to produce executable
FAIL: gfortran.dg/internal_pack_3.f90  -O3 -fomit-frame-pointer -funroll-all-loops -finline-functions  (test for excess errors)
UNRESOLVED: gfortran.dg/internal_pack_3.f90  -O3 -fomit-frame-pointer -funroll-all-loops -finline-functions  compilation failed to produce executable
FAIL: gfortran.dg/internal_pack_3.f90  -O3 -g  (test for excess errors)
UNRESOLVED: gfortran.dg/internal_pack_3.f90  -O3 -g  compilation failed to produce executable
FAIL: gfortran.dg/internal_pack_3.f90  -Os  (test for excess errors)
UNRESOLVED: gfortran.dg/internal_pack_3.f90  -Os  compilation failed to produce executable

		=== gfortran Summary ===

# of expected passes		23968
# of unexpected failures	8
# of expected failures		3
# of unresolved testcases	8
# of unsupported tests		18
/home/guerby/build/gcc/testsuite/gfortran/../../gfortran  version 4.4.0 20080320 (experimental) [trunk revision 133366] (GCC) 

		=== g++ tests ===


Running target unix

		=== g++ Summary ===

# of expected passes		17471
# of expected failures		82
# of unsupported tests		120
/home/guerby/build/gcc/testsuite/g++/../../g++  version 4.4.0 20080320 (experimental) [trunk revision 133366] (GCC) 

		=== gnat tests ===


Running target unix

		=== gnat Summary ===

# of expected passes		366
		=== objc tests ===


Running target unix

		=== objc Summary ===

# of expected passes		1812
# of expected failures		7
# of unsupported tests		24
/home/guerby/build/gcc/xgcc  version 4.4.0 20080320 (experimental) [trunk revision 133366] (GCC) 

		=== libffi tests ===


Running target unix

		=== libffi Summary ===

# of expected passes		1389
# of unsupported tests		10
		=== libgomp tests ===


Running target unix

		=== libgomp Summary ===

# of expected passes		1723
		=== libjava tests ===


Running target unix

		=== libjava Summary ===

# of expected passes		2550
		=== libmudflap tests ===


Running target unix

		=== libmudflap Summary ===

# of expected passes		1849
		=== libstdc++ tests ===


Running target unix
FAIL: abi_check
XPASS: 26_numerics/headers/cmath/c99_classification_macros_c.cc (test for excess errors)

		=== libstdc++ Summary ===

# of expected passes		4977
# of unexpected failures	1
# of unexpected successes	1
# of expected failures		65
# of unsupported tests		326

Compiler version: 4.4.0 20080320 (experimental) [trunk revision 133366] (GCC) 
Platform: x86_64-unknown-linux-gnu
configure flags: --prefix=/n/04/guerby/install-trunk --enable-languages=all,ada --enable-__cxa_atexit --disable-nls --enable-threads=posix --disable-multilib --with-mpfr=/opt/cfarm/mpfr-2.3.1


Index Nav: [Date Index] [Subject Index] [Author Index] [Thread Index]
Message Nav: [Date Prev] [Date Next] [Thread Prev] [Thread Next]