This is the mail archive of the
gcc-testresults@gcc.gnu.org
mailing list for the GCC project.
Results for 4.4.0 20080320 (experimental) (GCC) testsuite on x86_64-unknown-linux-gnu
- From: Toon Moene <toon at moene dot indiv dot nluug dot nl>
- To: gcc-testresults at gcc dot gnu dot org
- Date: Thu, 20 Mar 2008 10:08:31 +0100
- Subject: Results for 4.4.0 20080320 (experimental) (GCC) testsuite on x86_64-unknown-linux-gnu
LAST_UPDATED: Thu Mar 20 08:00:16 UTC 2008 (revision 133364)
Native configuration is x86_64-unknown-linux-gnu
=== gcc tests ===
Running target unix
FAIL: gcc.dg/cpp/cmdlne-dI-M.c scan-file (^|\\\\n)cmdlne-dI-M.*:[^\\\\n]*cmdlne-dI-M.c
FAIL: gcc.dg/cpp/cmdlne-dM-M.c scan-file (^|\\\\n)cmdlne-dM-M[^\\\\n]*:[^\\\\n]*cmdlne-dM-M.c
FAIL: gcc.dg/tree-prof/pr34999.c compilation, -fprofile-use -D_PROFILE_USE
UNRESOLVED: gcc.dg/tree-prof/pr34999.c execution, -fprofile-use -D_PROFILE_USE
FAIL: gcc.dg/tree-ssa/loop-25.c scan-tree-dump-times profile "Found latch edge" 5
FAIL: gcc.dg/tree-ssa/loop-25.c scan-tree-dump-times profile "Merged latch edges" 2
FAIL: gcc.dg/tree-ssa/loop-25.c scan-tree-dump-times profile "4 loops found" 2
FAIL: gcc.dg/tree-ssa/loop-25.c scan-tree-dump-times profile "3 loops found" 2
FAIL: gcc.dg/tree-ssa/loop-25.c scan-tree-dump-times profile "2 loops found" 1
=== gcc Summary ===
# of expected passes 49011
# of unexpected failures 8
# of expected failures 165
# of unresolved testcases 1
# of untested testcases 35
# of unsupported tests 378
/home/toon/compilers/obj-t/gcc/xgcc version 4.4.0 20080320 (experimental) (GCC)
=== gfortran tests ===
Running target unix
FAIL: gfortran.dg/internal_pack_3.f90 -O0 (test for excess errors)
UNRESOLVED: gfortran.dg/internal_pack_3.f90 -O0 compilation failed to produce executable
FAIL: gfortran.dg/internal_pack_3.f90 -O1 (test for excess errors)
UNRESOLVED: gfortran.dg/internal_pack_3.f90 -O1 compilation failed to produce executable
FAIL: gfortran.dg/internal_pack_3.f90 -O2 (test for excess errors)
UNRESOLVED: gfortran.dg/internal_pack_3.f90 -O2 compilation failed to produce executable
FAIL: gfortran.dg/internal_pack_3.f90 -O3 -fomit-frame-pointer (test for excess errors)
UNRESOLVED: gfortran.dg/internal_pack_3.f90 -O3 -fomit-frame-pointer compilation failed to produce executable
FAIL: gfortran.dg/internal_pack_3.f90 -O3 -fomit-frame-pointer -funroll-loops (test for excess errors)
UNRESOLVED: gfortran.dg/internal_pack_3.f90 -O3 -fomit-frame-pointer -funroll-loops compilation failed to produce executable
FAIL: gfortran.dg/internal_pack_3.f90 -O3 -fomit-frame-pointer -funroll-all-loops -finline-functions (test for excess errors)
UNRESOLVED: gfortran.dg/internal_pack_3.f90 -O3 -fomit-frame-pointer -funroll-all-loops -finline-functions compilation failed to produce executable
FAIL: gfortran.dg/internal_pack_3.f90 -O3 -g (test for excess errors)
UNRESOLVED: gfortran.dg/internal_pack_3.f90 -O3 -g compilation failed to produce executable
FAIL: gfortran.dg/internal_pack_3.f90 -Os (test for excess errors)
UNRESOLVED: gfortran.dg/internal_pack_3.f90 -Os compilation failed to produce executable
=== gfortran Summary ===
# of expected passes 23968
# of unexpected failures 8
# of expected failures 3
# of unresolved testcases 8
# of unsupported tests 18
/home/toon/compilers/obj-t/gcc/testsuite/gfortran/../../gfortran version 4.4.0 20080320 (experimental) (GCC)
=== g++ tests ===
Running target unix
=== g++ Summary ===
# of expected passes 17471
# of expected failures 82
# of unsupported tests 120
/home/toon/compilers/obj-t/gcc/testsuite/g++/../../g++ version 4.4.0 20080320 (experimental) (GCC)
=== objc tests ===
Running target unix
=== objc Summary ===
# of expected passes 1812
# of expected failures 7
# of unsupported tests 24
/home/toon/compilers/obj-t/gcc/xgcc version 4.4.0 20080320 (experimental) (GCC)
=== libffi tests ===
Running target unix
=== libffi Summary ===
# of expected passes 1389
# of unsupported tests 10
=== libgomp tests ===
Running target unix
=== libgomp Summary ===
# of expected passes 1723
=== libjava tests ===
Running target unix
=== libjava Summary ===
# of expected passes 2550
=== libmudflap tests ===
Running target unix
=== libmudflap Summary ===
# of expected passes 1849
=== libstdc++ tests ===
Running target unix
FAIL: abi_check
XPASS: 26_numerics/headers/cmath/c99_classification_macros_c.cc (test for excess errors)
=== libstdc++ Summary ===
# of expected passes 4977
# of unexpected failures 1
# of unexpected successes 1
# of expected failures 65
# of unsupported tests 326
Compiler version: 4.4.0 20080320 (experimental) (GCC)
Platform: x86_64-unknown-linux-gnu
configure flags: --disable-multilib --disable-nls --prefix=/usr/snp