This is the mail archive of the gcc-testresults@gcc.gnu.org mailing list for the GCC project.


Index Nav: [Date Index] [Subject Index] [Author Index] [Thread Index]
Message Nav: [Date Prev] [Date Next] [Thread Prev] [Thread Next]
Other format: [Raw text]

Results for 4.3.0 (GCC) testsuite on mips-sgi-irix6.2


Built with:
GNU as 2.18
gmp 4.2.2
mpfr 2.3.1

CONFIG_SHELL must be set to bash since ksh will dump core due to very long
strings being passed when building libgcc.

3 trivial patches was added to fix building with posix95 threads:
gcc-4.2.0-libgomp-posix95.patch - make libgomp choose posix95 threads for irix 6.2 in configure.tgt
gcc-4.3-posix95-fix.patch - fixes build error due to missing & on line 744 in gthr-posix95.h
gcc-4.3.0-posix95-include-sched_h.patch - include sched.h in gthr-posix95.h to get sched_yield() defined.

bootstrap compiler:
Using built-in specs.
Target: mips-sgi-irix6.2
Configured with: ../gcc-4.2.1/configure --prefix=/usr/tgcware/gcc-4.2.1 --with-local-prefix=/usr/tgcware/gcc-4.2.1 --disable-nls --with-libiconv-prefix=/usr/tgcware --enable-shared=libstdc++ --with-gnu-as --with-as=/usr/tgcware/bin/gas --with-gmp=/usr/tgcware --with-mpfr=/usr/tgcware --enable-languages=c,c++,fortran,objc,obj-c++,ada
Thread model: single
gcc version 4.2.1
LAST_UPDATED: Obtained from SVN: tags/gcc_4_3_0_release revision 132947

		=== acats tests ===
FAIL:	a83a02b
FAIL:	a85013b
FAIL:	a87b59a
FAIL:	a95001c
FAIL:	a95074d
FAIL:	a97106a
FAIL:	a99006a
FAIL:	aa2010a
FAIL:	ac3207a
FAIL:	ad7201a
FAIL:	ad7203b
FAIL:	ad7205b
FAIL:	ada101a
FAIL:	c250002
FAIL:	c34007j
FAIL:	c34008a
FAIL:	c35102a
FAIL:	c37402a
FAIL:	c37403a
FAIL:	c380003
FAIL:	c380004
FAIL:	c38102d
FAIL:	c38202a
FAIL:	c39008a
FAIL:	c39008b
FAIL:	c39008c
FAIL:	c3a1001
FAIL:	c3a1002
FAIL:	c410001
FAIL:	c41306a
FAIL:	c41306b
FAIL:	c41306c
FAIL:	c41307d
FAIL:	c41401a
FAIL:	c43204g
FAIL:	c45282b
FAIL:	c45291a
FAIL:	c46051a
FAIL:	c51004a
FAIL:	c59002c
FAIL:	c64201b
FAIL:	c64201c
FAIL:	c650001
FAIL:	c74004a
FAIL:	c74401k
FAIL:	c74406a
FAIL:	c761001
FAIL:	c761007
FAIL:	c83023a
FAIL:	c85004b
FAIL:	c85005a
FAIL:	c85005b
FAIL:	c85005c
FAIL:	c85005d
FAIL:	c85005e
FAIL:	c85006a
FAIL:	c85006b
FAIL:	c85006c
FAIL:	c85006d
FAIL:	c85006e
FAIL:	c85014a
FAIL:	c85014b
FAIL:	c85014c
FAIL:	c85018a
FAIL:	c85018b
FAIL:	c87b26b
FAIL:	c87b41a
FAIL:	c87b45c
FAIL:	c87b54a
FAIL:	c87b62d
FAIL:	c910001
FAIL:	c910002
FAIL:	c910003
FAIL:	c91004b
FAIL:	c91004c
FAIL:	c91006a
FAIL:	c91007a
FAIL:	c92002a
FAIL:	c92003a
FAIL:	c92005a
FAIL:	c92005b
FAIL:	c92006a
FAIL:	c930001
FAIL:	c93001a
FAIL:	c93002a
FAIL:	c93003a
FAIL:	c93004a
FAIL:	c93004b
FAIL:	c93004c
FAIL:	c93004d
FAIL:	c93004f
FAIL:	c93005a
FAIL:	c93005b
FAIL:	c93005c
FAIL:	c93005d
FAIL:	c93005e
FAIL:	c93005f
FAIL:	c93005g
FAIL:	c93005h
FAIL:	c93006a
FAIL:	c93007a
FAIL:	c93008a
FAIL:	c93008b
FAIL:	c940001
FAIL:	c940002
FAIL:	c940004
FAIL:	c940005
FAIL:	c940006
FAIL:	c940007
FAIL:	c940010
FAIL:	c940011
FAIL:	c940012
FAIL:	c940013
FAIL:	c940014
FAIL:	c940015
FAIL:	c940016
FAIL:	c94001a
FAIL:	c94001b
FAIL:	c94001c
FAIL:	c94001e
FAIL:	c94001f
FAIL:	c94001g
FAIL:	c94002a
FAIL:	c94002b
FAIL:	c94002d
FAIL:	c94002e
FAIL:	c94002f
FAIL:	c94002g
FAIL:	c94004a
FAIL:	c94004b
FAIL:	c94004c
FAIL:	c94005a
FAIL:	c94005b
FAIL:	c94006a
FAIL:	c94007a
FAIL:	c94007b
FAIL:	c94008a
FAIL:	c94008b
FAIL:	c94008c
FAIL:	c94008d
FAIL:	c94010a
FAIL:	c94011a
FAIL:	c94020a
FAIL:	c940a03
FAIL:	c95008a
FAIL:	c95009a
FAIL:	c95010a
FAIL:	c95011a
FAIL:	c95012a
FAIL:	c95021a
FAIL:	c95022a
FAIL:	c95022b
FAIL:	c95033a
FAIL:	c95033b
FAIL:	c95034a
FAIL:	c95034b
FAIL:	c95035a
FAIL:	c95040a
FAIL:	c95040b
FAIL:	c95040c
FAIL:	c95040d
FAIL:	c95041a
FAIL:	c95065a
FAIL:	c95065b
FAIL:	c95065c
FAIL:	c95065d
FAIL:	c95065e
FAIL:	c95065f
FAIL:	c95066a
FAIL:	c95067a
FAIL:	c95071a
FAIL:	c95072a
FAIL:	c95072b
FAIL:	c95073a
FAIL:	c95074c
FAIL:	c95076a
FAIL:	c95078a
FAIL:	c95080b
FAIL:	c95082g
FAIL:	c95085a
FAIL:	c95085b
FAIL:	c95085c
FAIL:	c95085d
FAIL:	c95085e
FAIL:	c95085f
FAIL:	c95085g
FAIL:	c95085h
FAIL:	c95085i
FAIL:	c95085j
FAIL:	c95085k
FAIL:	c95085l
FAIL:	c95085m
FAIL:	c95085n
FAIL:	c95085o
FAIL:	c95086a
FAIL:	c95086b
FAIL:	c95086c
FAIL:	c95086d
FAIL:	c95086e
FAIL:	c95086f
FAIL:	c95087a
FAIL:	c95087b
FAIL:	c95087c
FAIL:	c95087d
FAIL:	c95088a
FAIL:	c95089a
FAIL:	c95090a
FAIL:	c95092a
FAIL:	c95093a
FAIL:	c95095a
FAIL:	c95095b
FAIL:	c95095c
FAIL:	c95095d
FAIL:	c95095e
FAIL:	c951001
FAIL:	c951002
FAIL:	c953001
FAIL:	c953002
FAIL:	c953003
FAIL:	c954001
FAIL:	c954010
FAIL:	c954011
FAIL:	c954012
FAIL:	c954013
FAIL:	c954014
FAIL:	c954015
FAIL:	c954016
FAIL:	c954017
FAIL:	c954018
FAIL:	c954019
FAIL:	c954020
FAIL:	c954021
FAIL:	c954022
FAIL:	c954023
FAIL:	c954024
FAIL:	c954025
FAIL:	c954026
FAIL:	c954a01
FAIL:	c954a02
FAIL:	c954a03
FAIL:	c960001
FAIL:	c960002
FAIL:	c960004
FAIL:	c97112a
FAIL:	c97113a
FAIL:	c97114a
FAIL:	c97115a
FAIL:	c97116a
FAIL:	c97117a
FAIL:	c97117b
FAIL:	c97117c
FAIL:	c97118a
FAIL:	c97120a
FAIL:	c97120b
FAIL:	c97201a
FAIL:	c97201b
FAIL:	c97201c
FAIL:	c97201d
FAIL:	c97201e
FAIL:	c97201g
FAIL:	c97201h
FAIL:	c97201x
FAIL:	c97202a
FAIL:	c97203a
FAIL:	c97203b
FAIL:	c97203c
FAIL:	c97204a
FAIL:	c97204b
FAIL:	c97205a
FAIL:	c97205b
FAIL:	c97301a
FAIL:	c97301b
FAIL:	c97301c
FAIL:	c97301d
FAIL:	c97301e
FAIL:	c97302a
FAIL:	c97303a
FAIL:	c97303b
FAIL:	c97303c
FAIL:	c97304a
FAIL:	c97304b
FAIL:	c97305a
FAIL:	c97305b
FAIL:	c97305c
FAIL:	c97305d
FAIL:	c97307a
FAIL:	c974001
FAIL:	c974002
FAIL:	c974003
FAIL:	c974004
FAIL:	c974005
FAIL:	c974006
FAIL:	c974007
FAIL:	c974008
FAIL:	c974009
FAIL:	c974010
FAIL:	c974011
FAIL:	c974012
FAIL:	c974013
FAIL:	c974014
FAIL:	c980001
FAIL:	c980002
FAIL:	c980003
FAIL:	c99004a
FAIL:	c99005a
FAIL:	c9a003a
FAIL:	c9a004a
FAIL:	c9a007a
FAIL:	c9a009a
FAIL:	c9a009c
FAIL:	c9a009f
FAIL:	c9a009g
FAIL:	c9a009h
FAIL:	c9a010a
FAIL:	c9a011a
FAIL:	c9a011b
FAIL:	ca13001
FAIL:	ca5004a
FAIL:	cb20001
FAIL:	cb20004
FAIL:	cb20005
FAIL:	cb20006
FAIL:	cb20007
FAIL:	cb4013a
FAIL:	cb41002
FAIL:	cb5001a
FAIL:	cb5001b
FAIL:	cb5002a
FAIL:	cc1104c
FAIL:	cc1207b
FAIL:	cc1225a
FAIL:	cc1310a
FAIL:	cc3019c
FAIL:	cc3106b
FAIL:	cc3120b
FAIL:	cc3207b
FAIL:	cc3225a
FAIL:	cc3601c
FAIL:	cc3602a
FAIL:	cd10002
FAIL:	cd1009k
FAIL:	cd1009t
FAIL:	cd1009u
FAIL:	cd1c03e
FAIL:	cd1c06a
FAIL:	cd2a91c
FAIL:	cd2c11a
FAIL:	cd2c11d
FAIL:	cd5003e
FAIL:	cd72a02
FAIL:	cxg2001
FAIL:	cxg2002
FAIL:	cxg2003
FAIL:	cxg2004
FAIL:	cxg2005
FAIL:	cxg2006
FAIL:	cxg2007
FAIL:	cxg2010
FAIL:	cxg2011
FAIL:	cxg2012
FAIL:	cxg2013
FAIL:	cxg2014
FAIL:	cxg2015
FAIL:	cxg2016
FAIL:	cxg2017
FAIL:	cxg2018
FAIL:	cxg2019
FAIL:	cxg2020
FAIL:	cxg2021
FAIL:	cxg2024
FAIL:	cxh1001
FAIL:	cxh3001
FAIL:	cxh3002
FAIL:	cxh3003
FAIL:	la14010
FAIL:	la14027

		=== acats Summary ===
# of expected passes		1939
# of unexpected failures	376
Native configuration is mips-sgi-irix6.2

		=== g++ tests ===


Running target unix
WARNING: Could not compile g++.dg/compat/struct-layout-1 generator
FAIL: g++.dg/cpp/_Pragma1.C (test for excess errors)
FAIL: g++.dg/other/anon5.C  (test for errors, line 19)
FAIL: g++.dg/other/anon5.C (test for excess errors)
FAIL: g++.dg/warn/miss-format-1.C scanf attribute warning (test for warnings, line 24)
FAIL: g++.dg/warn/miss-format-1.C (test for excess errors)
FAIL: g++.dg/special/conpr-1.C execution test
FAIL: g++.dg/special/conpr-2.C execution test
FAIL: g++.dg/special/conpr-3.C execution test
FAIL: g++.dg/special/conpr-4.C execution test
FAIL: g++.dg/special/initp1.C execution test
FAIL: g++.dg/special/initpri1.C execution test
XPASS: g++.old-deja/g++.other/init19.C execution test

		=== g++ Summary for unix ===

# of expected passes		17055
# of unexpected failures	11
# of unexpected successes	1
# of expected failures		83
# of unsupported tests		203

Running target unix/-mabi=32
WARNING: Could not compile g++.dg/compat/struct-layout-1 generator
FAIL: g++.dg/cpp/_Pragma1.C (test for excess errors)
WARNING: program timed out.
FAIL: g++.dg/other/anon5.C  (test for errors, line 19)
FAIL: g++.dg/other/anon5.C (test for excess errors)
FAIL: g++.dg/warn/miss-format-1.C scanf attribute warning (test for warnings, line 24)
FAIL: g++.dg/warn/miss-format-1.C (test for excess errors)
FAIL: g++.dg/special/conpr-1.C execution test
FAIL: g++.dg/special/conpr-2.C execution test
FAIL: g++.dg/special/conpr-3.C execution test
FAIL: g++.dg/special/conpr-4.C execution test
FAIL: g++.dg/special/initp1.C execution test
FAIL: g++.dg/special/initpri1.C execution test
XPASS: g++.old-deja/g++.other/init19.C execution test

		=== g++ Summary for unix/-mabi=32 ===

# of expected passes		17051
# of unexpected failures	11
# of unexpected successes	1
# of expected failures		83
# of unsupported tests		203

Running target unix/-mabi=64
WARNING: Could not compile g++.dg/compat/struct-layout-1 generator
FAIL: g++.dg/cpp/_Pragma1.C (test for excess errors)
FAIL: g++.dg/other/anon5.C  (test for errors, line 19)
FAIL: g++.dg/other/anon5.C (test for excess errors)
FAIL: g++.dg/warn/miss-format-1.C scanf attribute warning (test for warnings, line 24)
FAIL: g++.dg/warn/miss-format-1.C (test for excess errors)
FAIL: g++.dg/special/conpr-1.C execution test
FAIL: g++.dg/special/conpr-2.C execution test
FAIL: g++.dg/special/conpr-3.C execution test
FAIL: g++.dg/special/conpr-4.C execution test
FAIL: g++.dg/special/initp1.C execution test
FAIL: g++.dg/special/initpri1.C execution test
XPASS: g++.old-deja/g++.other/init19.C execution test

		=== g++ Summary for unix/-mabi=64 ===

# of expected passes		17023
# of unexpected failures	11
# of unexpected successes	1
# of expected failures		83
# of unsupported tests		205

		=== g++ Summary ===

# of expected passes		51129
# of unexpected failures	33
# of unexpected successes	3
# of expected failures		249
# of unsupported tests		611
/usr/people/tgc/build/athena-buildpkg/buildpkg/gcc43/src/all_gas/gcc/testsuite/g++/../../g++  version 4.3.0 (GCC) 

		=== gcc tests ===


Running target unix
WARNING: program timed out.
FAIL: gcc.c-torture/compile/20001226-1.c  -O2  (test for excess errors)
WARNING: program timed out.
FAIL: gcc.c-torture/compile/20001226-1.c  -O3 -fomit-frame-pointer  (test for excess errors)
WARNING: program timed out.
FAIL: gcc.c-torture/compile/20001226-1.c  -O3 -g  (test for excess errors)
WARNING: program timed out.
FAIL: gcc.c-torture/compile/20001226-1.c  -Os  (test for excess errors)
WARNING: program timed out.
FAIL: gcc.c-torture/compile/limits-fndefn.c  -O1  (test for excess errors)
WARNING: program timed out.
FAIL: gcc.c-torture/compile/limits-fndefn.c  -O2  (test for excess errors)
WARNING: program timed out.
FAIL: gcc.c-torture/compile/limits-fndefn.c  -O3 -fomit-frame-pointer  (test for excess errors)
WARNING: program timed out.
FAIL: gcc.c-torture/compile/limits-fndefn.c  -O3 -g  (test for excess errors)
WARNING: program timed out.
FAIL: gcc.c-torture/compile/limits-fndefn.c  -Os  (test for excess errors)
FAIL: gcc.c-torture/execute/ieee/copysign1.c execution,  -O0 
FAIL: gcc.c-torture/execute/ieee/copysign1.c execution,  -O1 
FAIL: gcc.c-torture/execute/ieee/copysign1.c execution,  -O2 
FAIL: gcc.c-torture/execute/ieee/copysign1.c execution,  -O3 -fomit-frame-pointer 
FAIL: gcc.c-torture/execute/ieee/copysign1.c execution,  -O3 -fomit-frame-pointer -funroll-loops 
FAIL: gcc.c-torture/execute/ieee/copysign1.c execution,  -O3 -fomit-frame-pointer -funroll-all-loops -finline-functions 
FAIL: gcc.c-torture/execute/ieee/copysign1.c execution,  -O3 -g 
FAIL: gcc.c-torture/execute/ieee/copysign1.c execution,  -Os 
WARNING: Could not compile gcc.dg/compat/struct-layout-1 generator
FAIL: gcc.dg/cpp/_Pragma6.c (test for excess errors)
FAIL: gcc.dg/20050321-2.c (test for excess errors)
WARNING: program timed out.
WARNING: program timed out.
FAIL: gcc.dg/initpri1.c execution test
WARNING: program timed out.
FAIL: gcc.dg/pthread-init-1.c (test for excess errors)
FAIL: gcc.dg/pthread-init-2.c (test for excess errors)
WARNING: program timed out.
FAIL: gcc.dg/struct/wo_prof_global_var.c execution test
FAIL: gcc.dg/struct/wo_prof_local_var.c execution test
FAIL: gcc.dg/struct/w_prof_global_var.c execution,    -O3 -fwhole-program -combine -fipa-type-escape -fprofile-use -fipa-struct-reorg -fdump-ipa-all
FAIL: gcc.dg/struct/w_prof_local_var.c execution,    -O3 -fwhole-program -combine -fipa-type-escape -fprofile-use -fipa-struct-reorg -fdump-ipa-all
FAIL: gcc.dg/torture/builtin-modf-1.c  -O0  (test for excess errors)
FAIL: gcc.dg/torture/builtin-modf-1.c  -O1  (test for excess errors)
FAIL: gcc.dg/torture/builtin-modf-1.c  -O2  (test for excess errors)
FAIL: gcc.dg/torture/builtin-modf-1.c  -O3 -fomit-frame-pointer  (test for excess errors)
FAIL: gcc.dg/torture/builtin-modf-1.c  -O3 -fomit-frame-pointer -funroll-loops  (test for excess errors)
FAIL: gcc.dg/torture/builtin-modf-1.c  -O3 -fomit-frame-pointer -funroll-all-loops -finline-functions  (test for excess errors)
FAIL: gcc.dg/torture/builtin-modf-1.c  -O3 -g  (test for excess errors)
FAIL: gcc.dg/torture/builtin-modf-1.c  -Os  (test for excess errors)

		=== gcc Summary for unix ===

# of expected passes		45627
# of unexpected failures	34
# of expected failures		90
# of untested testcases		35
# of unsupported tests		400

Running target unix/-mabi=32
WARNING: program timed out.
FAIL: gcc.c-torture/compile/20001226-1.c  -O2  (test for excess errors)
WARNING: program timed out.
FAIL: gcc.c-torture/compile/20001226-1.c  -O3 -fomit-frame-pointer  (test for excess errors)
WARNING: program timed out.
FAIL: gcc.c-torture/compile/20001226-1.c  -O3 -g  (test for excess errors)
WARNING: program timed out.
FAIL: gcc.c-torture/compile/20001226-1.c  -Os  (test for excess errors)
FAIL: gcc.dg/compat/struct-by-value-15 c_compat_x_tst.o-c_compat_y_tst.o link
UNRESOLVED: gcc.dg/compat/struct-by-value-15 c_compat_x_tst.o-c_compat_y_tst.o execute 
FAIL: gcc.dg/compat/struct-by-value-17 c_compat_x_tst.o-c_compat_y_tst.o link
UNRESOLVED: gcc.dg/compat/struct-by-value-17 c_compat_x_tst.o-c_compat_y_tst.o execute 
FAIL: gcc.dg/compat/struct-by-value-18 c_compat_x_tst.o-c_compat_y_tst.o link
UNRESOLVED: gcc.dg/compat/struct-by-value-18 c_compat_x_tst.o-c_compat_y_tst.o execute 
WARNING: Could not compile gcc.dg/compat/struct-layout-1 generator
FAIL: gcc.dg/cpp/_Pragma6.c (test for excess errors)
FAIL: gcc.dg/20050321-2.c (test for excess errors)
WARNING: program timed out.
FAIL: gcc.dg/initpri1.c execution test
WARNING: program timed out.
FAIL: gcc.dg/pr27095.c scan-assembler-not (?n)strlen(.*\\n)+.*strlen
FAIL: gcc.dg/pthread-init-1.c (test for excess errors)
FAIL: gcc.dg/pthread-init-2.c (test for excess errors)
WARNING: program timed out.
FAIL: gcc.dg/struct/wo_prof_global_var.c execution test
FAIL: gcc.dg/struct/wo_prof_local_var.c execution test
FAIL: gcc.dg/struct/w_prof_global_var.c execution,    -O3 -fwhole-program -combine -fipa-type-escape -fprofile-use -fipa-struct-reorg -fdump-ipa-all
FAIL: gcc.dg/struct/w_prof_local_var.c execution,    -O3 -fwhole-program -combine -fipa-type-escape -fprofile-use -fipa-struct-reorg -fdump-ipa-all
FAIL: gcc.dg/tls/opt-2.c (test for excess errors)
FAIL: gcc.dg/tree-ssa/loop-1.c scan-assembler-times foo 5
WARNING: program timed out.
FAIL: gcc.target/mips/mips16e-extends.c (internal compiler error)
FAIL: gcc.target/mips/mips16e-extends.c (test for excess errors)
ERROR: gcc.target/mips/mips16e-extends.c: error executing dg-final: couldn't open "mips16e-extends.s": no such file or directory
UNRESOLVED: gcc.target/mips/mips16e-extends.c: error executing dg-final: couldn't open "mips16e-extends.s": no such file or directory
FAIL: gcc.target/mips/save-restore-1.c (internal compiler error)
FAIL: gcc.target/mips/save-restore-1.c (test for excess errors)
ERROR: gcc.target/mips/save-restore-1.c: error executing dg-final: couldn't open "save-restore-1.s": no such file or directory
UNRESOLVED: gcc.target/mips/save-restore-1.c: error executing dg-final: couldn't open "save-restore-1.s": no such file or directory
FAIL: gcc.target/mips/save-restore-3.c (internal compiler error)
FAIL: gcc.target/mips/save-restore-3.c (test for excess errors)
ERROR: gcc.target/mips/save-restore-3.c: error executing dg-final: couldn't open "save-restore-3.s": no such file or directory
UNRESOLVED: gcc.target/mips/save-restore-3.c: error executing dg-final: couldn't open "save-restore-3.s": no such file or directory
FAIL: gcc.target/mips/save-restore-4.c (internal compiler error)
FAIL: gcc.target/mips/save-restore-4.c (test for excess errors)
ERROR: gcc.target/mips/save-restore-4.c: error executing dg-final: couldn't open "save-restore-4.s": no such file or directory
UNRESOLVED: gcc.target/mips/save-restore-4.c: error executing dg-final: couldn't open "save-restore-4.s": no such file or directory
FAIL: gcc.target/mips/save-restore-5.c (internal compiler error)
FAIL: gcc.target/mips/save-restore-5.c (test for excess errors)

		=== gcc Summary for unix/-mabi=32 ===

# of expected passes		45634
# of unexpected failures	29
# of expected failures		90
# of unresolved testcases	7
# of untested testcases		35
# of unsupported tests		398

Running target unix/-mabi=64
WARNING: program timed out.
FAIL: gcc.c-torture/compile/20001226-1.c  -O2  (test for excess errors)
WARNING: program timed out.
FAIL: gcc.c-torture/compile/20001226-1.c  -O3 -fomit-frame-pointer  (test for excess errors)
WARNING: program timed out.
FAIL: gcc.c-torture/compile/20001226-1.c  -O3 -g  (test for excess errors)
WARNING: program timed out.
FAIL: gcc.c-torture/compile/20001226-1.c  -Os  (test for excess errors)
WARNING: program timed out.
FAIL: gcc.c-torture/compile/limits-fndefn.c  -O1  (test for excess errors)
WARNING: program timed out.
FAIL: gcc.c-torture/compile/limits-fndefn.c  -O2  (test for excess errors)
WARNING: program timed out.
FAIL: gcc.c-torture/compile/limits-fndefn.c  -O3 -fomit-frame-pointer  (test for excess errors)
WARNING: program timed out.
FAIL: gcc.c-torture/compile/limits-fndefn.c  -O3 -g  (test for excess errors)
WARNING: program timed out.
FAIL: gcc.c-torture/compile/limits-fndefn.c  -Os  (test for excess errors)
FAIL: gcc.c-torture/execute/ieee/copysign1.c execution,  -O0 
FAIL: gcc.c-torture/execute/ieee/copysign1.c execution,  -O1 
FAIL: gcc.c-torture/execute/ieee/copysign1.c execution,  -O2 
FAIL: gcc.c-torture/execute/ieee/copysign1.c execution,  -O3 -fomit-frame-pointer 
FAIL: gcc.c-torture/execute/ieee/copysign1.c execution,  -O3 -fomit-frame-pointer -funroll-loops 
FAIL: gcc.c-torture/execute/ieee/copysign1.c execution,  -O3 -fomit-frame-pointer -funroll-all-loops -finline-functions 
FAIL: gcc.c-torture/execute/ieee/copysign1.c execution,  -O3 -g 
FAIL: gcc.c-torture/execute/ieee/copysign1.c execution,  -Os 
WARNING: Could not compile gcc.dg/compat/struct-layout-1 generator
FAIL: gcc.dg/cpp/_Pragma6.c (test for excess errors)
FAIL: gcc.dg/20050321-2.c (test for excess errors)
WARNING: program timed out.
FAIL: gcc.dg/initpri1.c execution test
WARNING: program timed out.
FAIL: gcc.dg/pthread-init-1.c (test for excess errors)
FAIL: gcc.dg/pthread-init-2.c (test for excess errors)
WARNING: program timed out.
FAIL: gcc.dg/struct/wo_prof_global_var.c execution test
FAIL: gcc.dg/struct/wo_prof_local_var.c execution test
FAIL: gcc.dg/struct/w_prof_global_var.c execution,    -O3 -fwhole-program -combine -fipa-type-escape -fprofile-use -fipa-struct-reorg -fdump-ipa-all
FAIL: gcc.dg/struct/w_prof_local_var.c execution,    -O3 -fwhole-program -combine -fipa-type-escape -fprofile-use -fipa-struct-reorg -fdump-ipa-all
FAIL: gcc.dg/torture/builtin-modf-1.c  -O0  (test for excess errors)
FAIL: gcc.dg/torture/builtin-modf-1.c  -O1  (test for excess errors)
FAIL: gcc.dg/torture/builtin-modf-1.c  -O2  (test for excess errors)
FAIL: gcc.dg/torture/builtin-modf-1.c  -O3 -fomit-frame-pointer  (test for excess errors)
FAIL: gcc.dg/torture/builtin-modf-1.c  -O3 -fomit-frame-pointer -funroll-loops  (test for excess errors)
FAIL: gcc.dg/torture/builtin-modf-1.c  -O3 -fomit-frame-pointer -funroll-all-loops -finline-functions  (test for excess errors)
FAIL: gcc.dg/torture/builtin-modf-1.c  -O3 -g  (test for excess errors)
FAIL: gcc.dg/torture/builtin-modf-1.c  -Os  (test for excess errors)
WARNING: program timed out.

		=== gcc Summary for unix/-mabi=64 ===

# of expected passes		45390
# of unexpected failures	34
# of expected failures		90
# of untested testcases		35
# of unsupported tests		442

		=== gcc Summary ===

# of expected passes		136651
# of unexpected failures	97
# of expected failures		270
# of unresolved testcases	7
# of untested testcases		105
# of unsupported tests		1240
/usr/people/tgc/build/athena-buildpkg/buildpkg/gcc43/src/all_gas/gcc/xgcc  version 4.3.0 (GCC) 

		=== gfortran tests ===


Running target unix
FAIL: gfortran.dg/cray_pointers_2.f90  -O0  (test for excess errors)
FAIL: gfortran.dg/csqrt_2.f  -O0  execution test
FAIL: gfortran.dg/csqrt_2.f  -O1  execution test
FAIL: gfortran.dg/csqrt_2.f  -O2  execution test
FAIL: gfortran.dg/csqrt_2.f  -O3 -fomit-frame-pointer  execution test
FAIL: gfortran.dg/csqrt_2.f  -O3 -fomit-frame-pointer -funroll-loops  execution test
FAIL: gfortran.dg/csqrt_2.f  -O3 -fomit-frame-pointer -funroll-all-loops -finline-functions  execution test
FAIL: gfortran.dg/csqrt_2.f  -O3 -g  execution test
FAIL: gfortran.dg/csqrt_2.f  -Os  execution test
FAIL: gfortran.dg/default_format_2.f90  -O0  (test for excess errors)
WARNING: gfortran.dg/default_format_2.f90  -O0  compilation failed to produce executable
FAIL: gfortran.dg/default_format_2.f90  -O1  (test for excess errors)
WARNING: gfortran.dg/default_format_2.f90  -O1  compilation failed to produce executable
FAIL: gfortran.dg/default_format_2.f90  -O2  (test for excess errors)
WARNING: gfortran.dg/default_format_2.f90  -O2  compilation failed to produce executable
FAIL: gfortran.dg/default_format_2.f90  -O3 -fomit-frame-pointer  (test for excess errors)
WARNING: gfortran.dg/default_format_2.f90  -O3 -fomit-frame-pointer  compilation failed to produce executable
FAIL: gfortran.dg/default_format_2.f90  -O3 -fomit-frame-pointer -funroll-loops  (test for excess errors)
WARNING: gfortran.dg/default_format_2.f90  -O3 -fomit-frame-pointer -funroll-loops  compilation failed to produce executable
FAIL: gfortran.dg/default_format_2.f90  -O3 -fomit-frame-pointer -funroll-all-loops -finline-functions  (test for excess errors)
WARNING: gfortran.dg/default_format_2.f90  -O3 -fomit-frame-pointer -funroll-all-loops -finline-functions  compilation failed to produce executable
FAIL: gfortran.dg/default_format_2.f90  -O3 -g  (test for excess errors)
WARNING: gfortran.dg/default_format_2.f90  -O3 -g  compilation failed to produce executable
FAIL: gfortran.dg/default_format_2.f90  -Os  (test for excess errors)
WARNING: gfortran.dg/default_format_2.f90  -Os  compilation failed to produce executable
FAIL: gfortran.dg/default_format_denormal_2.f90  -O0  (test for excess errors)
WARNING: gfortran.dg/default_format_denormal_2.f90  -O0  compilation failed to produce executable
FAIL: gfortran.dg/default_format_denormal_2.f90  -O1  (test for excess errors)
WARNING: gfortran.dg/default_format_denormal_2.f90  -O1  compilation failed to produce executable
FAIL: gfortran.dg/default_format_denormal_2.f90  -O2  (test for excess errors)
WARNING: gfortran.dg/default_format_denormal_2.f90  -O2  compilation failed to produce executable
FAIL: gfortran.dg/default_format_denormal_2.f90  -O3 -fomit-frame-pointer  (test for excess errors)
WARNING: gfortran.dg/default_format_denormal_2.f90  -O3 -fomit-frame-pointer  compilation failed to produce executable
FAIL: gfortran.dg/default_format_denormal_2.f90  -O3 -fomit-frame-pointer -funroll-loops  (test for excess errors)
WARNING: gfortran.dg/default_format_denormal_2.f90  -O3 -fomit-frame-pointer -funroll-loops  compilation failed to produce executable
FAIL: gfortran.dg/default_format_denormal_2.f90  -O3 -fomit-frame-pointer -funroll-all-loops -finline-functions  (test for excess errors)
WARNING: gfortran.dg/default_format_denormal_2.f90  -O3 -fomit-frame-pointer -funroll-all-loops -finline-functions  compilation failed to produce executable
FAIL: gfortran.dg/default_format_denormal_2.f90  -O3 -g  (test for excess errors)
WARNING: gfortran.dg/default_format_denormal_2.f90  -O3 -g  compilation failed to produce executable
FAIL: gfortran.dg/default_format_denormal_2.f90  -Os  (test for excess errors)
WARNING: gfortran.dg/default_format_denormal_2.f90  -Os  compilation failed to produce executable
FAIL: gfortran.dg/function_kinds_5.f90  -O   (test for errors, line 8)
FAIL: gfortran.dg/integer_exponentiation_2.f90  -O0  execution test
FAIL: gfortran.dg/integer_exponentiation_2.f90  -O1  execution test
FAIL: gfortran.dg/integer_exponentiation_2.f90  -O2  execution test
FAIL: gfortran.dg/integer_exponentiation_2.f90  -O3 -fomit-frame-pointer  execution test
FAIL: gfortran.dg/integer_exponentiation_2.f90  -O3 -fomit-frame-pointer -funroll-loops  execution test
FAIL: gfortran.dg/integer_exponentiation_2.f90  -O3 -fomit-frame-pointer -funroll-all-loops -finline-functions  execution test
FAIL: gfortran.dg/integer_exponentiation_2.f90  -O3 -g  execution test
FAIL: gfortran.dg/integer_exponentiation_2.f90  -Os  execution test
FAIL: gfortran.dg/large_real_kind_2.F90  -O0  (test for excess errors)
WARNING: gfortran.dg/large_real_kind_2.F90  -O0  compilation failed to produce executable
FAIL: gfortran.dg/large_real_kind_2.F90  -O1  (test for excess errors)
WARNING: gfortran.dg/large_real_kind_2.F90  -O1  compilation failed to produce executable
FAIL: gfortran.dg/large_real_kind_2.F90  -O2  (test for excess errors)
WARNING: gfortran.dg/large_real_kind_2.F90  -O2  compilation failed to produce executable
FAIL: gfortran.dg/large_real_kind_2.F90  -O3 -fomit-frame-pointer  (test for excess errors)
WARNING: gfortran.dg/large_real_kind_2.F90  -O3 -fomit-frame-pointer  compilation failed to produce executable
FAIL: gfortran.dg/large_real_kind_2.F90  -O3 -fomit-frame-pointer -funroll-loops  (test for excess errors)
WARNING: gfortran.dg/large_real_kind_2.F90  -O3 -fomit-frame-pointer -funroll-loops  compilation failed to produce executable
FAIL: gfortran.dg/large_real_kind_2.F90  -O3 -fomit-frame-pointer -funroll-all-loops -finline-functions  (test for excess errors)
WARNING: gfortran.dg/large_real_kind_2.F90  -O3 -fomit-frame-pointer -funroll-all-loops -finline-functions  compilation failed to produce executable
FAIL: gfortran.dg/large_real_kind_2.F90  -O3 -g  (test for excess errors)
WARNING: gfortran.dg/large_real_kind_2.F90  -O3 -g  compilation failed to produce executable
FAIL: gfortran.dg/large_real_kind_2.F90  -Os  (test for excess errors)
WARNING: gfortran.dg/large_real_kind_2.F90  -Os  compilation failed to produce executable
FAIL: gfortran.dg/namelist_42.f90  -O0  execution test
FAIL: gfortran.dg/namelist_42.f90  -O1  execution test
FAIL: gfortran.dg/namelist_42.f90  -O2  execution test
FAIL: gfortran.dg/namelist_42.f90  -O3 -fomit-frame-pointer  execution test
FAIL: gfortran.dg/namelist_42.f90  -O3 -fomit-frame-pointer -funroll-loops  execution test
FAIL: gfortran.dg/namelist_42.f90  -O3 -fomit-frame-pointer -funroll-all-loops -finline-functions  execution test
FAIL: gfortran.dg/namelist_42.f90  -O3 -g  execution test
FAIL: gfortran.dg/namelist_42.f90  -Os  execution test
FAIL: gfortran.dg/namelist_43.f90  -O0  execution test
FAIL: gfortran.dg/namelist_43.f90  -O1  execution test
FAIL: gfortran.dg/namelist_43.f90  -O2  execution test
FAIL: gfortran.dg/namelist_43.f90  -O3 -fomit-frame-pointer  execution test
FAIL: gfortran.dg/namelist_43.f90  -O3 -fomit-frame-pointer -funroll-loops  execution test
FAIL: gfortran.dg/namelist_43.f90  -O3 -fomit-frame-pointer -funroll-all-loops -finline-functions  execution test
FAIL: gfortran.dg/namelist_43.f90  -O3 -g  execution test
FAIL: gfortran.dg/namelist_43.f90  -Os  execution test
FAIL: gfortran.dg/nan_3.f90  -O0  execution test
FAIL: gfortran.dg/nan_3.f90  -O1  execution test
FAIL: gfortran.dg/nan_3.f90  -O2  execution test
FAIL: gfortran.dg/nan_3.f90  -O3 -fomit-frame-pointer  execution test
FAIL: gfortran.dg/nan_3.f90  -O3 -fomit-frame-pointer -funroll-loops  execution test
FAIL: gfortran.dg/nan_3.f90  -O3 -fomit-frame-pointer -funroll-all-loops -finline-functions  execution test
FAIL: gfortran.dg/nan_3.f90  -O3 -g  execution test
FAIL: gfortran.dg/nan_3.f90  -Os  execution test
FAIL: gfortran.dg/nearest_1.f90  -O0  execution test
FAIL: gfortran.dg/nearest_1.f90  -O1  execution test
FAIL: gfortran.dg/nearest_1.f90  -O2  execution test
FAIL: gfortran.dg/nearest_1.f90  -O3 -fomit-frame-pointer  execution test
FAIL: gfortran.dg/nearest_1.f90  -O3 -fomit-frame-pointer -funroll-loops  execution test
FAIL: gfortran.dg/nearest_1.f90  -O3 -fomit-frame-pointer -funroll-all-loops -finline-functions  execution test
FAIL: gfortran.dg/nearest_1.f90  -O3 -g  execution test
FAIL: gfortran.dg/nearest_1.f90  -Os  execution test
FAIL: gfortran.dg/nearest_3.f90  -O0  execution test
FAIL: gfortran.dg/nearest_3.f90  -O1  execution test
FAIL: gfortran.dg/nearest_3.f90  -O2  execution test
FAIL: gfortran.dg/nearest_3.f90  -O3 -fomit-frame-pointer  execution test
FAIL: gfortran.dg/nearest_3.f90  -O3 -fomit-frame-pointer -funroll-loops  execution test
FAIL: gfortran.dg/nearest_3.f90  -O3 -fomit-frame-pointer -funroll-all-loops -finline-functions  execution test
FAIL: gfortran.dg/nearest_3.f90  -O3 -g  execution test
FAIL: gfortran.dg/nearest_3.f90  -Os  execution test
FAIL: gfortran.dg/nint_2.f90  -O0  execution test
FAIL: gfortran.dg/specifics_1.f90  -O0  execution test
FAIL: gfortran.dg/specifics_1.f90  -O1  execution test
FAIL: gfortran.dg/specifics_1.f90  -O2  execution test
FAIL: gfortran.dg/specifics_1.f90  -O3 -fomit-frame-pointer  execution test
FAIL: gfortran.dg/specifics_1.f90  -O3 -fomit-frame-pointer -funroll-loops  execution test
FAIL: gfortran.dg/specifics_1.f90  -O3 -fomit-frame-pointer -funroll-all-loops -finline-functions  execution test
FAIL: gfortran.dg/specifics_1.f90  -O3 -g  execution test
FAIL: gfortran.dg/specifics_1.f90  -Os  execution test
XPASS: gfortran.dg/g77/cabs.f  -O1  execution test
XPASS: gfortran.dg/g77/cabs.f  -O2  execution test
XPASS: gfortran.dg/g77/cabs.f  -O3 -fomit-frame-pointer  execution test
XPASS: gfortran.dg/g77/cabs.f  -O3 -fomit-frame-pointer -funroll-loops  execution test
XPASS: gfortran.dg/g77/cabs.f  -O3 -fomit-frame-pointer -funroll-all-loops -finline-functions  execution test
XPASS: gfortran.dg/g77/cabs.f  -O3 -g  execution test
XPASS: gfortran.dg/g77/cabs.f  -Os  execution test
FAIL: gfortran.fortran-torture/execute/intrinsic_abs.f90 execution,  -O0 
FAIL: gfortran.fortran-torture/execute/intrinsic_dotprod.f90 execution,  -O2 
FAIL: gfortran.fortran-torture/execute/intrinsic_dotprod.f90 execution,  -O3 -fomit-frame-pointer 
FAIL: gfortran.fortran-torture/execute/intrinsic_dotprod.f90 execution,  -O3 -fomit-frame-pointer -funroll-loops 
FAIL: gfortran.fortran-torture/execute/intrinsic_dotprod.f90 execution,  -O3 -fomit-frame-pointer -funroll-all-loops -finline-functions 
FAIL: gfortran.fortran-torture/execute/intrinsic_dotprod.f90 execution,  -O3 -g 
FAIL: gfortran.fortran-torture/execute/intrinsic_dotprod.f90 execution,  -Os 
WARNING: program timed out.
FAIL: gfortran.fortran-torture/execute/intrinsic_fraction_exponent.f90 execution,  -O0 
WARNING: program timed out.
FAIL: gfortran.fortran-torture/execute/intrinsic_fraction_exponent.f90 execution,  -O1 
WARNING: program timed out.
FAIL: gfortran.fortran-torture/execute/intrinsic_fraction_exponent.f90 execution,  -O2 
WARNING: program timed out.
FAIL: gfortran.fortran-torture/execute/intrinsic_fraction_exponent.f90 execution,  -O3 -fomit-frame-pointer 
WARNING: program timed out.
FAIL: gfortran.fortran-torture/execute/intrinsic_fraction_exponent.f90 execution,  -O3 -fomit-frame-pointer -funroll-loops 
WARNING: program timed out.
FAIL: gfortran.fortran-torture/execute/intrinsic_fraction_exponent.f90 execution,  -O3 -fomit-frame-pointer -funroll-all-loops -finline-functions 
WARNING: program timed out.
FAIL: gfortran.fortran-torture/execute/intrinsic_fraction_exponent.f90 execution,  -O3 -g 
WARNING: program timed out.
FAIL: gfortran.fortran-torture/execute/intrinsic_fraction_exponent.f90 execution,  -Os 
FAIL: gfortran.fortran-torture/execute/intrinsic_nearest.f90 execution,  -O0 
FAIL: gfortran.fortran-torture/execute/intrinsic_nearest.f90 execution,  -O1 
FAIL: gfortran.fortran-torture/execute/intrinsic_nearest.f90 execution,  -O2 
FAIL: gfortran.fortran-torture/execute/intrinsic_nearest.f90 execution,  -O3 -fomit-frame-pointer 
FAIL: gfortran.fortran-torture/execute/intrinsic_nearest.f90 execution,  -O3 -fomit-frame-pointer -funroll-loops 
FAIL: gfortran.fortran-torture/execute/intrinsic_nearest.f90 execution,  -O3 -fomit-frame-pointer -funroll-all-loops -finline-functions 
FAIL: gfortran.fortran-torture/execute/intrinsic_nearest.f90 execution,  -O3 -g 
FAIL: gfortran.fortran-torture/execute/intrinsic_nearest.f90 execution,  -Os 
FAIL: gfortran.fortran-torture/execute/intrinsic_set_exponent.f90 execution,  -O0 
FAIL: gfortran.fortran-torture/execute/intrinsic_set_exponent.f90 execution,  -O1 
FAIL: gfortran.fortran-torture/execute/intrinsic_set_exponent.f90 execution,  -O2 
FAIL: gfortran.fortran-torture/execute/intrinsic_set_exponent.f90 execution,  -O3 -fomit-frame-pointer 
FAIL: gfortran.fortran-torture/execute/intrinsic_set_exponent.f90 execution,  -O3 -fomit-frame-pointer -funroll-loops 
FAIL: gfortran.fortran-torture/execute/intrinsic_set_exponent.f90 execution,  -O3 -fomit-frame-pointer -funroll-all-loops -finline-functions 
FAIL: gfortran.fortran-torture/execute/intrinsic_set_exponent.f90 execution,  -O3 -g 
FAIL: gfortran.fortran-torture/execute/intrinsic_set_exponent.f90 execution,  -Os 
FAIL: gfortran.fortran-torture/execute/specifics.f90 execution,  -O0 
FAIL: gfortran.fortran-torture/execute/specifics.f90 execution,  -O1 
FAIL: gfortran.fortran-torture/execute/specifics.f90 execution,  -O2 
FAIL: gfortran.fortran-torture/execute/specifics.f90 execution,  -O3 -fomit-frame-pointer 
FAIL: gfortran.fortran-torture/execute/specifics.f90 execution,  -O3 -fomit-frame-pointer -funroll-loops 
FAIL: gfortran.fortran-torture/execute/specifics.f90 execution,  -O3 -fomit-frame-pointer -funroll-all-loops -finline-functions 
FAIL: gfortran.fortran-torture/execute/specifics.f90 execution,  -O3 -g 
FAIL: gfortran.fortran-torture/execute/specifics.f90 execution,  -Os 

		=== gfortran Summary for unix ===

# of expected passes		23496
# of unexpected failures	130
# of unexpected successes	7
# of expected failures		4
# of unsupported tests		36

Running target unix/-mabi=32
FAIL: gfortran.dg/cray_pointers_2.f90  -O0  (test for excess errors)
FAIL: gfortran.dg/function_kinds_5.f90  -O   (test for errors, line 8)
FAIL: gfortran.dg/namelist_42.f90  -O0  execution test
FAIL: gfortran.dg/namelist_42.f90  -O1  execution test
FAIL: gfortran.dg/namelist_42.f90  -O2  execution test
FAIL: gfortran.dg/namelist_42.f90  -O3 -fomit-frame-pointer  execution test
FAIL: gfortran.dg/namelist_42.f90  -O3 -fomit-frame-pointer -funroll-loops  execution test
FAIL: gfortran.dg/namelist_42.f90  -O3 -fomit-frame-pointer -funroll-all-loops -finline-functions  execution test
FAIL: gfortran.dg/namelist_42.f90  -O3 -g  execution test
FAIL: gfortran.dg/namelist_42.f90  -Os  execution test
FAIL: gfortran.dg/namelist_43.f90  -O0  execution test
FAIL: gfortran.dg/namelist_43.f90  -O1  execution test
FAIL: gfortran.dg/namelist_43.f90  -O2  execution test
FAIL: gfortran.dg/namelist_43.f90  -O3 -fomit-frame-pointer  execution test
FAIL: gfortran.dg/namelist_43.f90  -O3 -fomit-frame-pointer -funroll-loops  execution test
FAIL: gfortran.dg/namelist_43.f90  -O3 -fomit-frame-pointer -funroll-all-loops -finline-functions  execution test
FAIL: gfortran.dg/namelist_43.f90  -O3 -g  execution test
FAIL: gfortran.dg/namelist_43.f90  -Os  execution test
FAIL: gfortran.dg/nan_3.f90  -O0  execution test
FAIL: gfortran.dg/nan_3.f90  -O1  execution test
FAIL: gfortran.dg/nan_3.f90  -O2  execution test
FAIL: gfortran.dg/nan_3.f90  -O3 -fomit-frame-pointer  execution test
FAIL: gfortran.dg/nan_3.f90  -O3 -fomit-frame-pointer -funroll-loops  execution test
FAIL: gfortran.dg/nan_3.f90  -O3 -fomit-frame-pointer -funroll-all-loops -finline-functions  execution test
FAIL: gfortran.dg/nan_3.f90  -O3 -g  execution test
FAIL: gfortran.dg/nan_3.f90  -Os  execution test
FAIL: gfortran.dg/nearest_3.f90  -O0  execution test
FAIL: gfortran.dg/nearest_3.f90  -O1  execution test
FAIL: gfortran.dg/nearest_3.f90  -O2  execution test
FAIL: gfortran.dg/nearest_3.f90  -O3 -fomit-frame-pointer  execution test
FAIL: gfortran.dg/nearest_3.f90  -O3 -fomit-frame-pointer -funroll-loops  execution test
FAIL: gfortran.dg/nearest_3.f90  -O3 -fomit-frame-pointer -funroll-all-loops -finline-functions  execution test
FAIL: gfortran.dg/nearest_3.f90  -O3 -g  execution test
FAIL: gfortran.dg/nearest_3.f90  -Os  execution test
FAIL: gfortran.dg/nint_2.f90  -O0  execution test
XPASS: gfortran.dg/g77/cabs.f  -O0  execution test
XPASS: gfortran.dg/g77/cabs.f  -O1  execution test
XPASS: gfortran.dg/g77/cabs.f  -O2  execution test
XPASS: gfortran.dg/g77/cabs.f  -O3 -fomit-frame-pointer  execution test
XPASS: gfortran.dg/g77/cabs.f  -O3 -fomit-frame-pointer -funroll-loops  execution test
XPASS: gfortran.dg/g77/cabs.f  -O3 -fomit-frame-pointer -funroll-all-loops -finline-functions  execution test
XPASS: gfortran.dg/g77/cabs.f  -O3 -g  execution test
XPASS: gfortran.dg/g77/cabs.f  -Os  execution test

		=== gfortran Summary for unix/-mabi=32 ===

# of expected passes		23399
# of unexpected failures	35
# of unexpected successes	8
# of expected failures		3
# of unsupported tests		140

Running target unix/-mabi=64
FAIL: gfortran.dg/cray_pointers_2.f90  -O0  (test for excess errors)
FAIL: gfortran.dg/csqrt_2.f  -O0  execution test
FAIL: gfortran.dg/csqrt_2.f  -O1  execution test
FAIL: gfortran.dg/csqrt_2.f  -O2  execution test
FAIL: gfortran.dg/csqrt_2.f  -O3 -fomit-frame-pointer  execution test
FAIL: gfortran.dg/csqrt_2.f  -O3 -fomit-frame-pointer -funroll-loops  execution test
FAIL: gfortran.dg/csqrt_2.f  -O3 -fomit-frame-pointer -funroll-all-loops -finline-functions  execution test
FAIL: gfortran.dg/csqrt_2.f  -O3 -g  execution test
FAIL: gfortran.dg/csqrt_2.f  -Os  execution test
FAIL: gfortran.dg/default_format_2.f90  -O0  (test for excess errors)
WARNING: gfortran.dg/default_format_2.f90  -O0  compilation failed to produce executable
FAIL: gfortran.dg/default_format_2.f90  -O1  (test for excess errors)
WARNING: gfortran.dg/default_format_2.f90  -O1  compilation failed to produce executable
FAIL: gfortran.dg/default_format_2.f90  -O2  (test for excess errors)
WARNING: gfortran.dg/default_format_2.f90  -O2  compilation failed to produce executable
FAIL: gfortran.dg/default_format_2.f90  -O3 -fomit-frame-pointer  (test for excess errors)
WARNING: gfortran.dg/default_format_2.f90  -O3 -fomit-frame-pointer  compilation failed to produce executable
FAIL: gfortran.dg/default_format_2.f90  -O3 -fomit-frame-pointer -funroll-loops  (test for excess errors)
WARNING: gfortran.dg/default_format_2.f90  -O3 -fomit-frame-pointer -funroll-loops  compilation failed to produce executable
FAIL: gfortran.dg/default_format_2.f90  -O3 -fomit-frame-pointer -funroll-all-loops -finline-functions  (test for excess errors)
WARNING: gfortran.dg/default_format_2.f90  -O3 -fomit-frame-pointer -funroll-all-loops -finline-functions  compilation failed to produce executable
FAIL: gfortran.dg/default_format_2.f90  -O3 -g  (test for excess errors)
WARNING: gfortran.dg/default_format_2.f90  -O3 -g  compilation failed to produce executable
FAIL: gfortran.dg/default_format_2.f90  -Os  (test for excess errors)
WARNING: gfortran.dg/default_format_2.f90  -Os  compilation failed to produce executable
FAIL: gfortran.dg/default_format_denormal_2.f90  -O0  (test for excess errors)
WARNING: gfortran.dg/default_format_denormal_2.f90  -O0  compilation failed to produce executable
FAIL: gfortran.dg/default_format_denormal_2.f90  -O1  (test for excess errors)
WARNING: gfortran.dg/default_format_denormal_2.f90  -O1  compilation failed to produce executable
FAIL: gfortran.dg/default_format_denormal_2.f90  -O2  (test for excess errors)
WARNING: gfortran.dg/default_format_denormal_2.f90  -O2  compilation failed to produce executable
FAIL: gfortran.dg/default_format_denormal_2.f90  -O3 -fomit-frame-pointer  (test for excess errors)
WARNING: gfortran.dg/default_format_denormal_2.f90  -O3 -fomit-frame-pointer  compilation failed to produce executable
FAIL: gfortran.dg/default_format_denormal_2.f90  -O3 -fomit-frame-pointer -funroll-loops  (test for excess errors)
WARNING: gfortran.dg/default_format_denormal_2.f90  -O3 -fomit-frame-pointer -funroll-loops  compilation failed to produce executable
FAIL: gfortran.dg/default_format_denormal_2.f90  -O3 -fomit-frame-pointer -funroll-all-loops -finline-functions  (test for excess errors)
WARNING: gfortran.dg/default_format_denormal_2.f90  -O3 -fomit-frame-pointer -funroll-all-loops -finline-functions  compilation failed to produce executable
FAIL: gfortran.dg/default_format_denormal_2.f90  -O3 -g  (test for excess errors)
WARNING: gfortran.dg/default_format_denormal_2.f90  -O3 -g  compilation failed to produce executable
FAIL: gfortran.dg/default_format_denormal_2.f90  -Os  (test for excess errors)
WARNING: gfortran.dg/default_format_denormal_2.f90  -Os  compilation failed to produce executable
FAIL: gfortran.dg/function_kinds_5.f90  -O   (test for errors, line 8)
FAIL: gfortran.dg/integer_exponentiation_2.f90  -O0  execution test
FAIL: gfortran.dg/integer_exponentiation_2.f90  -O1  execution test
FAIL: gfortran.dg/integer_exponentiation_2.f90  -O2  execution test
FAIL: gfortran.dg/integer_exponentiation_2.f90  -O3 -fomit-frame-pointer  execution test
FAIL: gfortran.dg/integer_exponentiation_2.f90  -O3 -fomit-frame-pointer -funroll-loops  execution test
FAIL: gfortran.dg/integer_exponentiation_2.f90  -O3 -fomit-frame-pointer -funroll-all-loops -finline-functions  execution test
FAIL: gfortran.dg/integer_exponentiation_2.f90  -O3 -g  execution test
FAIL: gfortran.dg/integer_exponentiation_2.f90  -Os  execution test
FAIL: gfortran.dg/large_real_kind_2.F90  -O0  (test for excess errors)
WARNING: gfortran.dg/large_real_kind_2.F90  -O0  compilation failed to produce executable
FAIL: gfortran.dg/large_real_kind_2.F90  -O1  (test for excess errors)
WARNING: gfortran.dg/large_real_kind_2.F90  -O1  compilation failed to produce executable
FAIL: gfortran.dg/large_real_kind_2.F90  -O2  (test for excess errors)
WARNING: gfortran.dg/large_real_kind_2.F90  -O2  compilation failed to produce executable
FAIL: gfortran.dg/large_real_kind_2.F90  -O3 -fomit-frame-pointer  (test for excess errors)
WARNING: gfortran.dg/large_real_kind_2.F90  -O3 -fomit-frame-pointer  compilation failed to produce executable
FAIL: gfortran.dg/large_real_kind_2.F90  -O3 -fomit-frame-pointer -funroll-loops  (test for excess errors)
WARNING: gfortran.dg/large_real_kind_2.F90  -O3 -fomit-frame-pointer -funroll-loops  compilation failed to produce executable
FAIL: gfortran.dg/large_real_kind_2.F90  -O3 -fomit-frame-pointer -funroll-all-loops -finline-functions  (test for excess errors)
WARNING: gfortran.dg/large_real_kind_2.F90  -O3 -fomit-frame-pointer -funroll-all-loops -finline-functions  compilation failed to produce executable
FAIL: gfortran.dg/large_real_kind_2.F90  -O3 -g  (test for excess errors)
WARNING: gfortran.dg/large_real_kind_2.F90  -O3 -g  compilation failed to produce executable
FAIL: gfortran.dg/large_real_kind_2.F90  -Os  (test for excess errors)
WARNING: gfortran.dg/large_real_kind_2.F90  -Os  compilation failed to produce executable
FAIL: gfortran.dg/namelist_42.f90  -O0  execution test
FAIL: gfortran.dg/namelist_42.f90  -O1  execution test
FAIL: gfortran.dg/namelist_42.f90  -O2  execution test
FAIL: gfortran.dg/namelist_42.f90  -O3 -fomit-frame-pointer  execution test
FAIL: gfortran.dg/namelist_42.f90  -O3 -fomit-frame-pointer -funroll-loops  execution test
FAIL: gfortran.dg/namelist_42.f90  -O3 -fomit-frame-pointer -funroll-all-loops -finline-functions  execution test
FAIL: gfortran.dg/namelist_42.f90  -O3 -g  execution test
FAIL: gfortran.dg/namelist_42.f90  -Os  execution test
FAIL: gfortran.dg/namelist_43.f90  -O0  execution test
FAIL: gfortran.dg/namelist_43.f90  -O1  execution test
FAIL: gfortran.dg/namelist_43.f90  -O2  execution test
FAIL: gfortran.dg/namelist_43.f90  -O3 -fomit-frame-pointer  execution test
FAIL: gfortran.dg/namelist_43.f90  -O3 -fomit-frame-pointer -funroll-loops  execution test
FAIL: gfortran.dg/namelist_43.f90  -O3 -fomit-frame-pointer -funroll-all-loops -finline-functions  execution test
FAIL: gfortran.dg/namelist_43.f90  -O3 -g  execution test
FAIL: gfortran.dg/namelist_43.f90  -Os  execution test
FAIL: gfortran.dg/nan_3.f90  -O0  execution test
FAIL: gfortran.dg/nan_3.f90  -O1  execution test
FAIL: gfortran.dg/nan_3.f90  -O2  execution test
FAIL: gfortran.dg/nan_3.f90  -O3 -fomit-frame-pointer  execution test
FAIL: gfortran.dg/nan_3.f90  -O3 -fomit-frame-pointer -funroll-loops  execution test
FAIL: gfortran.dg/nan_3.f90  -O3 -fomit-frame-pointer -funroll-all-loops -finline-functions  execution test
FAIL: gfortran.dg/nan_3.f90  -O3 -g  execution test
FAIL: gfortran.dg/nan_3.f90  -Os  execution test
FAIL: gfortran.dg/nearest_1.f90  -O0  execution test
FAIL: gfortran.dg/nearest_1.f90  -O1  execution test
FAIL: gfortran.dg/nearest_1.f90  -O2  execution test
FAIL: gfortran.dg/nearest_1.f90  -O3 -fomit-frame-pointer  execution test
FAIL: gfortran.dg/nearest_1.f90  -O3 -fomit-frame-pointer -funroll-loops  execution test
FAIL: gfortran.dg/nearest_1.f90  -O3 -fomit-frame-pointer -funroll-all-loops -finline-functions  execution test
FAIL: gfortran.dg/nearest_1.f90  -O3 -g  execution test
FAIL: gfortran.dg/nearest_1.f90  -Os  execution test
FAIL: gfortran.dg/nearest_3.f90  -O0  execution test
FAIL: gfortran.dg/nearest_3.f90  -O1  execution test
FAIL: gfortran.dg/nearest_3.f90  -O2  execution test
FAIL: gfortran.dg/nearest_3.f90  -O3 -fomit-frame-pointer  execution test
FAIL: gfortran.dg/nearest_3.f90  -O3 -fomit-frame-pointer -funroll-loops  execution test
FAIL: gfortran.dg/nearest_3.f90  -O3 -fomit-frame-pointer -funroll-all-loops -finline-functions  execution test
FAIL: gfortran.dg/nearest_3.f90  -O3 -g  execution test
FAIL: gfortran.dg/nearest_3.f90  -Os  execution test
FAIL: gfortran.dg/nint_2.f90  -O0  execution test
FAIL: gfortran.dg/specifics_1.f90  -O0  execution test
FAIL: gfortran.dg/specifics_1.f90  -O1  execution test
FAIL: gfortran.dg/specifics_1.f90  -O2  execution test
FAIL: gfortran.dg/specifics_1.f90  -O3 -fomit-frame-pointer  execution test
FAIL: gfortran.dg/specifics_1.f90  -O3 -fomit-frame-pointer -funroll-loops  execution test
FAIL: gfortran.dg/specifics_1.f90  -O3 -fomit-frame-pointer -funroll-all-loops -finline-functions  execution test
FAIL: gfortran.dg/specifics_1.f90  -O3 -g  execution test
FAIL: gfortran.dg/specifics_1.f90  -Os  execution test
XPASS: gfortran.dg/g77/cabs.f  -O1  execution test
XPASS: gfortran.dg/g77/cabs.f  -O2  execution test
XPASS: gfortran.dg/g77/cabs.f  -O3 -fomit-frame-pointer  execution test
XPASS: gfortran.dg/g77/cabs.f  -O3 -fomit-frame-pointer -funroll-loops  execution test
XPASS: gfortran.dg/g77/cabs.f  -O3 -fomit-frame-pointer -funroll-all-loops -finline-functions  execution test
XPASS: gfortran.dg/g77/cabs.f  -O3 -g  execution test
XPASS: gfortran.dg/g77/cabs.f  -Os  execution test
FAIL: gfortran.fortran-torture/execute/intrinsic_abs.f90 execution,  -O0 
FAIL: gfortran.fortran-torture/execute/intrinsic_dotprod.f90 execution,  -O2 
FAIL: gfortran.fortran-torture/execute/intrinsic_dotprod.f90 execution,  -O3 -fomit-frame-pointer 
FAIL: gfortran.fortran-torture/execute/intrinsic_dotprod.f90 execution,  -O3 -fomit-frame-pointer -funroll-loops 
FAIL: gfortran.fortran-torture/execute/intrinsic_dotprod.f90 execution,  -O3 -fomit-frame-pointer -funroll-all-loops -finline-functions 
FAIL: gfortran.fortran-torture/execute/intrinsic_dotprod.f90 execution,  -O3 -g 
FAIL: gfortran.fortran-torture/execute/intrinsic_dotprod.f90 execution,  -Os 
WARNING: program timed out.
FAIL: gfortran.fortran-torture/execute/intrinsic_fraction_exponent.f90 execution,  -O0 
WARNING: program timed out.
FAIL: gfortran.fortran-torture/execute/intrinsic_fraction_exponent.f90 execution,  -O1 
WARNING: program timed out.
FAIL: gfortran.fortran-torture/execute/intrinsic_fraction_exponent.f90 execution,  -O2 
WARNING: program timed out.
FAIL: gfortran.fortran-torture/execute/intrinsic_fraction_exponent.f90 execution,  -O3 -fomit-frame-pointer 
WARNING: program timed out.
FAIL: gfortran.fortran-torture/execute/intrinsic_fraction_exponent.f90 execution,  -O3 -fomit-frame-pointer -funroll-loops 
WARNING: program timed out.
FAIL: gfortran.fortran-torture/execute/intrinsic_fraction_exponent.f90 execution,  -O3 -fomit-frame-pointer -funroll-all-loops -finline-functions 
WARNING: program timed out.
FAIL: gfortran.fortran-torture/execute/intrinsic_fraction_exponent.f90 execution,  -O3 -g 
WARNING: program timed out.
FAIL: gfortran.fortran-torture/execute/intrinsic_fraction_exponent.f90 execution,  -Os 
FAIL: gfortran.fortran-torture/execute/intrinsic_nearest.f90 execution,  -O0 
FAIL: gfortran.fortran-torture/execute/intrinsic_nearest.f90 execution,  -O1 
FAIL: gfortran.fortran-torture/execute/intrinsic_nearest.f90 execution,  -O2 
FAIL: gfortran.fortran-torture/execute/intrinsic_nearest.f90 execution,  -O3 -fomit-frame-pointer 
FAIL: gfortran.fortran-torture/execute/intrinsic_nearest.f90 execution,  -O3 -fomit-frame-pointer -funroll-loops 
FAIL: gfortran.fortran-torture/execute/intrinsic_nearest.f90 execution,  -O3 -fomit-frame-pointer -funroll-all-loops -finline-functions 
FAIL: gfortran.fortran-torture/execute/intrinsic_nearest.f90 execution,  -O3 -g 
FAIL: gfortran.fortran-torture/execute/intrinsic_nearest.f90 execution,  -Os 
FAIL: gfortran.fortran-torture/execute/intrinsic_set_exponent.f90 execution,  -O0 
FAIL: gfortran.fortran-torture/execute/intrinsic_set_exponent.f90 execution,  -O1 
FAIL: gfortran.fortran-torture/execute/intrinsic_set_exponent.f90 execution,  -O2 
FAIL: gfortran.fortran-torture/execute/intrinsic_set_exponent.f90 execution,  -O3 -fomit-frame-pointer 
FAIL: gfortran.fortran-torture/execute/intrinsic_set_exponent.f90 execution,  -O3 -fomit-frame-pointer -funroll-loops 
FAIL: gfortran.fortran-torture/execute/intrinsic_set_exponent.f90 execution,  -O3 -fomit-frame-pointer -funroll-all-loops -finline-functions 
FAIL: gfortran.fortran-torture/execute/intrinsic_set_exponent.f90 execution,  -O3 -g 
FAIL: gfortran.fortran-torture/execute/intrinsic_set_exponent.f90 execution,  -Os 
FAIL: gfortran.fortran-torture/execute/specifics.f90 execution,  -O0 
FAIL: gfortran.fortran-torture/execute/specifics.f90 execution,  -O1 
FAIL: gfortran.fortran-torture/execute/specifics.f90 execution,  -O2 
FAIL: gfortran.fortran-torture/execute/specifics.f90 execution,  -O3 -fomit-frame-pointer 
FAIL: gfortran.fortran-torture/execute/specifics.f90 execution,  -O3 -fomit-frame-pointer -funroll-loops 
FAIL: gfortran.fortran-torture/execute/specifics.f90 execution,  -O3 -fomit-frame-pointer -funroll-all-loops -finline-functions 
FAIL: gfortran.fortran-torture/execute/specifics.f90 execution,  -O3 -g 
FAIL: gfortran.fortran-torture/execute/specifics.f90 execution,  -Os 

		=== gfortran Summary for unix/-mabi=64 ===

# of expected passes		23496
# of unexpected failures	130
# of unexpected successes	7
# of expected failures		4
# of unsupported tests		36

		=== gfortran Summary ===

# of expected passes		70391
# of unexpected failures	295
# of unexpected successes	22
# of expected failures		11
# of unsupported tests		212
/usr/people/tgc/build/athena-buildpkg/buildpkg/gcc43/src/all_gas/gcc/testsuite/gfortran/../../gfortran  version 4.3.0 (GCC) 

		=== gnat tests ===


Running target unix
FAIL: gnat.dg/curr_task.adb (test for excess errors)
WARNING: gnat.dg/curr_task.adb compilation failed to produce executable
FAIL: gnat.dg/entry_queues.adb (test for excess errors)
WARNING: gnat.dg/entry_queues.adb compilation failed to produce executable
FAIL: gnat.dg/interface2.adb (test for excess errors)
WARNING: gnat.dg/interface2.adb compilation failed to produce executable
FAIL: gnat.dg/iprot_test.adb (test for excess errors)
WARNING: gnat.dg/iprot_test.adb compilation failed to produce executable
FAIL: gnat.dg/requeue1.adb (test for excess errors)
WARNING: gnat.dg/requeue1.adb compilation failed to produce executable
FAIL: gnat.dg/socket1.adb (test for excess errors)
WARNING: gnat.dg/socket1.adb compilation failed to produce executable
FAIL: gnat.dg/socket2.adb (test for excess errors)
WARNING: gnat.dg/socket2.adb compilation failed to produce executable
FAIL: gnat.dg/test_delay.adb (test for excess errors)
WARNING: gnat.dg/test_delay.adb compilation failed to produce executable
FAIL: gnat.dg/test_image.adb (test for excess errors)
WARNING: gnat.dg/test_image.adb compilation failed to produce executable
FAIL: gnat.dg/test_prio.adb (test for excess errors)
WARNING: gnat.dg/test_prio.adb compilation failed to produce executable
FAIL: gnat.dg/timing_events.adb (test for excess errors)
WARNING: gnat.dg/timing_events.adb compilation failed to produce executable

		=== gnat Summary for unix ===

# of expected passes		326
# of unexpected failures	11

Running target unix/-mabi=32
FAIL: gnat.dg/abstract_with_anonymous_result.adb (test for excess errors)
WARNING: gnat.dg/abstract_with_anonymous_result.adb compilation failed to produce executable
FAIL: gnat.dg/access4.adb (test for excess errors)
WARNING: gnat.dg/access4.adb compilation failed to produce executable
FAIL: gnat.dg/access_test.adb (test for excess errors)
WARNING: gnat.dg/access_test.adb compilation failed to produce executable
FAIL: gnat.dg/addr2.adb (test for excess errors)
WARNING: gnat.dg/addr2.adb compilation failed to produce executable
FAIL: gnat.dg/address_conversion.adb (test for excess errors)
WARNING: gnat.dg/address_conversion.adb compilation failed to produce executable
FAIL: gnat.dg/aggr1.adb (test for excess errors)
WARNING: gnat.dg/aggr1.adb compilation failed to produce executable
FAIL: gnat.dg/aggr3.adb (test for excess errors)
WARNING: gnat.dg/aggr3.adb compilation failed to produce executable
FAIL: gnat.dg/aliased_prefix_accessibility.adb (test for excess errors)
WARNING: gnat.dg/aliased_prefix_accessibility.adb compilation failed to produce executable
FAIL: gnat.dg/align_check.adb (test for excess errors)
WARNING: gnat.dg/align_check.adb compilation failed to produce executable
FAIL: gnat.dg/alignment1.adb (test for excess errors)
WARNING: gnat.dg/alignment1.adb compilation failed to produce executable
FAIL: gnat.dg/alignment2.adb (test for excess errors)
WARNING: gnat.dg/alignment2.adb compilation failed to produce executable
FAIL: gnat.dg/array3.adb (test for excess errors)
WARNING: gnat.dg/array3.adb compilation failed to produce executable
FAIL: gnat.dg/assert1.adb (test for excess errors)
WARNING: gnat.dg/assert1.adb compilation failed to produce executable
FAIL: gnat.dg/biased_uc.adb (test for excess errors)
WARNING: gnat.dg/biased_uc.adb compilation failed to produce executable
FAIL: gnat.dg/capture_value.adb (test for excess errors)
WARNING: gnat.dg/capture_value.adb compilation failed to produce executable
FAIL: gnat.dg/check_elaboration_code.adb (test for excess errors)
WARNING: gnat.dg/check_elaboration_code.adb compilation failed to produce executable
FAIL: gnat.dg/compose.adb (test for excess errors)
WARNING: gnat.dg/compose.adb compilation failed to produce executable
FAIL: gnat.dg/conv_bug.adb (test for excess errors)
WARNING: gnat.dg/conv_bug.adb compilation failed to produce executable
FAIL: gnat.dg/conv_real.adb (test for excess errors)
WARNING: gnat.dg/conv_real.adb compilation failed to produce executable
FAIL: gnat.dg/curr_task.adb (test for excess errors)
WARNING: gnat.dg/curr_task.adb compilation failed to produce executable
FAIL: gnat.dg/derived_aggregate.adb (test for excess errors)
WARNING: gnat.dg/derived_aggregate.adb compilation failed to produce executable
FAIL: gnat.dg/discr4.adb (test for excess errors)
WARNING: gnat.dg/discr4.adb compilation failed to produce executable
FAIL: gnat.dg/dispatch1.adb (test for excess errors)
WARNING: gnat.dg/dispatch1.adb compilation failed to produce executable
FAIL: gnat.dg/dispatch2.adb (test for excess errors)
WARNING: gnat.dg/dispatch2.adb compilation failed to produce executable
FAIL: gnat.dg/elim2.adb (test for excess errors)
WARNING: gnat.dg/elim2.adb compilation failed to produce executable
FAIL: gnat.dg/entry_queues.adb (test for excess errors)
WARNING: gnat.dg/entry_queues.adb compilation failed to produce executable
FAIL: gnat.dg/expect1.adb (test for excess errors)
WARNING: gnat.dg/expect1.adb compilation failed to produce executable
FAIL: gnat.dg/fixedpnt.adb (test for excess errors)
WARNING: gnat.dg/fixedpnt.adb compilation failed to produce executable
FAIL: gnat.dg/generic_dispatch.adb (test for excess errors)
WARNING: gnat.dg/generic_dispatch.adb compilation failed to produce executable
FAIL: gnat.dg/gnat_malloc.adb (test for excess errors)
WARNING: gnat.dg/gnat_malloc.adb compilation failed to produce executable
FAIL: gnat.dg/in_out_parameter.adb (test for excess errors)
WARNING: gnat.dg/in_out_parameter.adb compilation failed to produce executable
FAIL: gnat.dg/inline_tagged.adb (test for excess errors)
WARNING: gnat.dg/inline_tagged.adb compilation failed to produce executable
FAIL: gnat.dg/interface1.adb (test for excess errors)
WARNING: gnat.dg/interface1.adb compilation failed to produce executable
FAIL: gnat.dg/interface2.adb (test for excess errors)
WARNING: gnat.dg/interface2.adb compilation failed to produce executable
FAIL: gnat.dg/interface3.adb (test for excess errors)
WARNING: gnat.dg/interface3.adb compilation failed to produce executable
FAIL: gnat.dg/interface_conv.adb (test for excess errors)
WARNING: gnat.dg/interface_conv.adb compilation failed to produce executable
FAIL: gnat.dg/iprot_test.adb (test for excess errors)
WARNING: gnat.dg/iprot_test.adb compilation failed to produce executable
FAIL: gnat.dg/kill_value.adb (test for excess errors)
WARNING: gnat.dg/kill_value.adb compilation failed to produce executable
FAIL: gnat.dg/lhs_view_convert.adb (test for excess errors)
WARNING: gnat.dg/lhs_view_convert.adb compilation failed to produce executable
FAIL: gnat.dg/md5_test.adb (test for excess errors)
WARNING: gnat.dg/md5_test.adb compilation failed to produce executable
FAIL: gnat.dg/mutable1.adb (test for excess errors)
WARNING: gnat.dg/mutable1.adb compilation failed to produce executable
FAIL: gnat.dg/named_test.adb (test for excess errors)
WARNING: gnat.dg/named_test.adb compilation failed to produce executable
FAIL: gnat.dg/nat1r.adb (test for excess errors)
WARNING: gnat.dg/nat1r.adb compilation failed to produce executable
FAIL: gnat.dg/nested_controlled_alloc.adb (test for excess errors)
WARNING: gnat.dg/nested_controlled_alloc.adb compilation failed to produce executable
FAIL: gnat.dg/nested_return_test.adb (test for excess errors)
WARNING: gnat.dg/nested_return_test.adb compilation failed to produce executable
FAIL: gnat.dg/no_final.adb (test for excess errors)
WARNING: gnat.dg/no_final.adb compilation failed to produce executable
FAIL: gnat.dg/outer_agg_bitfield_constructor.adb (test for excess errors)
WARNING: gnat.dg/outer_agg_bitfield_constructor.adb compilation failed to produce executable
FAIL: gnat.dg/packed_subtype.adb (test for excess errors)
WARNING: gnat.dg/packed_subtype.adb compilation failed to produce executable
FAIL: gnat.dg/pointer_conversion.adb (test for excess errors)
WARNING: gnat.dg/pointer_conversion.adb compilation failed to produce executable
FAIL: gnat.dg/quote.adb (test for excess errors)
WARNING: gnat.dg/quote.adb compilation failed to produce executable
FAIL: gnat.dg/range_check.adb (test for excess errors)
WARNING: gnat.dg/range_check.adb compilation failed to produce executable
FAIL: gnat.dg/regpat1.adb (test for excess errors)
WARNING: gnat.dg/regpat1.adb compilation failed to produce executable
FAIL: gnat.dg/release_unc_maxalign.adb (test for excess errors)
WARNING: gnat.dg/release_unc_maxalign.adb compilation failed to produce executable
FAIL: gnat.dg/renaming2.adb (test for excess errors)
WARNING: gnat.dg/renaming2.adb compilation failed to produce executable
FAIL: gnat.dg/renaming3.adb (test for excess errors)
WARNING: gnat.dg/renaming3.adb compilation failed to produce executable
FAIL: gnat.dg/requeue1.adb (test for excess errors)
WARNING: gnat.dg/requeue1.adb compilation failed to produce executable
FAIL: gnat.dg/scalar_mode_agg_compare.adb (test for excess errors)
WARNING: gnat.dg/scalar_mode_agg_compare.adb compilation failed to produce executable
FAIL: gnat.dg/self_aggregate_with_array.adb (test for excess errors)
WARNING: gnat.dg/self_aggregate_with_array.adb compilation failed to produce executable
FAIL: gnat.dg/self_aggregate_with_call.adb (test for excess errors)
WARNING: gnat.dg/self_aggregate_with_call.adb compilation failed to produce executable
FAIL: gnat.dg/self_aggregate_with_pointer.adb (test for excess errors)
WARNING: gnat.dg/self_aggregate_with_pointer.adb compilation failed to produce executable
FAIL: gnat.dg/self_aggregate_with_zeros.adb (test for excess errors)
WARNING: gnat.dg/self_aggregate_with_zeros.adb compilation failed to produce executable
FAIL: gnat.dg/sizetype.adb (test for excess errors)
WARNING: gnat.dg/sizetype.adb compilation failed to produce executable
FAIL: gnat.dg/slice3.adb (test for excess errors)
WARNING: gnat.dg/slice3.adb compilation failed to produce executable
FAIL: gnat.dg/slice4.adb (test for excess errors)
WARNING: gnat.dg/slice4.adb compilation failed to produce executable
FAIL: gnat.dg/socket1.adb (test for excess errors)
WARNING: gnat.dg/socket1.adb compilation failed to produce executable
FAIL: gnat.dg/socket2.adb (test for excess errors)
WARNING: gnat.dg/socket2.adb compilation failed to produce executable
FAIL: gnat.dg/sort2.adb (test for excess errors)
WARNING: gnat.dg/sort2.adb compilation failed to produce executable
FAIL: gnat.dg/spipaterr.adb (test for excess errors)
WARNING: gnat.dg/spipaterr.adb compilation failed to produce executable
FAIL: gnat.dg/string_slice.adb (test for excess errors)
WARNING: gnat.dg/string_slice.adb compilation failed to produce executable
FAIL: gnat.dg/tag1.adb (test for excess errors)
WARNING: gnat.dg/tag1.adb compilation failed to produce executable
FAIL: gnat.dg/tail_call.adb (test for excess errors)
WARNING: gnat.dg/tail_call.adb compilation failed to produce executable
FAIL: gnat.dg/test_address_null_init.adb (test for excess errors)
WARNING: gnat.dg/test_address_null_init.adb compilation failed to produce executable
FAIL: gnat.dg/test_bounded.adb (test for excess errors)
WARNING: gnat.dg/test_bounded.adb compilation failed to produce executable
FAIL: gnat.dg/test_delay.adb (test for excess errors)
WARNING: gnat.dg/test_delay.adb compilation failed to produce executable
FAIL: gnat.dg/test_enum_io.adb (test for excess errors)
WARNING: gnat.dg/test_enum_io.adb compilation failed to produce executable
FAIL: gnat.dg/test_fixed_io.adb (test for excess errors)
WARNING: gnat.dg/test_fixed_io.adb compilation failed to produce executable
FAIL: gnat.dg/test_ifaces.adb (test for excess errors)
WARNING: gnat.dg/test_ifaces.adb compilation failed to produce executable
FAIL: gnat.dg/test_image.adb (test for excess errors)
WARNING: gnat.dg/test_image.adb compilation failed to produce executable
FAIL: gnat.dg/test_nested_subtype_byref.adb (test for excess errors)
WARNING: gnat.dg/test_nested_subtype_byref.adb compilation failed to produce executable
FAIL: gnat.dg/test_oalign.adb (test for excess errors)
WARNING: gnat.dg/test_oalign.adb compilation failed to produce executable
FAIL: gnat.dg/test_prefix1.adb (test for excess errors)
WARNING: gnat.dg/test_prefix1.adb compilation failed to produce executable
FAIL: gnat.dg/test_prio.adb (test for excess errors)
WARNING: gnat.dg/test_prio.adb compilation failed to produce executable
FAIL: gnat.dg/test_self.adb (test for excess errors)
WARNING: gnat.dg/test_self.adb compilation failed to produce executable
FAIL: gnat.dg/test_self_ref.adb (test for excess errors)
WARNING: gnat.dg/test_self_ref.adb compilation failed to produce executable
FAIL: gnat.dg/test_table1.adb (test for excess errors)
WARNING: gnat.dg/test_table1.adb compilation failed to produce executable
FAIL: gnat.dg/test_tamdt.adb (test for excess errors)
WARNING: gnat.dg/test_tamdt.adb compilation failed to produce executable
FAIL: gnat.dg/tfren.adb (test for excess errors)
WARNING: gnat.dg/tfren.adb compilation failed to produce executable
FAIL: gnat.dg/timing_events.adb (test for excess errors)
WARNING: gnat.dg/timing_events.adb compilation failed to produce executable
FAIL: gnat.dg/unc_memfree.adb (test for excess errors)
WARNING: gnat.dg/unc_memfree.adb compilation failed to produce executable
FAIL: gnat.dg/unchecked_convert1.adb (test for excess errors)
WARNING: gnat.dg/unchecked_convert1.adb compilation failed to produce executable
FAIL: gnat.dg/unchecked_union1.adb (test for excess errors)
WARNING: gnat.dg/unchecked_union1.adb compilation failed to produce executable
FAIL: gnat.dg/valid1.adb (test for excess errors)
WARNING: gnat.dg/valid1.adb compilation failed to produce executable
FAIL: gnat.dg/warn1.adb (test for excess errors)
WARNING: gnat.dg/warn1.adb compilation failed to produce executable
FAIL: gnat.dg/wide_test.adb (test for excess errors)
WARNING: gnat.dg/wide_test.adb compilation failed to produce executable

		=== gnat Summary for unix/-mabi=32 ===

# of expected passes		160
# of unexpected failures	94

Running target unix/-mabi=64
FAIL: gnat.dg/abstract_with_anonymous_result.adb (test for excess errors)
WARNING: gnat.dg/abstract_with_anonymous_result.adb compilation failed to produce executable
FAIL: gnat.dg/access3.adb (test for excess errors)
FAIL: gnat.dg/access4.adb (test for excess errors)
WARNING: gnat.dg/access4.adb compilation failed to produce executable
FAIL: gnat.dg/access_discr.adb (test for excess errors)
FAIL: gnat.dg/access_test.adb (test for excess errors)
WARNING: gnat.dg/access_test.adb compilation failed to produce executable
FAIL: gnat.dg/addr2.adb (test for excess errors)
WARNING: gnat.dg/addr2.adb compilation failed to produce executable
FAIL: gnat.dg/address_conversion.adb (test for excess errors)
WARNING: gnat.dg/address_conversion.adb compilation failed to produce executable
FAIL: gnat.dg/aggr1.adb (test for excess errors)
WARNING: gnat.dg/aggr1.adb compilation failed to produce executable
FAIL: gnat.dg/aggr3.adb (test for excess errors)
WARNING: gnat.dg/aggr3.adb compilation failed to produce executable
FAIL: gnat.dg/aggr7.adb (test for excess errors)
FAIL: gnat.dg/aliased_prefix_accessibility.adb (test for excess errors)
WARNING: gnat.dg/aliased_prefix_accessibility.adb compilation failed to produce executable
FAIL: gnat.dg/align_check.adb (test for excess errors)
WARNING: gnat.dg/align_check.adb compilation failed to produce executable
FAIL: gnat.dg/alignment1.adb (test for excess errors)
WARNING: gnat.dg/alignment1.adb compilation failed to produce executable
FAIL: gnat.dg/alignment2.adb (test for excess errors)
WARNING: gnat.dg/alignment2.adb compilation failed to produce executable
FAIL: gnat.dg/alignment3.adb (test for excess errors)
FAIL: gnat.dg/array3.adb (test for excess errors)
WARNING: gnat.dg/array3.adb compilation failed to produce executable
FAIL: gnat.dg/assert1.adb (test for excess errors)
WARNING: gnat.dg/assert1.adb compilation failed to produce executable
FAIL: gnat.dg/asynch.adb (test for excess errors)
FAIL: gnat.dg/biased_uc.adb (test for excess errors)
WARNING: gnat.dg/biased_uc.adb compilation failed to produce executable
FAIL: gnat.dg/bip_prim_func.adb (test for excess errors)
FAIL: gnat.dg/c_words.adb (test for excess errors)
FAIL: gnat.dg/capture_value.adb (test for excess errors)
WARNING: gnat.dg/capture_value.adb compilation failed to produce executable
FAIL: gnat.dg/check_elaboration_code.adb (test for excess errors)
WARNING: gnat.dg/check_elaboration_code.adb compilation failed to produce executable
FAIL: gnat.dg/class_wide.adb (test for excess errors)
FAIL: gnat.dg/compose.adb (test for excess errors)
WARNING: gnat.dg/compose.adb compilation failed to produce executable
FAIL: gnat.dg/controlled_record.adb (test for excess errors)
FAIL: gnat.dg/conv_bug.adb (test for excess errors)
WARNING: gnat.dg/conv_bug.adb compilation failed to produce executable
FAIL: gnat.dg/conv_real.adb (test for excess errors)
WARNING: gnat.dg/conv_real.adb compilation failed to produce executable
FAIL: gnat.dg/curr_task.adb (test for excess errors)
WARNING: gnat.dg/curr_task.adb compilation failed to produce executable
FAIL: gnat.dg/derived_aggregate.adb (test for excess errors)
WARNING: gnat.dg/derived_aggregate.adb compilation failed to produce executable
FAIL: gnat.dg/discr4.adb (test for excess errors)
WARNING: gnat.dg/discr4.adb compilation failed to produce executable
FAIL: gnat.dg/dispatch1.adb (test for excess errors)
WARNING: gnat.dg/dispatch1.adb compilation failed to produce executable
FAIL: gnat.dg/dispatch2.adb (test for excess errors)
WARNING: gnat.dg/dispatch2.adb compilation failed to produce executable
FAIL: gnat.dg/dispatch2_p.adb (test for excess errors)
FAIL: gnat.dg/elim1.adb (test for excess errors)
FAIL: gnat.dg/elim2.adb (test for excess errors)
WARNING: gnat.dg/elim2.adb compilation failed to produce executable
FAIL: gnat.dg/entry_queues.adb (test for excess errors)
WARNING: gnat.dg/entry_queues.adb compilation failed to produce executable
FAIL: gnat.dg/expect1.adb (test for excess errors)
WARNING: gnat.dg/expect1.adb compilation failed to produce executable
FAIL: gnat.dg/finalized.adb (test for excess errors)
FAIL: gnat.dg/fixedpnt.adb (test for excess errors)
WARNING: gnat.dg/fixedpnt.adb compilation failed to produce executable
FAIL: gnat.dg/frame_overflow.adb  (test for errors, line 12)
FAIL: gnat.dg/frame_overflow.adb  (test for errors, line 21)
FAIL: gnat.dg/generic_dispatch.adb (test for excess errors)
WARNING: gnat.dg/generic_dispatch.adb compilation failed to produce executable
FAIL: gnat.dg/generic_dispatch_p.adb (test for excess errors)
FAIL: gnat.dg/gnat_malloc.adb (test for excess errors)
WARNING: gnat.dg/gnat_malloc.adb compilation failed to produce executable
FAIL: gnat.dg/gnatg.adb (test for excess errors)
FAIL: gnat.dg/graphic.adb (test for excess errors)
FAIL: gnat.dg/ifaces.adb (test for excess errors)
FAIL: gnat.dg/in_out_parameter.adb (test for excess errors)
WARNING: gnat.dg/in_out_parameter.adb compilation failed to produce executable
FAIL: gnat.dg/inline_tagged.adb (test for excess errors)
WARNING: gnat.dg/inline_tagged.adb compilation failed to produce executable
FAIL: gnat.dg/interface1.adb (test for excess errors)
WARNING: gnat.dg/interface1.adb compilation failed to produce executable
FAIL: gnat.dg/interface2.adb (test for excess errors)
WARNING: gnat.dg/interface2.adb compilation failed to produce executable
FAIL: gnat.dg/interface3.adb (test for excess errors)
WARNING: gnat.dg/interface3.adb compilation failed to produce executable
FAIL: gnat.dg/interface_conv.adb (test for excess errors)
WARNING: gnat.dg/interface_conv.adb compilation failed to produce executable
FAIL: gnat.dg/iprot_test.adb (test for excess errors)
WARNING: gnat.dg/iprot_test.adb compilation failed to produce executable
FAIL: gnat.dg/kill_value.adb (test for excess errors)
WARNING: gnat.dg/kill_value.adb compilation failed to produce executable
FAIL: gnat.dg/late_overriding.adb (test for excess errors)
FAIL: gnat.dg/lhs_view_convert.adb (test for excess errors)
WARNING: gnat.dg/lhs_view_convert.adb compilation failed to produce executable
FAIL: gnat.dg/md5_test.adb (test for excess errors)
WARNING: gnat.dg/md5_test.adb compilation failed to produce executable
FAIL: gnat.dg/mutable1.adb (test for excess errors)
WARNING: gnat.dg/mutable1.adb compilation failed to produce executable
FAIL: gnat.dg/named_test.adb (test for excess errors)
WARNING: gnat.dg/named_test.adb compilation failed to produce executable
FAIL: gnat.dg/nat1r.adb (test for excess errors)
WARNING: gnat.dg/nat1r.adb compilation failed to produce executable
FAIL: gnat.dg/nested_controlled_alloc.adb (test for excess errors)
WARNING: gnat.dg/nested_controlled_alloc.adb compilation failed to produce executable
FAIL: gnat.dg/nested_return_test.adb (test for excess errors)
WARNING: gnat.dg/nested_return_test.adb compilation failed to produce executable
FAIL: gnat.dg/no_final.adb (test for excess errors)
WARNING: gnat.dg/no_final.adb compilation failed to produce executable
FAIL: gnat.dg/outer_agg_bitfield_constructor.adb (test for excess errors)
WARNING: gnat.dg/outer_agg_bitfield_constructor.adb compilation failed to produce executable
FAIL: gnat.dg/overriding_ops.adb (test for excess errors)
FAIL: gnat.dg/packed_subtype.adb (test for excess errors)
WARNING: gnat.dg/packed_subtype.adb compilation failed to produce executable
FAIL: gnat.dg/pointer_conversion.adb (test for excess errors)
WARNING: gnat.dg/pointer_conversion.adb compilation failed to produce executable
FAIL: gnat.dg/prefix1.adb (test for excess errors)
FAIL: gnat.dg/prefix2.adb (test for excess errors)
FAIL: gnat.dg/quote.adb (test for excess errors)
WARNING: gnat.dg/quote.adb compilation failed to produce executable
FAIL: gnat.dg/range_check.adb (test for excess errors)
WARNING: gnat.dg/range_check.adb compilation failed to produce executable
FAIL: gnat.dg/ref_type.adb (test for excess errors)
FAIL: gnat.dg/regpat1.adb (test for excess errors)
WARNING: gnat.dg/regpat1.adb compilation failed to produce executable
FAIL: gnat.dg/release_unc_maxalign.adb (test for excess errors)
WARNING: gnat.dg/release_unc_maxalign.adb compilation failed to produce executable
FAIL: gnat.dg/renaming2.adb (test for excess errors)
WARNING: gnat.dg/renaming2.adb compilation failed to produce executable
FAIL: gnat.dg/renaming3.adb (test for excess errors)
WARNING: gnat.dg/renaming3.adb compilation failed to produce executable
FAIL: gnat.dg/requeue1.adb (test for excess errors)
WARNING: gnat.dg/requeue1.adb compilation failed to produce executable
FAIL: gnat.dg/return1.adb (test for excess errors)
FAIL: gnat.dg/scalar_mode_agg_compare.adb (test for excess errors)
WARNING: gnat.dg/scalar_mode_agg_compare.adb compilation failed to produce executable
FAIL: gnat.dg/self_aggregate_with_array.adb (test for excess errors)
WARNING: gnat.dg/self_aggregate_with_array.adb compilation failed to produce executable
FAIL: gnat.dg/self_aggregate_with_call.adb (test for excess errors)
WARNING: gnat.dg/self_aggregate_with_call.adb compilation failed to produce executable
FAIL: gnat.dg/self_aggregate_with_pointer.adb (test for excess errors)
WARNING: gnat.dg/self_aggregate_with_pointer.adb compilation failed to produce executable
FAIL: gnat.dg/self_aggregate_with_zeros.adb (test for excess errors)
WARNING: gnat.dg/self_aggregate_with_zeros.adb compilation failed to produce executable
FAIL: gnat.dg/sizetype.adb (test for excess errors)
WARNING: gnat.dg/sizetype.adb compilation failed to produce executable
FAIL: gnat.dg/slice3.adb (test for excess errors)
WARNING: gnat.dg/slice3.adb compilation failed to produce executable
FAIL: gnat.dg/slice4.adb (test for excess errors)
WARNING: gnat.dg/slice4.adb compilation failed to produce executable
FAIL: gnat.dg/socket1.adb (test for excess errors)
WARNING: gnat.dg/socket1.adb compilation failed to produce executable
FAIL: gnat.dg/socket2.adb (test for excess errors)
WARNING: gnat.dg/socket2.adb compilation failed to produce executable
FAIL: gnat.dg/sort2.adb (test for excess errors)
WARNING: gnat.dg/sort2.adb compilation failed to produce executable
FAIL: gnat.dg/spipaterr.adb (test for excess errors)
WARNING: gnat.dg/spipaterr.adb compilation failed to produce executable
FAIL: gnat.dg/string_slice.adb (test for excess errors)
WARNING: gnat.dg/string_slice.adb compilation failed to produce executable
FAIL: gnat.dg/tag1.adb (test for excess errors)
WARNING: gnat.dg/tag1.adb compilation failed to produce executable
FAIL: gnat.dg/tagged_type_pkg.adb (test for excess errors)
FAIL: gnat.dg/tail_call.adb (test for excess errors)
WARNING: gnat.dg/tail_call.adb compilation failed to produce executable
FAIL: gnat.dg/task_name.adb (test for excess errors)
FAIL: gnat.dg/test_address_null_init.adb (test for excess errors)
WARNING: gnat.dg/test_address_null_init.adb compilation failed to produce executable
FAIL: gnat.dg/test_bounded.adb (test for excess errors)
WARNING: gnat.dg/test_bounded.adb compilation failed to produce executable
FAIL: gnat.dg/test_delay.adb (test for excess errors)
WARNING: gnat.dg/test_delay.adb compilation failed to produce executable
FAIL: gnat.dg/test_enum_io.adb (test for excess errors)
WARNING: gnat.dg/test_enum_io.adb compilation failed to produce executable
FAIL: gnat.dg/test_fixed_io.adb (test for excess errors)
WARNING: gnat.dg/test_fixed_io.adb compilation failed to produce executable
FAIL: gnat.dg/test_ifaces.adb (test for excess errors)
WARNING: gnat.dg/test_ifaces.adb compilation failed to produce executable
FAIL: gnat.dg/test_image.adb (test for excess errors)
WARNING: gnat.dg/test_image.adb compilation failed to produce executable
FAIL: gnat.dg/test_image_p.adb (test for excess errors)
FAIL: gnat.dg/test_nested_subtype_byref.adb (test for excess errors)
WARNING: gnat.dg/test_nested_subtype_byref.adb compilation failed to produce executable
FAIL: gnat.dg/test_oalign.adb (test for excess errors)
WARNING: gnat.dg/test_oalign.adb compilation failed to produce executable
FAIL: gnat.dg/test_prefix1.adb (test for excess errors)
WARNING: gnat.dg/test_prefix1.adb compilation failed to produce executable
FAIL: gnat.dg/test_prio.adb (test for excess errors)
WARNING: gnat.dg/test_prio.adb compilation failed to produce executable
FAIL: gnat.dg/test_self.adb (test for excess errors)
WARNING: gnat.dg/test_self.adb compilation failed to produce executable
FAIL: gnat.dg/test_self_ref.adb (test for excess errors)
WARNING: gnat.dg/test_self_ref.adb compilation failed to produce executable
FAIL: gnat.dg/test_table1.adb (test for excess errors)
WARNING: gnat.dg/test_table1.adb compilation failed to produce executable
FAIL: gnat.dg/test_tamdt.adb (test for excess errors)
WARNING: gnat.dg/test_tamdt.adb compilation failed to produce executable
FAIL: gnat.dg/tfren.adb (test for excess errors)
WARNING: gnat.dg/tfren.adb compilation failed to produce executable
FAIL: gnat.dg/timing_events.adb (test for excess errors)
WARNING: gnat.dg/timing_events.adb compilation failed to produce executable
FAIL: gnat.dg/unc_memfree.adb (test for excess errors)
WARNING: gnat.dg/unc_memfree.adb compilation failed to produce executable
FAIL: gnat.dg/unchecked_convert1.adb (test for excess errors)
WARNING: gnat.dg/unchecked_convert1.adb compilation failed to produce executable
FAIL: gnat.dg/unchecked_union1.adb (test for excess errors)
WARNING: gnat.dg/unchecked_union1.adb compilation failed to produce executable
FAIL: gnat.dg/valid1.adb (test for excess errors)
WARNING: gnat.dg/valid1.adb compilation failed to produce executable
FAIL: gnat.dg/warn1.adb (test for excess errors)
WARNING: gnat.dg/warn1.adb compilation failed to produce executable
FAIL: gnat.dg/wide_test.adb (test for excess errors)
WARNING: gnat.dg/wide_test.adb compilation failed to produce executable
FAIL: gnat.dg/specs/abstract_limited.ads (test for excess errors)
FAIL: gnat.dg/specs/ai_116.ads (test for excess errors)
FAIL: gnat.dg/specs/box1.ads (test for excess errors)
FAIL: gnat.dg/specs/controller.ads (test for excess errors)
FAIL: gnat.dg/specs/cpp1.ads (test for excess errors)
FAIL: gnat.dg/specs/double_record_extension1.ads (test for excess errors)
FAIL: gnat.dg/specs/double_record_extension2.ads (test for excess errors)
FAIL: gnat.dg/specs/elab1.ads (test for excess errors)
FAIL: gnat.dg/specs/gen_interface.ads (test for excess errors)
FAIL: gnat.dg/specs/limited1.ads (test for excess errors)
FAIL: gnat.dg/specs/preelab.ads (test for excess errors)
FAIL: gnat.dg/specs/private_with.ads (test for excess errors)
FAIL: gnat.dg/specs/tag1.ads (test for excess errors)

		=== gnat Summary for unix/-mabi=64 ===

# of expected passes		120
# of unexpected failures	134

		=== gnat Summary ===

# of expected passes		606
# of unexpected failures	239
		=== obj-c++ tests ===


Running target unix
WARNING: obj-c++.dg/lookup-2.mm compilation failed to produce executable
WARNING: obj-c++.dg/try-catch-2.mm compilation failed to produce executable
WARNING: obj-c++.dg/try-catch-9.mm compilation failed to produce executable

		=== obj-c++ Summary for unix ===

# of expected passes		437
# of expected failures		9
# of unsupported tests		13

Running target unix/-mabi=32
WARNING: obj-c++.dg/lookup-2.mm compilation failed to produce executable
WARNING: obj-c++.dg/try-catch-2.mm compilation failed to produce executable
WARNING: obj-c++.dg/try-catch-9.mm compilation failed to produce executable

		=== obj-c++ Summary for unix/-mabi=32 ===

# of expected passes		437
# of expected failures		9
# of unsupported tests		13

Running target unix/-mabi=64
WARNING: obj-c++.dg/lookup-2.mm compilation failed to produce executable
WARNING: obj-c++.dg/try-catch-2.mm compilation failed to produce executable
WARNING: obj-c++.dg/try-catch-9.mm compilation failed to produce executable

		=== obj-c++ Summary for unix/-mabi=64 ===

# of expected passes		423
# of expected failures		23
# of unsupported tests		13

		=== obj-c++ Summary ===

# of expected passes		1297
# of expected failures		41
# of unsupported tests		39
/usr/people/tgc/build/athena-buildpkg/buildpkg/gcc43/src/all_gas/gcc/testsuite/obj-c++/../../g++  version 4.3.0 (GCC) 

		=== objc tests ===


Running target unix
FAIL: objc.dg/stabs-1.m scan-assembler (.SUBSPA.*[\$]CODE[\$]|.text"?)\\n\\t.stabs.*100,0,0,([.\$])?L?L[\$]?etext[0-9]*\\n([.\$])?L?L[\$]?etext
WARNING: Could not compile objc.dg/gnu-encoding/struct-layout-encoding-1 generator

		=== objc Summary for unix ===

# of expected passes		1756
# of unexpected failures	1
# of unsupported tests		24

Running target unix/-mabi=32
FAIL: objc.dg/stabs-1.m scan-assembler (.SUBSPA.*[\$]CODE[\$]|.text"?)\\n\\t.stabs.*100,0,0,([.\$])?L?L[\$]?etext[0-9]*\\n([.\$])?L?L[\$]?etext
WARNING: Could not compile objc.dg/gnu-encoding/struct-layout-encoding-1 generator

		=== objc Summary for unix/-mabi=32 ===

# of expected passes		1756
# of unexpected failures	1
# of unsupported tests		24

Running target unix/-mabi=64
FAIL: objc.dg/stabs-1.m scan-assembler (.SUBSPA.*[\$]CODE[\$]|.text"?)\\n\\t.stabs.*100,0,0,([.\$])?L?L[\$]?etext[0-9]*\\n([.\$])?L?L[\$]?etext
WARNING: Could not compile objc.dg/gnu-encoding/struct-layout-encoding-1 generator

		=== objc Summary for unix/-mabi=64 ===

# of expected passes		1756
# of unexpected failures	1
# of unsupported tests		24

		=== objc Summary ===

# of expected passes		5268
# of unexpected failures	3
# of unsupported tests		72
/usr/people/tgc/build/athena-buildpkg/buildpkg/gcc43/src/all_gas/gcc/xgcc  version 4.3.0 (GCC) 

		=== libgomp tests ===


Running target unix
WARNING: program timed out.
FAIL: libgomp.c/appendix-a/a.18.1.c execution test
WARNING: program timed out.
FAIL: libgomp.fortran/appendix-a/a.18.1.f90  -O3 -fomit-frame-pointer -funroll-loops  execution test
FAIL: libgomp.fortran/condinc2.f  -O  execution test
FAIL: libgomp.fortran/condinc4.f90  -O  execution test
FAIL: libgomp.fortran/crayptr2.f90  -O0  (test for excess errors)
WARNING: libgomp.fortran/crayptr2.f90  -O0  compilation failed to produce executable
FAIL: libgomp.fortran/crayptr2.f90  -O1  (test for excess errors)
WARNING: libgomp.fortran/crayptr2.f90  -O1  compilation failed to produce executable
FAIL: libgomp.fortran/crayptr2.f90  -O2  (test for excess errors)
WARNING: libgomp.fortran/crayptr2.f90  -O2  compilation failed to produce executable
FAIL: libgomp.fortran/crayptr2.f90  -O3 -fomit-frame-pointer  (test for excess errors)
WARNING: libgomp.fortran/crayptr2.f90  -O3 -fomit-frame-pointer  compilation failed to produce executable
FAIL: libgomp.fortran/crayptr2.f90  -O3 -fomit-frame-pointer -funroll-loops  (test for excess errors)
WARNING: libgomp.fortran/crayptr2.f90  -O3 -fomit-frame-pointer -funroll-loops  compilation failed to produce executable
FAIL: libgomp.fortran/crayptr2.f90  -O3 -fomit-frame-pointer -funroll-all-loops -finline-functions  (test for excess errors)
WARNING: libgomp.fortran/crayptr2.f90  -O3 -fomit-frame-pointer -funroll-all-loops -finline-functions  compilation failed to produce executable
FAIL: libgomp.fortran/crayptr2.f90  -O3 -g  (test for excess errors)
WARNING: libgomp.fortran/crayptr2.f90  -O3 -g  compilation failed to produce executable
FAIL: libgomp.fortran/crayptr2.f90  -Os  (test for excess errors)
WARNING: libgomp.fortran/crayptr2.f90  -Os  compilation failed to produce executable
FAIL: libgomp.fortran/omp_cond2.f  -O  execution test
FAIL: libgomp.fortran/omp_cond4.F90  -O  execution test
FAIL: libgomp.fortran/pr32550.f90  -O0  (test for excess errors)
WARNING: libgomp.fortran/pr32550.f90  -O0  compilation failed to produce executable
FAIL: libgomp.fortran/pr32550.f90  -O1  (test for excess errors)
WARNING: libgomp.fortran/pr32550.f90  -O1  compilation failed to produce executable
FAIL: libgomp.fortran/pr32550.f90  -O2  (test for excess errors)
WARNING: libgomp.fortran/pr32550.f90  -O2  compilation failed to produce executable
FAIL: libgomp.fortran/pr32550.f90  -O3 -fomit-frame-pointer  (test for excess errors)
WARNING: libgomp.fortran/pr32550.f90  -O3 -fomit-frame-pointer  compilation failed to produce executable
FAIL: libgomp.fortran/pr32550.f90  -O3 -fomit-frame-pointer -funroll-loops  (test for excess errors)
WARNING: libgomp.fortran/pr32550.f90  -O3 -fomit-frame-pointer -funroll-loops  compilation failed to produce executable
FAIL: libgomp.fortran/pr32550.f90  -O3 -fomit-frame-pointer -funroll-all-loops -finline-functions  (test for excess errors)
WARNING: libgomp.fortran/pr32550.f90  -O3 -fomit-frame-pointer -funroll-all-loops -finline-functions  compilation failed to produce executable
FAIL: libgomp.fortran/pr32550.f90  -O3 -g  (test for excess errors)
WARNING: libgomp.fortran/pr32550.f90  -O3 -g  compilation failed to produce executable
FAIL: libgomp.fortran/pr32550.f90  -Os  (test for excess errors)
WARNING: libgomp.fortran/pr32550.f90  -Os  compilation failed to produce executable
FAIL: libgomp.fortran/reference1.f90  -O1  execution test
FAIL: libgomp.fortran/reference1.f90  -Os  execution test

		=== libgomp Summary for unix ===

# of expected passes		1427
# of unexpected failures	24
# of unsupported tests		116

Running target unix/-mabi=32
WARNING: program timed out.
FAIL: libgomp.c/appendix-a/a.18.1.c execution test
WARNING: program timed out.
FAIL: libgomp.fortran/appendix-a/a.18.1.f90  -O3 -fomit-frame-pointer -funroll-loops  execution test
FAIL: libgomp.fortran/condinc2.f  -O  execution test
FAIL: libgomp.fortran/condinc4.f90  -O  execution test
FAIL: libgomp.fortran/crayptr2.f90  -O0  (test for excess errors)
WARNING: libgomp.fortran/crayptr2.f90  -O0  compilation failed to produce executable
FAIL: libgomp.fortran/crayptr2.f90  -O1  (test for excess errors)
WARNING: libgomp.fortran/crayptr2.f90  -O1  compilation failed to produce executable
FAIL: libgomp.fortran/crayptr2.f90  -O2  (test for excess errors)
WARNING: libgomp.fortran/crayptr2.f90  -O2  compilation failed to produce executable
FAIL: libgomp.fortran/crayptr2.f90  -O3 -fomit-frame-pointer  (test for excess errors)
WARNING: libgomp.fortran/crayptr2.f90  -O3 -fomit-frame-pointer  compilation failed to produce executable
FAIL: libgomp.fortran/crayptr2.f90  -O3 -fomit-frame-pointer -funroll-loops  (test for excess errors)
WARNING: libgomp.fortran/crayptr2.f90  -O3 -fomit-frame-pointer -funroll-loops  compilation failed to produce executable
FAIL: libgomp.fortran/crayptr2.f90  -O3 -fomit-frame-pointer -funroll-all-loops -finline-functions  (test for excess errors)
WARNING: libgomp.fortran/crayptr2.f90  -O3 -fomit-frame-pointer -funroll-all-loops -finline-functions  compilation failed to produce executable
FAIL: libgomp.fortran/crayptr2.f90  -O3 -g  (test for excess errors)
WARNING: libgomp.fortran/crayptr2.f90  -O3 -g  compilation failed to produce executable
FAIL: libgomp.fortran/crayptr2.f90  -Os  (test for excess errors)
WARNING: libgomp.fortran/crayptr2.f90  -Os  compilation failed to produce executable
FAIL: libgomp.fortran/omp_cond2.f  -O  execution test
FAIL: libgomp.fortran/omp_cond4.F90  -O  execution test
FAIL: libgomp.fortran/pr32550.f90  -O0  (test for excess errors)
WARNING: libgomp.fortran/pr32550.f90  -O0  compilation failed to produce executable
FAIL: libgomp.fortran/pr32550.f90  -O1  (test for excess errors)
WARNING: libgomp.fortran/pr32550.f90  -O1  compilation failed to produce executable
FAIL: libgomp.fortran/pr32550.f90  -O2  (test for excess errors)
WARNING: libgomp.fortran/pr32550.f90  -O2  compilation failed to produce executable
FAIL: libgomp.fortran/pr32550.f90  -O3 -fomit-frame-pointer  (test for excess errors)
WARNING: libgomp.fortran/pr32550.f90  -O3 -fomit-frame-pointer  compilation failed to produce executable
FAIL: libgomp.fortran/pr32550.f90  -O3 -fomit-frame-pointer -funroll-loops  (test for excess errors)
WARNING: libgomp.fortran/pr32550.f90  -O3 -fomit-frame-pointer -funroll-loops  compilation failed to produce executable
FAIL: libgomp.fortran/pr32550.f90  -O3 -fomit-frame-pointer -funroll-all-loops -finline-functions  (test for excess errors)
WARNING: libgomp.fortran/pr32550.f90  -O3 -fomit-frame-pointer -funroll-all-loops -finline-functions  compilation failed to produce executable
FAIL: libgomp.fortran/pr32550.f90  -O3 -g  (test for excess errors)
WARNING: libgomp.fortran/pr32550.f90  -O3 -g  compilation failed to produce executable
FAIL: libgomp.fortran/pr32550.f90  -Os  (test for excess errors)
WARNING: libgomp.fortran/pr32550.f90  -Os  compilation failed to produce executable
FAIL: libgomp.fortran/reference1.f90  -O1  execution test
FAIL: libgomp.fortran/reference1.f90  -Os  execution test

		=== libgomp Summary for unix/-mabi=32 ===

# of expected passes		1427
# of unexpected failures	24
# of unsupported tests		116

Running target unix/-mabi=64
WARNING: program timed out.
FAIL: libgomp.c/appendix-a/a.18.1.c execution test
WARNING: program timed out.
FAIL: libgomp.fortran/appendix-a/a.18.1.f90  -O3 -fomit-frame-pointer -funroll-loops  execution test
FAIL: libgomp.fortran/condinc2.f  -O  execution test
FAIL: libgomp.fortran/condinc4.f90  -O  execution test
FAIL: libgomp.fortran/crayptr2.f90  -O0  (test for excess errors)
WARNING: libgomp.fortran/crayptr2.f90  -O0  compilation failed to produce executable
FAIL: libgomp.fortran/crayptr2.f90  -O1  (test for excess errors)
WARNING: libgomp.fortran/crayptr2.f90  -O1  compilation failed to produce executable
FAIL: libgomp.fortran/crayptr2.f90  -O2  (test for excess errors)
WARNING: libgomp.fortran/crayptr2.f90  -O2  compilation failed to produce executable
FAIL: libgomp.fortran/crayptr2.f90  -O3 -fomit-frame-pointer  (test for excess errors)
WARNING: libgomp.fortran/crayptr2.f90  -O3 -fomit-frame-pointer  compilation failed to produce executable
FAIL: libgomp.fortran/crayptr2.f90  -O3 -fomit-frame-pointer -funroll-loops  (test for excess errors)
WARNING: libgomp.fortran/crayptr2.f90  -O3 -fomit-frame-pointer -funroll-loops  compilation failed to produce executable
FAIL: libgomp.fortran/crayptr2.f90  -O3 -fomit-frame-pointer -funroll-all-loops -finline-functions  (test for excess errors)
WARNING: libgomp.fortran/crayptr2.f90  -O3 -fomit-frame-pointer -funroll-all-loops -finline-functions  compilation failed to produce executable
FAIL: libgomp.fortran/crayptr2.f90  -O3 -g  (test for excess errors)
WARNING: libgomp.fortran/crayptr2.f90  -O3 -g  compilation failed to produce executable
FAIL: libgomp.fortran/crayptr2.f90  -Os  (test for excess errors)
WARNING: libgomp.fortran/crayptr2.f90  -Os  compilation failed to produce executable
FAIL: libgomp.fortran/omp_cond2.f  -O  execution test
FAIL: libgomp.fortran/omp_cond4.F90  -O  execution test
FAIL: libgomp.fortran/pr32550.f90  -O0  (test for excess errors)
WARNING: libgomp.fortran/pr32550.f90  -O0  compilation failed to produce executable
FAIL: libgomp.fortran/pr32550.f90  -O1  (test for excess errors)
WARNING: libgomp.fortran/pr32550.f90  -O1  compilation failed to produce executable
FAIL: libgomp.fortran/pr32550.f90  -O2  (test for excess errors)
WARNING: libgomp.fortran/pr32550.f90  -O2  compilation failed to produce executable
FAIL: libgomp.fortran/pr32550.f90  -O3 -fomit-frame-pointer  (test for excess errors)
WARNING: libgomp.fortran/pr32550.f90  -O3 -fomit-frame-pointer  compilation failed to produce executable
FAIL: libgomp.fortran/pr32550.f90  -O3 -fomit-frame-pointer -funroll-loops  (test for excess errors)
WARNING: libgomp.fortran/pr32550.f90  -O3 -fomit-frame-pointer -funroll-loops  compilation failed to produce executable
FAIL: libgomp.fortran/pr32550.f90  -O3 -fomit-frame-pointer -funroll-all-loops -finline-functions  (test for excess errors)
WARNING: libgomp.fortran/pr32550.f90  -O3 -fomit-frame-pointer -funroll-all-loops -finline-functions  compilation failed to produce executable
FAIL: libgomp.fortran/pr32550.f90  -O3 -g  (test for excess errors)
WARNING: libgomp.fortran/pr32550.f90  -O3 -g  compilation failed to produce executable
FAIL: libgomp.fortran/pr32550.f90  -Os  (test for excess errors)
WARNING: libgomp.fortran/pr32550.f90  -Os  compilation failed to produce executable
FAIL: libgomp.fortran/reference1.f90  -O1  execution test
FAIL: libgomp.fortran/reference1.f90  -Os  execution test

		=== libgomp Summary for unix/-mabi=64 ===

# of expected passes		1427
# of unexpected failures	24
# of unsupported tests		116

		=== libgomp Summary ===

# of expected passes		4281
# of unexpected failures	72
# of unsupported tests		348
		=== libstdc++ tests ===


Running target unix
FAIL: 18_support/numeric_limits/epsilon.cc execution test
FAIL: 18_support/uncaught_exception/14026.cc execution test
FAIL: 19_diagnostics/logic_error/what-2.cc execution test
FAIL: 19_diagnostics/runtime_error/what-2.cc execution test
FAIL: 20_util/allocator/8230.cc execution test
FAIL: 20_util/shared_ptr/thread/default_weaktoshared.cc execution test
FAIL: 20_util/shared_ptr/thread/mutex_weaktoshared.cc execution test
FAIL: 21_strings/basic_string/append/char/1.cc execution test
FAIL: 21_strings/basic_string/cons/char/1.cc execution test
FAIL: 21_strings/basic_string/cons/char/3.cc execution test
FAIL: 21_strings/basic_string/element_access/char/1.cc execution test
FAIL: 21_strings/basic_string/insert/char/1.cc execution test
FAIL: 21_strings/basic_string/inserters_extractors/char/10.cc execution test
FAIL: 21_strings/basic_string/inserters_extractors/char/11.cc execution test
FAIL: 21_strings/basic_string/inserters_extractors/char/5.cc execution test
FAIL: 21_strings/basic_string/inserters_extractors/pod/10081-in.cc execution test
FAIL: 21_strings/basic_string/inserters_extractors/pod/10081-out.cc execution test
FAIL: 21_strings/basic_string/substr/char/1.cc execution test
FAIL: 22_locale/facet/25421.cc execution test
FAIL: 22_locale/global_templates/1.cc execution test
FAIL: 22_locale/num_put/put/char/12.cc execution test
FAIL: 22_locale/numpunct/members/pod/2.cc execution test
FAIL: 23_containers/bitset/cons/1.cc execution test
FAIL: 23_containers/bitset/cons/6282.cc execution test
FAIL: 23_containers/bitset/input/1.cc execution test
FAIL: 23_containers/bitset/test/1.cc execution test
FAIL: 23_containers/bitset/to_ulong/1.cc execution test
FAIL: 23_containers/deque/capacity/29134-2.cc execution test
FAIL: 23_containers/deque/cons/2.cc execution test
FAIL: 23_containers/deque/modifiers/swap/2.cc execution test
FAIL: 23_containers/deque/modifiers/swap/3.cc execution test
FAIL: 23_containers/list/modifiers/3.cc execution test
FAIL: 23_containers/list/modifiers/insert/25288.cc execution test
FAIL: 23_containers/list/modifiers/swap/2.cc execution test
FAIL: 23_containers/list/modifiers/swap/3.cc execution test
FAIL: 23_containers/list/operators/5.cc execution test
FAIL: 23_containers/map/element_access/1.cc execution test
FAIL: 23_containers/map/modifiers/swap/2.cc execution test
FAIL: 23_containers/map/modifiers/swap/3.cc execution test
FAIL: 23_containers/multimap/modifiers/swap/2.cc execution test
FAIL: 23_containers/multimap/modifiers/swap/3.cc execution test
FAIL: 23_containers/multiset/modifiers/swap/2.cc execution test
FAIL: 23_containers/multiset/modifiers/swap/3.cc execution test
FAIL: 23_containers/set/modifiers/swap/2.cc execution test
FAIL: 23_containers/set/modifiers/swap/3.cc execution test
FAIL: 23_containers/unordered_map/moveable.cc execution test
FAIL: 23_containers/unordered_map/requirements/citerators.cc execution test
FAIL: 23_containers/unordered_multimap/moveable.cc execution test
FAIL: 23_containers/unordered_multimap/requirements/citerators.cc execution test
FAIL: 23_containers/unordered_multiset/moveable.cc execution test
FAIL: 23_containers/unordered_multiset/requirements/citerators.cc execution test
FAIL: 23_containers/unordered_set/moveable.cc execution test
FAIL: 23_containers/unordered_set/requirements/citerators.cc execution test
WARNING: program timed out.
FAIL: 23_containers/vector/bool/modifiers/insert/31370.cc execution test
FAIL: 23_containers/vector/bool/modifiers/swap/1.cc execution test
FAIL: 23_containers/vector/bool/modifiers/swap/2.cc execution test
FAIL: 23_containers/vector/capacity/2.cc execution test
FAIL: 23_containers/vector/capacity/29134-2.cc execution test
FAIL: 23_containers/vector/capacity/8230.cc execution test
FAIL: 23_containers/vector/cons/4.cc execution test
FAIL: 23_containers/vector/element_access/1.cc execution test
FAIL: 23_containers/vector/modifiers/insert/1.cc execution test
FAIL: 23_containers/vector/modifiers/swap/2.cc execution test
FAIL: 23_containers/vector/modifiers/swap/3.cc execution test
FAIL: 23_containers/vector/resize/1.cc execution test
FAIL: 25_algorithms/copy/streambuf_iterators/char/4.cc execution test
FAIL: 25_algorithms/find/istreambuf_iterators/char/2.cc execution test
FAIL: 26_numerics/complex/inserters_extractors/char/1.cc execution test
FAIL: 27_io/basic_filebuf/close/12790-1.cc execution test
FAIL: 27_io/basic_filebuf/close/char/1.cc execution test
FAIL: 27_io/basic_filebuf/close/char/2.cc execution test
FAIL: 27_io/basic_filebuf/close/char/4879.cc execution test
FAIL: 27_io/basic_filebuf/close/char/9964.cc execution test
FAIL: 27_io/basic_filebuf/cons/2020.cc execution test
FAIL: 27_io/basic_filebuf/imbue/12206.cc execution test
FAIL: 27_io/basic_filebuf/is_open/char/1.cc execution test
FAIL: 27_io/basic_filebuf/open/12790-1.cc execution test
FAIL: 27_io/basic_filebuf/open/char/1.cc execution test
FAIL: 27_io/basic_filebuf/open/char/3.cc execution test
FAIL: 27_io/basic_filebuf/open/char/4.cc execution test
FAIL: 27_io/basic_filebuf/overflow/char/13858.cc execution test
FAIL: 27_io/basic_filebuf/overflow/char/9169.cc execution test
FAIL: 27_io/basic_filebuf/overflow/char/9182-2.cc execution test
FAIL: 27_io/basic_filebuf/pbackfail/char/9761.cc execution test
FAIL: 27_io/basic_filebuf/seekoff/10132-2.cc execution test
FAIL: 27_io/basic_filebuf/seekoff/12790-1.cc execution test
FAIL: 27_io/basic_filebuf/seekoff/12790-2.cc execution test
FAIL: 27_io/basic_filebuf/seekoff/12790-3.cc execution test
FAIL: 27_io/basic_filebuf/seekoff/12790-4.cc execution test
FAIL: 27_io/basic_filebuf/seekoff/char/11543.cc execution test
FAIL: 27_io/basic_filebuf/seekpos/10132-3.cc execution test
FAIL: 27_io/basic_filebuf/seekpos/12790-1.cc execution test
FAIL: 27_io/basic_filebuf/seekpos/12790-2.cc execution test
FAIL: 27_io/basic_filebuf/seekpos/12790-3.cc execution test
FAIL: 27_io/basic_filebuf/sgetn/char/1-in.cc execution test
FAIL: 27_io/basic_filebuf/sgetn/char/1-io.cc execution test
FAIL: 27_io/basic_filebuf/sgetn/char/2-in.cc execution test
FAIL: 27_io/basic_filebuf/sgetn/char/2-io.cc execution test
FAIL: 27_io/basic_filebuf/showmanyc/char/9533-1.cc execution test
FAIL: 27_io/basic_filebuf/sputbackc/char/1-in.cc execution test
FAIL: 27_io/basic_filebuf/sputbackc/char/2-in.cc execution test
FAIL: 27_io/basic_filebuf/sync/char/9182-1.cc execution test
FAIL: 27_io/basic_filebuf/underflow/10096.cc execution test
FAIL: 27_io/basic_filebuf/underflow/char/3.cc execution test
FAIL: 27_io/basic_fstream/cons/3.cc execution test
FAIL: 27_io/basic_fstream/rdbuf/char/2832.cc execution test
FAIL: 27_io/basic_ifstream/cons/2020.cc execution test
FAIL: 27_io/basic_ifstream/cons/char/1.cc execution test
FAIL: 27_io/basic_ifstream/open/char/1.cc execution test
FAIL: 27_io/basic_ifstream/rdbuf/char/2832.cc execution test
FAIL: 27_io/basic_ios/cons/char/3.cc execution test
FAIL: 27_io/basic_ios/copyfmt/char/1.cc execution test
FAIL: 27_io/basic_ios/exceptions/char/1.cc execution test
FAIL: 27_io/basic_ios/exceptions/char/2.cc execution test
FAIL: 27_io/basic_ios/imbue/14072.cc execution test
FAIL: 27_io/basic_istream/exceptions/char/9561.cc execution test
FAIL: 27_io/basic_istream/extractors_arithmetic/char/exceptions_badbit_throw.cc execution test
FAIL: 27_io/basic_istream/extractors_arithmetic/char/exceptions_failbit.cc execution test
FAIL: 27_io/basic_istream/extractors_arithmetic/char/exceptions_failbit_throw.cc execution test
FAIL: 27_io/basic_istream/extractors_arithmetic/pod/3983-1.cc execution test
FAIL: 27_io/basic_istream/extractors_character/char/4.cc execution test
FAIL: 27_io/basic_istream/extractors_character/pod/3983-2.cc execution test
FAIL: 27_io/basic_istream/extractors_other/char/2.cc execution test
FAIL: 27_io/basic_istream/extractors_other/char/error_failbit.cc execution test
FAIL: 27_io/basic_istream/extractors_other/char/exceptions_badbit_throw.cc execution test
FAIL: 27_io/basic_istream/extractors_other/char/exceptions_failbit_throw.cc execution test
FAIL: 27_io/basic_istream/extractors_other/char/exceptions_null.cc execution test
FAIL: 27_io/basic_istream/extractors_other/pod/3983-3.cc execution test
FAIL: 27_io/basic_istream/get/char/2.cc execution test
FAIL: 27_io/basic_istream/getline/char/5.cc execution test
FAIL: 27_io/basic_istream/ignore/char/2.cc execution test
FAIL: 27_io/basic_istream/ignore/char/3.cc execution test
FAIL: 27_io/basic_istream/peek/char/6414.cc execution test
FAIL: 27_io/basic_istream/readsome/char/6746-2.cc execution test
FAIL: 27_io/basic_istream/seekg/char/exceptions_badbit_throw.cc execution test
FAIL: 27_io/basic_istream/seekg/char/fstream.cc execution test
FAIL: 27_io/basic_istream/seekg/char/sstream.cc execution test
FAIL: 27_io/basic_istream/sentry/char/12297.cc execution test
FAIL: 27_io/basic_istream/sentry/pod/1.cc execution test
FAIL: 27_io/basic_istream/tellg/char/1.cc execution test
FAIL: 27_io/basic_istream/tellg/char/exceptions_badbit_throw.cc execution test
FAIL: 27_io/basic_istream/tellg/char/fstream.cc execution test
FAIL: 27_io/basic_istream/tellg/char/sstream.cc execution test
FAIL: 27_io/basic_ofstream/cons/2020.cc execution test
FAIL: 27_io/basic_ofstream/cons/char/2.cc execution test
FAIL: 27_io/basic_ofstream/open/char/1.cc execution test
FAIL: 27_io/basic_ofstream/rdbuf/char/2832.cc execution test
FAIL: 27_io/basic_ostream/exceptions/char/9561.cc execution test
FAIL: 27_io/basic_ostream/flush/char/exceptions_badbit_throw.cc execution test
FAIL: 27_io/basic_ostream/inserters_arithmetic/char/9555-oa.cc execution test
FAIL: 27_io/basic_ostream/inserters_arithmetic/char/exceptions_badbit_throw.cc execution test
FAIL: 27_io/basic_ostream/inserters_arithmetic/char/exceptions_failbit_throw.cc execution test
FAIL: 27_io/basic_ostream/inserters_arithmetic/pod/23875.cc execution test
FAIL: 27_io/basic_ostream/inserters_character/char/1.cc execution test
FAIL: 27_io/basic_ostream/inserters_character/char/9555-oc.cc execution test
FAIL: 27_io/basic_ostream/inserters_other/char/1.cc execution test
FAIL: 27_io/basic_ostream/inserters_other/char/2.cc execution test
FAIL: 27_io/basic_ostream/inserters_other/char/5.cc execution test
FAIL: 27_io/basic_ostream/inserters_other/char/error_failbit.cc execution test
FAIL: 27_io/basic_ostream/inserters_other/char/exceptions_badbit_throw.cc execution test
FAIL: 27_io/basic_ostream/inserters_other/char/exceptions_failbit_throw.cc execution test
FAIL: 27_io/basic_ostream/inserters_other/char/exceptions_null.cc execution test
FAIL: 27_io/basic_ostream/put/char/1.cc execution test
FAIL: 27_io/basic_ostream/seekp/char/2346-fstream.cc execution test
FAIL: 27_io/basic_ostream/seekp/char/exceptions_badbit_throw.cc execution test
FAIL: 27_io/basic_ostream/sentry/pod/1.cc execution test
FAIL: 27_io/basic_ostream/tellp/char/1.cc execution test
FAIL: 27_io/basic_ostream/tellp/char/exceptions_badbit_throw.cc execution test
FAIL: 27_io/basic_ostream/write/char/1.cc execution test
FAIL: 27_io/ios_base/failure/what-2.cc execution test
FAIL: 27_io/ios_base/storage/11584.cc execution test
FAIL: 27_io/ios_base/storage/2.cc execution test
FAIL: abi/demangle/cxx0x/rref.cc execution test
FAIL: ext/array_allocator/check_allocate_max_size.cc execution test
FAIL: ext/bitmap_allocator/check_allocate_max_size.cc execution test
FAIL: ext/debug_allocator/check_deallocate_null.cc execution test
FAIL: ext/malloc_allocator/check_allocate_max_size.cc execution test
FAIL: ext/mt_allocator/check_allocate_big_per_type.cc execution test
FAIL: ext/mt_allocator/check_allocate_max_size.cc execution test
FAIL: ext/mt_allocator/check_deallocate_null_thread.cc execution test
FAIL: ext/mt_allocator/check_delete.cc execution test
FAIL: ext/mt_allocator/check_new.cc execution test
FAIL: ext/mt_allocator/deallocate_global_thread-1.cc execution test
FAIL: ext/mt_allocator/deallocate_global_thread-3.cc execution test
FAIL: ext/mt_allocator/deallocate_local_thread-1.cc execution test
FAIL: ext/mt_allocator/deallocate_local_thread-3.cc execution test
FAIL: ext/mt_allocator/tune-1.cc execution test
FAIL: ext/mt_allocator/tune-2.cc execution test
FAIL: ext/mt_allocator/tune-3.cc execution test
FAIL: ext/mt_allocator/tune-4.cc execution test
FAIL: ext/mt_allocator/variadic_construct.cc execution test
FAIL: ext/new_allocator/check_allocate_max_size.cc execution test
FAIL: ext/pb_ds/example/hash_illegal_resize.cc execution test
FAIL: ext/pb_ds/example/tree_join.cc execution test
FAIL: ext/pb_ds/regression/hash_data_map_rand.cc execution test
FAIL: ext/pb_ds/regression/hash_no_data_map_rand.cc execution test
FAIL: ext/pb_ds/regression/list_update_data_map_rand.cc execution test
FAIL: ext/pb_ds/regression/list_update_no_data_map_rand.cc execution test
FAIL: ext/pb_ds/regression/priority_queue_rand.cc execution test
WARNING: program timed out.
FAIL: ext/pb_ds/regression/tree_data_map_rand.cc (test for excess errors)
WARNING: ext/pb_ds/regression/tree_data_map_rand.cc compilation failed to produce executable
WARNING: program timed out.
FAIL: ext/pb_ds/regression/tree_no_data_map_rand.cc (test for excess errors)
WARNING: ext/pb_ds/regression/tree_no_data_map_rand.cc compilation failed to produce executable
FAIL: ext/pb_ds/regression/trie_data_map_rand.cc execution test
FAIL: ext/pb_ds/regression/trie_no_data_map_rand.cc execution test
FAIL: ext/pool_allocator/allocate_chunk.cc execution test
FAIL: ext/pool_allocator/check_allocate_max_size.cc execution test
FAIL: ext/stdio_filebuf/char/10063-1.cc execution test
FAIL: ext/stdio_filebuf/char/10063-2.cc execution test
FAIL: ext/stdio_filebuf/char/2.cc execution test
FAIL: ext/throw_allocator/check_allocate_max_size.cc execution test
FAIL: ext/throw_allocator/check_deallocate_null.cc execution test
FAIL: thread/18185.cc execution test
FAIL: thread/pthread2.cc execution test
FAIL: tr1/2_general_utilities/enable_shared_from_this/not_shared.cc execution test
FAIL: tr1/2_general_utilities/enable_shared_from_this/not_shared2.cc execution test
FAIL: tr1/2_general_utilities/enable_shared_from_this/not_shared3.cc execution test
FAIL: tr1/2_general_utilities/shared_ptr/thread/default_weaktoshared.cc execution test
FAIL: tr1/2_general_utilities/shared_ptr/thread/mutex_weaktoshared.cc execution test
FAIL: tr1/3_function_objects/function/1.cc execution test
FAIL: tr1/6_containers/array/element_access/at_out_of_range.cc execution test
FAIL: tr1/6_containers/hash/operators/size_t.cc execution test
FAIL: tr1/6_containers/unordered_map/24064.cc execution test
FAIL: tr1/6_containers/unordered_map/capacity/29134-map.cc execution test
FAIL: tr1/6_containers/unordered_map/erase/1.cc execution test
FAIL: tr1/6_containers/unordered_map/erase/24061-map.cc execution test
FAIL: tr1/6_containers/unordered_map/find/map1.cc execution test
FAIL: tr1/6_containers/unordered_map/insert/24061-map.cc execution test
FAIL: tr1/6_containers/unordered_map/insert/array_syntax.cc execution test
FAIL: tr1/6_containers/unordered_map/insert/map_range.cc execution test
FAIL: tr1/6_containers/unordered_map/insert/map_single.cc execution test
FAIL: tr1/6_containers/unordered_map/swap/1.cc execution test
FAIL: tr1/6_containers/unordered_map/swap/2.cc execution test
FAIL: tr1/6_containers/unordered_multimap/capacity/29134-multimap.cc execution test
FAIL: tr1/6_containers/unordered_multimap/erase/1.cc execution test
FAIL: tr1/6_containers/unordered_multimap/erase/24061-multimap.cc execution test
FAIL: tr1/6_containers/unordered_multimap/find/multimap1.cc execution test
FAIL: tr1/6_containers/unordered_multimap/insert/24061-multimap.cc execution test
FAIL: tr1/6_containers/unordered_multimap/insert/multimap_range.cc execution test
FAIL: tr1/6_containers/unordered_multimap/insert/multimap_single.cc execution test
FAIL: tr1/6_containers/unordered_multimap/swap/1.cc execution test
FAIL: tr1/6_containers/unordered_multimap/swap/2.cc execution test
FAIL: tr1/6_containers/unordered_multiset/24054.cc execution test
FAIL: tr1/6_containers/unordered_multiset/capacity/29134-multiset.cc execution test
FAIL: tr1/6_containers/unordered_multiset/erase/1.cc execution test
FAIL: tr1/6_containers/unordered_multiset/erase/24061-multiset.cc execution test
FAIL: tr1/6_containers/unordered_multiset/find/multiset1.cc execution test
FAIL: tr1/6_containers/unordered_multiset/insert/24061-multiset.cc execution test
FAIL: tr1/6_containers/unordered_multiset/insert/multiset_range.cc execution test
FAIL: tr1/6_containers/unordered_multiset/insert/multiset_single.cc execution test
FAIL: tr1/6_containers/unordered_multiset/swap/1.cc execution test
FAIL: tr1/6_containers/unordered_multiset/swap/2.cc execution test
FAIL: tr1/6_containers/unordered_set/23465.cc execution test
FAIL: tr1/6_containers/unordered_set/26132.cc execution test
FAIL: tr1/6_containers/unordered_set/capacity/29134-set.cc execution test
FAIL: tr1/6_containers/unordered_set/erase/1.cc execution test
FAIL: tr1/6_containers/unordered_set/erase/24061-set.cc execution test
FAIL: tr1/6_containers/unordered_set/find/set1.cc execution test
FAIL: tr1/6_containers/unordered_set/insert/24061-set.cc execution test
FAIL: tr1/6_containers/unordered_set/insert/set_range.cc execution test
FAIL: tr1/6_containers/unordered_set/insert/set_single.cc execution test
FAIL: tr1/6_containers/unordered_set/swap/1.cc execution test
FAIL: tr1/6_containers/unordered_set/swap/2.cc execution test

		=== libstdc++ Summary for unix ===

# of expected passes		3763
# of unexpected failures	261
# of expected failures		55
# of unsupported tests		198

Running target unix/-mabi=32
FAIL: 18_support/exception/what.cc (test for excess errors)
WARNING: 18_support/exception/what.cc compilation failed to produce executable
WARNING: program timed out.
FAIL: ext/pb_ds/regression/tree_data_map_rand.cc (test for excess errors)
WARNING: ext/pb_ds/regression/tree_data_map_rand.cc compilation failed to produce executable
WARNING: program timed out.
FAIL: ext/pb_ds/regression/tree_no_data_map_rand.cc (test for excess errors)
WARNING: ext/pb_ds/regression/tree_no_data_map_rand.cc compilation failed to produce executable

		=== libstdc++ Summary for unix/-mabi=32 ===

# of expected passes		4020
# of unexpected failures	3
# of expected failures		55
# of unsupported tests		198

Running target unix/-mabi=64
FAIL: 18_support/numeric_limits/epsilon.cc execution test
FAIL: 27_io/basic_filebuf/sgetn/char/1-in.cc execution test
FAIL: 27_io/basic_filebuf/sgetn/char/1-io.cc execution test
FAIL: 27_io/basic_filebuf/sgetn/char/2-in.cc execution test
FAIL: 27_io/basic_filebuf/sgetn/char/2-io.cc execution test
FAIL: 27_io/basic_istream/readsome/char/6746-2.cc execution test
WARNING: program timed out.
FAIL: ext/pb_ds/regression/tree_data_map_rand.cc (test for excess errors)
WARNING: ext/pb_ds/regression/tree_data_map_rand.cc compilation failed to produce executable
WARNING: program timed out.
FAIL: ext/pb_ds/regression/tree_no_data_map_rand.cc (test for excess errors)
WARNING: ext/pb_ds/regression/tree_no_data_map_rand.cc compilation failed to produce executable

		=== libstdc++ Summary for unix/-mabi=64 ===

# of expected passes		4016
# of unexpected failures	8
# of expected failures		55
# of unsupported tests		198

		=== libstdc++ Summary ===

# of expected passes		11799
# of unexpected failures	272
# of expected failures		165
# of unsupported tests		594

Compiler version: 4.3.0 (GCC) 
Platform: mips-sgi-irix6.2
configure flags: --prefix=/usr/tgcware/gcc-4.3.0 --with-local-prefix=/usr/tgcware/gcc-4.3.0 --disable-nls --with-libiconv-prefix=/usr/tgcware --with-gmp=/usr/tgcware --with-mpfr=/usr/tgcware --enable-shared --enable-threads=posix95 --with-gnu-as --with-as=/usr/tgcware/bin/gas --enable-languages=c,c++,fortran,objc,obj-c++,ada


Index Nav: [Date Index] [Subject Index] [Author Index] [Thread Index]
Message Nav: [Date Prev] [Date Next] [Thread Prev] [Thread Next]