This is the mail archive of the
gcc-testresults@gcc.gnu.org
mailing list for the GCC project.
Results for 4.4.0 20080307 (experimental) [trunk revision 133007] (GCC) testsuite on sparc64-unknown-linux-gnu
- From: "Christian Joensson" <christian dot joensson at gmail dot com>
- To: gcc-testresults at gcc dot gnu dot org
- Date: Thu, 13 Mar 2008 10:48:13 +0100
- Subject: Results for 4.4.0 20080307 (experimental) [trunk revision 133007] (GCC) testsuite on sparc64-unknown-linux-gnu
Aurora SPARC Linux devel/TI UltraSparc IIi (Sabre) sun4u:
binutils-2.18.50.0.3-1.sparcv9
bison-2.3-4.fc8.sparcv9
dejagnu-1.4.4-5.1.noarch
expect-5.43.0-9.fc8.sparcv9
gcc-4.3.0-0.8.sparc
glibc-2.6.90-14.2.sparc64
glibc-2.6.90-14.2.sparcv9
glibc-devel-2.6.90-14.2.sparcv9
glibc-devel-2.6.90-14.2.sparc64
glibc-headers-2.6.90-14.2.sparc64
glibc-headers-2.6.90-14.2.sparcv9
gmp-4.2.2-3.fc8.1.sparcv9
gmp-4.2.2-3.fc8.1.sparc64
gmp-devel-4.2.2-3.fc8.1.sparcv9
gmp-devel-4.2.2-3.fc8.1.sparc64
kernel-2.6.21-1.3149.al3.14.sparc64
kernel-2.6.23.1-26.5.al3.sparc64
kernel-2.6.24-0.83.rc5.1.al3.sparc64
libgcc-4.3.0-0.8.sparc
libgcc-4.3.0-0.8.sparc64
package libgcj is not installed
package libgcj-devel is not installed
libstdc++-4.3.0-0.8.sparc
libstdc++-4.3.0-0.8.sparc64
libstdc++-devel-4.3.0-0.8.sparc
libstdc++-devel-4.3.0-0.8.sparc64
make-3.81-11.fc9.sparcv9
mpfr-2.3.0-1.fc8.sparcv9
mpfr-2.3.0-1.fc8.sparc64
mpfr-devel-2.3.0-1.fc8.sparcv9
mpfr-devel-2.3.0-1.fc8.sparc64
tcl-8.4.15-4.fc8.sparcv9
LAST_UPDATED: Fri Mar 7 12:33:02 UTC 2008 (revision 133007)
Native configuration is sparc64-unknown-linux-gnu
=== gcc tests ===
Running target unix/-m32
FAIL: gcc.c-torture/compile/pr11832.c -O0 (internal compiler error)
FAIL: gcc.c-torture/compile/pr11832.c -O0 (test for excess errors)
FAIL: gcc.c-torture/compile/pr11832.c -O1 (internal compiler error)
FAIL: gcc.c-torture/compile/pr11832.c -O1 (test for excess errors)
FAIL: gcc.c-torture/compile/pr11832.c -O2 (internal compiler error)
FAIL: gcc.c-torture/compile/pr11832.c -O2 (test for excess errors)
FAIL: gcc.c-torture/compile/pr11832.c -O3 -fomit-frame-pointer
(internal compiler error)
FAIL: gcc.c-torture/compile/pr11832.c -O3 -fomit-frame-pointer (test
for excess errors)
FAIL: gcc.c-torture/compile/pr11832.c -O3 -g (internal compiler error)
FAIL: gcc.c-torture/compile/pr11832.c -O3 -g (test for excess errors)
FAIL: gcc.c-torture/compile/pr11832.c -Os (internal compiler error)
FAIL: gcc.c-torture/compile/pr11832.c -Os (test for excess errors)
FAIL: gcc.c-torture/compile/pr33009.c -O0 (internal compiler error)
FAIL: gcc.c-torture/compile/pr33009.c -O0 (test for excess errors)
FAIL: gcc.c-torture/compile/pr33009.c -O1 (internal compiler error)
FAIL: gcc.c-torture/compile/pr33009.c -O1 (test for excess errors)
FAIL: gcc.c-torture/compile/pr33009.c -O2 (internal compiler error)
FAIL: gcc.c-torture/compile/pr33009.c -O2 (test for excess errors)
FAIL: gcc.c-torture/compile/pr33009.c -O3 -fomit-frame-pointer
(internal compiler error)
FAIL: gcc.c-torture/compile/pr33009.c -O3 -fomit-frame-pointer (test
for excess errors)
FAIL: gcc.c-torture/compile/pr33009.c -O3 -fomit-frame-pointer
-funroll-loops (internal compiler error)
FAIL: gcc.c-torture/compile/pr33009.c -O3 -fomit-frame-pointer
-funroll-loops (test for excess errors)
FAIL: gcc.c-torture/compile/pr33009.c -O3 -fomit-frame-pointer
-funroll-all-loops -finline-functions (internal compiler error)
FAIL: gcc.c-torture/compile/pr33009.c -O3 -fomit-frame-pointer
-funroll-all-loops -finline-functions (test for excess errors)
FAIL: gcc.c-torture/compile/pr33009.c -O3 -g (internal compiler error)
FAIL: gcc.c-torture/compile/pr33009.c -O3 -g (test for excess errors)
FAIL: gcc.c-torture/compile/pr33009.c -Os (internal compiler error)
FAIL: gcc.c-torture/compile/pr33009.c -Os (test for excess errors)
FAIL: gcc.c-torture/execute/20040709-2.c execution, -O1
FAIL: gcc.c-torture/execute/20040709-2.c execution, -O2
FAIL: gcc.c-torture/execute/20040709-2.c execution, -O3 -fomit-frame-pointer
FAIL: gcc.c-torture/execute/20040709-2.c execution, -O3
-fomit-frame-pointer -funroll-loops
FAIL: gcc.c-torture/execute/20040709-2.c execution, -O3
-fomit-frame-pointer -funroll-all-loops -finline-functions
FAIL: gcc.c-torture/execute/20040709-2.c execution, -O3 -g
WARNING: Could not compile gcc.dg/compat/struct-layout-1 generator
FAIL: gcc.dg/20061124-1.c (test for excess errors)
WARNING: gcc.dg/20061124-1.c compilation failed to produce executable
FAIL: gcc.dg/struct-ret-3.c execution test
FAIL: gcc.dg/vect/pr33804.c scan-tree-dump-times vect "vectorized 1 loops" 1
FAIL: gcc.dg/vect/pr33804.c scan-tree-dump-times vect "vectorizing
stmts using SLP" 1
FAIL: gcc.dg/vect/pr33953.c scan-tree-dump-times vect "vectorized 1 loops" 1
FAIL: gcc.dg/vect/pr33953.c scan-tree-dump-times vect "vectorizing
stmts using SLP" 1
FAIL: gcc.dg/vect/vect-35.c scan-tree-dump-times vect "vectorized 1 loops" 1
FAIL: gcc.dg/vect/vect-iv-6.c scan-tree-dump-times vect "vectorized 1 loops" 1
FAIL: gcc.dg/vect/vect-multitypes-5.c scan-tree-dump-times vect
"vectorized 1 loops" 1
FAIL: gcc.dg/vect/vect-multitypes-6.c scan-tree-dump-times vect
"vectorized 1 loops" 1
FAIL: gcc.dg/vect/vect-outer-5.c scan-tree-dump-times vect "OUTER LOOP
VECTORIZED" 1
FAIL: gcc.dg/vect/vect-outer-5.c scan-tree-dump-times vect "zero step
in outer loop." 1
FAIL: gcc.dg/vect/vect-outer-6.c scan-tree-dump-times vect "OUTER LOOP
VECTORIZED" 1
FAIL: gcc.dg/vect/vect-outer-6.c scan-tree-dump-times vect "zero step
in outer loop." 1
FAIL: gcc.dg/vect/vect-vfa-slp.c scan-tree-dump-times vect "vectorized
1 loops" 1
FAIL: gcc.dg/vect/slp-15.c scan-tree-dump-times vect "vectorizing
stmts using SLP" 2
FAIL: gcc.dg/vect/slp-25.c scan-tree-dump-times vect "Alignment of
access forced using peeling" 2
FAIL: gcc.dg/vect/slp-3.c scan-tree-dump-times vect "vectorized 3 loops" 1
FAIL: gcc.dg/vect/slp-3.c scan-tree-dump-times vect "vectorizing stmts
using SLP" 3
FAIL: gcc.dg/vect/no-vfa-pr29145.c scan-tree-dump-times vect
"vectorized 0 loops" 2
FAIL: gcc.dg/vect/no-vfa-pr29145.c scan-tree-dump-times vect
"vectorized 1 loops" 1
FAIL: gcc.dg/vect/no-vfa-vect-depend-1.c scan-tree-dump-times vect
"vectorized 1 loops" 1
FAIL: gcc.target/sparc/pdist-3.c (internal compiler error)
FAIL: gcc.target/sparc/pdist-3.c (test for excess errors)
WARNING: gcc.target/sparc/pdist-3.c compilation failed to produce executable
=== gcc Summary for unix/-m32 ===
# of expected passes 46501
# of unexpected failures 58
# of expected failures 190
# of untested testcases 35
# of unsupported tests 440
Running target unix/-m64
FAIL: gcc.c-torture/compile/pr11832.c -O0 (internal compiler error)
FAIL: gcc.c-torture/compile/pr11832.c -O0 (test for excess errors)
FAIL: gcc.c-torture/compile/pr11832.c -O1 (internal compiler error)
FAIL: gcc.c-torture/compile/pr11832.c -O1 (test for excess errors)
FAIL: gcc.c-torture/compile/pr11832.c -O2 (internal compiler error)
FAIL: gcc.c-torture/compile/pr11832.c -O2 (test for excess errors)
FAIL: gcc.c-torture/compile/pr11832.c -O3 -fomit-frame-pointer
(internal compiler error)
FAIL: gcc.c-torture/compile/pr11832.c -O3 -fomit-frame-pointer (test
for excess errors)
FAIL: gcc.c-torture/compile/pr11832.c -O3 -g (internal compiler error)
FAIL: gcc.c-torture/compile/pr11832.c -O3 -g (test for excess errors)
FAIL: gcc.c-torture/compile/pr11832.c -Os (internal compiler error)
FAIL: gcc.c-torture/compile/pr11832.c -Os (test for excess errors)
FAIL: gcc.c-torture/compile/pr33009.c -O0 (internal compiler error)
FAIL: gcc.c-torture/compile/pr33009.c -O0 (test for excess errors)
FAIL: gcc.c-torture/compile/pr33009.c -O1 (internal compiler error)
FAIL: gcc.c-torture/compile/pr33009.c -O1 (test for excess errors)
FAIL: gcc.c-torture/compile/pr33009.c -O2 (internal compiler error)
FAIL: gcc.c-torture/compile/pr33009.c -O2 (test for excess errors)
FAIL: gcc.c-torture/compile/pr33009.c -O3 -fomit-frame-pointer
(internal compiler error)
FAIL: gcc.c-torture/compile/pr33009.c -O3 -fomit-frame-pointer (test
for excess errors)
FAIL: gcc.c-torture/compile/pr33009.c -O3 -fomit-frame-pointer
-funroll-loops (internal compiler error)
FAIL: gcc.c-torture/compile/pr33009.c -O3 -fomit-frame-pointer
-funroll-loops (test for excess errors)
FAIL: gcc.c-torture/compile/pr33009.c -O3 -fomit-frame-pointer
-funroll-all-loops -finline-functions (internal compiler error)
FAIL: gcc.c-torture/compile/pr33009.c -O3 -fomit-frame-pointer
-funroll-all-loops -finline-functions (test for excess errors)
FAIL: gcc.c-torture/compile/pr33009.c -O3 -g (internal compiler error)
FAIL: gcc.c-torture/compile/pr33009.c -O3 -g (test for excess errors)
FAIL: gcc.c-torture/compile/pr33009.c -Os (internal compiler error)
FAIL: gcc.c-torture/compile/pr33009.c -Os (test for excess errors)
FAIL: gcc.c-torture/execute/20040709-2.c execution, -O1
FAIL: gcc.c-torture/execute/20040709-2.c execution, -O2
FAIL: gcc.c-torture/execute/20040709-2.c execution, -O3 -fomit-frame-pointer
FAIL: gcc.c-torture/execute/20040709-2.c execution, -O3
-fomit-frame-pointer -funroll-loops
FAIL: gcc.c-torture/execute/20040709-2.c execution, -O3
-fomit-frame-pointer -funroll-all-loops -finline-functions
FAIL: gcc.c-torture/execute/20040709-2.c execution, -O3 -g
FAIL: gcc.c-torture/unsorted/DFcmp.c, -O1 (internal compiler error)
FAIL: gcc.c-torture/unsorted/DFcmp.c, -O2 (internal compiler error)
FAIL: gcc.c-torture/unsorted/DFcmp.c, -O3 -fomit-frame-pointer
(internal compiler error)
FAIL: gcc.c-torture/unsorted/DFcmp.c, -O3 -g (internal compiler error)
FAIL: gcc.c-torture/unsorted/DFcmp.c, -Os (internal compiler error)
FAIL: gcc.c-torture/unsorted/SFset.c, -O1 (internal compiler error)
FAIL: gcc.c-torture/unsorted/SFset.c, -O2 (internal compiler error)
FAIL: gcc.c-torture/unsorted/SFset.c, -O3 -fomit-frame-pointer
(internal compiler error)
FAIL: gcc.c-torture/unsorted/SFset.c, -O3 -g (internal compiler error)
FAIL: gcc.c-torture/unsorted/SFset.c, -Os (internal compiler error)
WARNING: Could not compile gcc.dg/compat/struct-layout-1 generator
FAIL: gcc.dg/struct-ret-3.c execution test
FAIL: gcc.dg/tree-ssa/gen-vect-11c.c scan-tree-dump-times vect
"vectorized 0 loops" 1
FAIL: gcc.dg/tree-ssa/ldist-4.c scan-tree-dump-times ldist
"distributed: split to 2 loops" 0
FAIL: gcc.dg/vect/pr33804.c scan-tree-dump-times vect "vectorized 1 loops" 1
FAIL: gcc.dg/vect/pr33804.c scan-tree-dump-times vect "vectorizing
stmts using SLP" 1
FAIL: gcc.dg/vect/pr33953.c scan-tree-dump-times vect "vectorized 1 loops" 1
FAIL: gcc.dg/vect/pr33953.c scan-tree-dump-times vect "vectorizing
stmts using SLP" 1
FAIL: gcc.dg/vect/vect-iv-6.c scan-tree-dump-times vect "vectorized 1 loops" 1
FAIL: gcc.dg/vect/vect-outer-5.c scan-tree-dump-times vect "OUTER LOOP
VECTORIZED" 1
FAIL: gcc.dg/vect/vect-outer-5.c scan-tree-dump-times vect "zero step
in outer loop." 1
FAIL: gcc.dg/vect/vect-outer-6.c scan-tree-dump-times vect "OUTER LOOP
VECTORIZED" 1
FAIL: gcc.dg/vect/vect-outer-6.c scan-tree-dump-times vect "zero step
in outer loop." 1
FAIL: gcc.dg/vect/vect-vfa-slp.c scan-tree-dump-times vect "vectorized
1 loops" 1
FAIL: gcc.dg/vect/slp-15.c scan-tree-dump-times vect "vectorizing
stmts using SLP" 2
FAIL: gcc.dg/vect/slp-25.c scan-tree-dump-times vect "Alignment of
access forced using peeling" 2
FAIL: gcc.dg/vect/slp-3.c scan-tree-dump-times vect "vectorized 3 loops" 1
FAIL: gcc.dg/vect/slp-3.c scan-tree-dump-times vect "vectorizing stmts
using SLP" 3
FAIL: gcc.dg/vect/no-vfa-pr29145.c scan-tree-dump-times vect
"vectorized 0 loops" 2
FAIL: gcc.dg/vect/no-vfa-pr29145.c scan-tree-dump-times vect
"vectorized 1 loops" 1
FAIL: gcc.dg/vect/no-vfa-vect-depend-1.c scan-tree-dump-times vect
"vectorized 1 loops" 1
FAIL: gcc.misc-tests/linkage.c link
=== gcc Summary for unix/-m64 ===
# of expected passes 46479
# of unexpected failures 65
# of expected failures 190
# of untested testcases 35
# of unsupported tests 447
=== gcc Summary ===
# of expected passes 92980
# of unexpected failures 123
# of expected failures 380
# of untested testcases 70
# of unsupported tests 887
/usr/local/src/trunk/objdir/gcc/xgcc version 4.4.0 20080307
(experimental) [trunk revision 133007] (GCC)
=== gfortran tests ===
Running target unix/-m32
FAIL: gfortran.dg/ldist-1.f90 -O scan-tree-dump-times ldist
"distributed: split to 4 loops" 1
=== gfortran Summary for unix/-m32 ===
# of expected passes 23827
# of unexpected failures 1
# of expected failures 5
# of unsupported tests 45
Running target unix/-m64
FAIL: gfortran.dg/deallocate_stat.f90 -O1 (internal compiler error)
FAIL: gfortran.dg/deallocate_stat.f90 -O1 (test for excess errors)
WARNING: gfortran.dg/deallocate_stat.f90 -O1 compilation failed to
produce executable
FAIL: gfortran.dg/ldist-1.f90 -O scan-tree-dump-times ldist
"distributed: split to 4 loops" 1
=== gfortran Summary for unix/-m64 ===
# of expected passes 23857
# of unexpected failures 3
# of expected failures 5
# of unsupported tests 29
=== gfortran Summary ===
# of expected passes 47684
# of unexpected failures 4
# of expected failures 10
# of unsupported tests 74
/usr/local/src/trunk/objdir/gcc/testsuite/gfortran/../../gfortran
version 4.4.0 20080307 (experimental) [trunk revision 133007] (GCC)
=== g++ tests ===
Running target unix/-m32
WARNING: Could not compile g++.dg/compat/struct-layout-1 generator
FAIL: g++.dg/opt/anchor1.C execution test
=== g++ Summary for unix/-m32 ===
# of expected passes 17292
# of unexpected failures 1
# of expected failures 82
# of unsupported tests 135
Running target unix/-m64
WARNING: Could not compile g++.dg/compat/struct-layout-1 generator
FAIL: g++.dg/opt/anchor1.C execution test
=== g++ Summary for unix/-m64 ===
# of expected passes 17260
# of unexpected failures 1
# of expected failures 82
# of unsupported tests 137
=== g++ Summary ===
# of expected passes 34552
# of unexpected failures 2
# of expected failures 164
# of unsupported tests 272
/usr/local/src/trunk/objdir/gcc/testsuite/g++/../../g++ version 4.4.0
20080307 (experimental) [trunk revision 133007] (GCC)
=== obj-c++ tests ===
Running target unix/-m32
FAIL: obj-c++.dg/bitfield-1.mm (internal compiler error)
FAIL: obj-c++.dg/bitfield-1.mm (test for excess errors)
WARNING: obj-c++.dg/bitfield-1.mm compilation failed to produce executable
FAIL: obj-c++.dg/comp-types-10.mm (internal compiler error)
FAIL: obj-c++.dg/comp-types-10.mm (test for excess errors)
WARNING: obj-c++.dg/lookup-2.mm compilation failed to produce executable
WARNING: obj-c++.dg/try-catch-2.mm compilation failed to produce executable
FAIL: obj-c++.dg/try-catch-9.mm (test for excess errors)
WARNING: obj-c++.dg/try-catch-9.mm compilation failed to produce executable
=== obj-c++ Summary for unix/-m32 ===
# of expected passes 434
# of unexpected failures 5
# of expected failures 9
# of unsupported tests 13
Running target unix/-m64
FAIL: obj-c++.dg/bitfield-1.mm (internal compiler error)
WARNING: obj-c++.dg/bitfield-1.mm compilation failed to produce executable
XPASS: obj-c++.dg/bitfield-4.mm (test for excess errors)
FAIL: obj-c++.dg/comp-types-10.mm (internal compiler error)
FAIL: obj-c++.dg/comp-types-10.mm (test for excess errors)
XPASS: obj-c++.dg/layout-1.mm (test for excess errors)
WARNING: obj-c++.dg/lookup-2.mm compilation failed to produce executable
WARNING: obj-c++.dg/try-catch-2.mm compilation failed to produce executable
FAIL: obj-c++.dg/try-catch-9.mm (test for excess errors)
WARNING: obj-c++.dg/try-catch-9.mm compilation failed to produce executable
=== obj-c++ Summary for unix/-m64 ===
# of expected passes 421
# of unexpected failures 4
# of unexpected successes 2
# of expected failures 21
# of unsupported tests 13
=== obj-c++ Summary ===
# of expected passes 855
# of unexpected failures 9
# of unexpected successes 2
# of expected failures 30
# of unsupported tests 26
/usr/local/src/trunk/objdir/gcc/testsuite/obj-c++/../../g++ version
4.4.0 20080307 (experimental) [trunk revision 133007] (GCC)
=== objc tests ===
Running target unix/-m32
FAIL: objc/execute/exceptions/foward-1.m execution, -O3
-fomit-frame-pointer -funroll-loops -fgnu-runtime
FAIL: objc/execute/exceptions/foward-1.m execution, -O3
-fomit-frame-pointer -funroll-all-loops -finline-functions
-fgnu-runtime
WARNING: Could not compile
objc.dg/gnu-encoding/struct-layout-encoding-1 generator
=== objc Summary for unix/-m32 ===
# of expected passes 1755
# of unexpected failures 2
# of unsupported tests 24
Running target unix/-m64
FAIL: objc/execute/exceptions/foward-1.m execution, -O3
-fomit-frame-pointer -funroll-loops
FAIL: objc/execute/exceptions/foward-1.m execution, -O3
-fomit-frame-pointer -funroll-all-loops -finline-functions
WARNING: Could not compile
objc.dg/gnu-encoding/struct-layout-encoding-1 generator
=== objc Summary for unix/-m64 ===
# of expected passes 1755
# of unexpected failures 2
# of unsupported tests 24
=== objc Summary ===
# of expected passes 3510
# of unexpected failures 4
# of unsupported tests 48
/usr/local/src/trunk/objdir/gcc/xgcc version 4.4.0 20080307
(experimental) [trunk revision 133007] (GCC)
=== libffi tests ===
Running target unix/-m32
FAIL: libffi.call/return_sc.c -O0 -W -Wall execution test
=== libffi Summary for unix/-m32 ===
# of expected passes 1388
# of unexpected failures 1
# of unsupported tests 10
Running target unix/-m64
=== libffi Summary for unix/-m64 ===
# of expected passes 1389
# of unsupported tests 10
=== libffi Summary ===
# of expected passes 2777
# of unexpected failures 1
# of unsupported tests 20
=== libgomp tests ===
Running target unix/-m32
=== libgomp Summary for unix/-m32 ===
# of expected passes 1701
Running target unix/-m64
=== libgomp Summary for unix/-m64 ===
# of expected passes 1701
=== libgomp Summary ===
# of expected passes 3402
=== libjava tests ===
Running target unix/-m32
=== libjava Summary for unix/-m32 ===
# of expected passes 2550
Running target unix/-m64
WARNING: program timed out.
FAIL: TestClosureGC run
WARNING: program timed out.
FAIL: Array_3 execution - source compiled test
WARNING: program timed out.
FAIL: Array_3 -findirect-dispatch execution - source compiled test
WARNING: program timed out.
FAIL: Array_3 -O3 execution - source compiled test
WARNING: program timed out.
FAIL: Array_3 -O3 -findirect-dispatch execution - source compiled test
WARNING: program timed out.
FAIL: Invoke_1 execution - source compiled test
FAIL: Invoke_1 -findirect-dispatch execution - source compiled test
WARNING: program timed out.
FAIL: Invoke_1 -O3 execution - source compiled test
FAIL: Invoke_1 -O3 -findirect-dispatch execution - source compiled test
WARNING: program timed out.
FAIL: PR218 -O3 execution - source compiled test
WARNING: program timed out.
FAIL: Throw_3 -O3 execution - source compiled test
WARNING: program timed out.
FAIL: Throw_3 -O3 -findirect-dispatch execution - source compiled test
FAIL: pr83 -findirect-dispatch execution - source compiled test
FAIL: pr83 -O3 -findirect-dispatch execution - source compiled test
=== libjava Summary for unix/-m64 ===
# of expected passes 2523
# of unexpected failures 14
# of untested testcases 14
=== libjava Summary ===
# of expected passes 5073
# of unexpected failures 14
# of untested testcases 14
=== libmudflap tests ===
Running target unix/-m32
FAIL: libmudflap.c/pass54-frag.c execution test
FAIL: libmudflap.c/pass54-frag.c execution test
FAIL: libmudflap.c/pass54-frag.c (-static) execution test
FAIL: libmudflap.c/pass54-frag.c (-static) execution test
=== libmudflap Summary for unix/-m32 ===
# of expected passes 1845
# of unexpected failures 4
Running target unix/-m64
FAIL: libmudflap.c/pass54-frag.c execution test
FAIL: libmudflap.c/pass54-frag.c execution test
FAIL: libmudflap.c/fail17-frag.c (-static) (test for excess errors)
FAIL: libmudflap.c/fail23-frag.c (-static) (test for excess errors)
FAIL: libmudflap.c/fail25-frag.c (-static) (test for excess errors)
FAIL: libmudflap.c/fail27-frag.c (-static) output pattern test
FAIL: libmudflap.c/fail4-frag.c (-static) (test for excess errors)
FAIL: libmudflap.c/fail5-frag.c (-static) (test for excess errors)
FAIL: libmudflap.c/fail6-frag.c (-static) (test for excess errors)
FAIL: libmudflap.c/fail7-frag.c (-static) (test for excess errors)
FAIL: libmudflap.c/fail8-frag.c (-static) (test for excess errors)
FAIL: libmudflap.c/fail9-frag.c (-static) (test for excess errors)
FAIL: libmudflap.c/heap-scalestress.c (-static) (test for excess errors)
FAIL: libmudflap.c/hook-allocstuff.c (-static) (test for excess errors)
FAIL: libmudflap.c/pass-stratcliff.c (-static) (test for excess errors)
FAIL: libmudflap.c/pass30-frag.c (-static) (test for excess errors)
FAIL: libmudflap.c/pass30-frag.c (-static) (test for excess errors)
FAIL: libmudflap.c/pass4-frag.c (-static) (test for excess errors)
FAIL: libmudflap.c/pass4-frag.c (-static) (test for excess errors)
FAIL: libmudflap.c/pass45-frag.c (-static) (test for excess errors)
FAIL: libmudflap.c/pass45-frag.c (-static) (test for excess errors)
FAIL: libmudflap.c/pass46-frag.c (-static) (test for excess errors)
FAIL: libmudflap.c/pass46-frag.c (-static) (test for excess errors)
FAIL: libmudflap.c/pass47-frag.c (-static) (test for excess errors)
FAIL: libmudflap.c/pass47-frag.c (-static) (test for excess errors)
FAIL: libmudflap.c/pass49-frag.c (-static) (test for excess errors)
FAIL: libmudflap.c/pass49-frag.c (-static) (test for excess errors)
FAIL: libmudflap.c/pass5-frag.c (-static) (test for excess errors)
FAIL: libmudflap.c/pass5-frag.c (-static) (test for excess errors)
FAIL: libmudflap.c/pass51-frag.c (-static) (test for excess errors)
FAIL: libmudflap.c/pass51-frag.c (-static) (test for excess errors)
FAIL: libmudflap.c/pass52-frag.c (-static) (test for excess errors)
FAIL: libmudflap.c/pass52-frag.c (-static) (test for excess errors)
FAIL: libmudflap.c/pass54-frag.c (-static) execution test
FAIL: libmudflap.c/pass54-frag.c (-static) execution test
FAIL: libmudflap.c/pass6-frag.c (-static) (test for excess errors)
FAIL: libmudflap.c/pass6-frag.c (-static) (test for excess errors)
FAIL: libmudflap.c/pass7-frag.c (-static) (test for excess errors)
FAIL: libmudflap.c/pass7-frag.c (-static) (test for excess errors)
FAIL: libmudflap.c/pass8-frag.c (-static) (test for excess errors)
FAIL: libmudflap.c/pass8-frag.c (-static) (test for excess errors)
FAIL: libmudflap.c/pass9-frag.c (-static) (test for excess errors)
FAIL: libmudflap.c/pass9-frag.c (-static) (test for excess errors)
FAIL: libmudflap.c++/fail24-frag.cxx (-static) (test for excess errors)
FAIL: libmudflap.c++/pass31-frag.cxx (-static) (test for excess errors)
=== libmudflap Summary for unix/-m64 ===
# of expected passes 1804
# of unexpected failures 45
=== libmudflap Summary ===
# of expected passes 3649
# of unexpected failures 49
=== libstdc++ tests ===
Running target unix/-m32
XPASS: 26_numerics/headers/cmath/c99_classification_macros_c.cc (test
for excess errors)
WARNING: program timed out.
FAIL: ext/pb_ds/regression/tree_data_map_rand.cc (test for excess errors)
WARNING: ext/pb_ds/regression/tree_data_map_rand.cc compilation failed
to produce executable
WARNING: program timed out.
FAIL: ext/pb_ds/regression/tree_no_data_map_rand.cc (test for excess errors)
WARNING: ext/pb_ds/regression/tree_no_data_map_rand.cc compilation
failed to produce executable
=== libstdc++ Summary for unix/-m32 ===
# of expected passes 5598
# of unexpected failures 2
# of unexpected successes 1
# of expected failures 64
# of unsupported tests 10
Running target unix/-m64
XPASS: 26_numerics/headers/cmath/c99_classification_macros_c.cc (test
for excess errors)
FAIL: 27_io/basic_filebuf/close/char/4879.cc execution test
FAIL: 27_io/basic_filebuf/close/char/9964.cc execution test
FAIL: 27_io/basic_filebuf/imbue/char/13171-2.cc execution test
FAIL: 27_io/basic_filebuf/imbue/wchar_t/14975-2.cc execution test
FAIL: 27_io/basic_filebuf/seekoff/char/26777.cc execution test
FAIL: 27_io/basic_filebuf/underflow/char/10097.cc execution test
FAIL: 27_io/objects/char/7.cc execution test
FAIL: 27_io/objects/char/9661-1.cc execution test
FAIL: 27_io/objects/wchar_t/7.cc execution test
FAIL: 27_io/objects/wchar_t/9661-1.cc execution test
WARNING: program timed out.
FAIL: ext/pb_ds/regression/tree_data_map_rand.cc (test for excess errors)
WARNING: ext/pb_ds/regression/tree_data_map_rand.cc compilation failed
to produce executable
WARNING: program timed out.
FAIL: ext/pb_ds/regression/tree_no_data_map_rand.cc (test for excess errors)
WARNING: ext/pb_ds/regression/tree_no_data_map_rand.cc compilation
failed to produce executable
=== libstdc++ Summary for unix/-m64 ===
# of expected passes 5588
# of unexpected failures 12
# of unexpected successes 1
# of expected failures 64
# of unsupported tests 10
=== libstdc++ Summary ===
# of expected passes 11186
# of unexpected failures 14
# of unexpected successes 2
# of expected failures 128
# of unsupported tests 20
Compiler version: 4.4.0 20080307 (experimental) [trunk revision 133007] (GCC)
Platform: sparc64-unknown-linux-gnu
configure flags: --enable-__cxa_atexit --enable-shared --with-cpu=v7
--enable-languages=c,c++,fortran,java,objc,obj-c++
--with-long-double-128
Counting all warnings,
there are 308 warnings in stage0 of this bootstrap.
Number of warnings per file:
144 Makefile
24 gcc/df-scan.c
18 gcc/builtins.c
12 gengtype-lex.c
12 gcc/tree-data-ref.c
12 gcc/gengtype.c
8 include/java-signal.h
6 libmudflap/mf-runtime.c
6 gcc/tree-ssa-phiopt.c
6 gcc/stringpool.c
6 gcc/expr.c
4 libjava/java/net/natVMURLConnection.cc
4 libjava/classpath/native/fdlibm/dtoa.c
4 gcc/boehm-gc/os_dep.c
3 gcc/ggc-common.c
3 gcc/cselib.c
2 libobjc/thr.c
2 libobjc/sendmsg.c
2 libobjc/Object.m
2 libjava/prims.cc
2 libgfortran/io/list_read.c
2 libgfortran/generated/in_pack_c16.c
2 gcc/unwind-pe.h
2 gcc/coretypes.h
2 gcc/boehm-gc/mark_rts.c
2 checking gcj version 4.0... cc1
1 ./runtime-info.h
1 libgfortran/generated/count_8_l.c
1 libgfortran/generated/count_4_l.c
1 libgfortran/generated/count_2_l.c
1 libgfortran/generated/count_1_l.c
1 libgfortran/generated/count_16_l.c
1 libgfortran/generated/any_l8.c
1 libgfortran/generated/any_l4.c
1 libgfortran/generated/any_l2.c
1 libgfortran/generated/any_l1.c
1 libgfortran/generated/any_l16.c
1 libgfortran/generated/all_l8.c
1 libgfortran/generated/all_l4.c
1 libgfortran/generated/all_l2.c
1 libgfortran/generated/all_l1.c
1 libgfortran/generated/all_l16.c
Number of warning types:
90 cast discards qualifiers from pointer target type
72 overriding commands for target \`???'
72 ignoring old commands for target \`???'
15 format \`???' expects type \`???', but argument 2 has type \`???'
9 old-style function definition
8 \`???' defined but not used
6 unused parameter \`???'
6 declaration \`???' does not declare anything
4 \`???' is deprecated (declared at /usr/include/signal.h:184)
4 incompatible implicit declaration of built-in function \`???'
2 this is the location of the previous definition
2 \`rtx' redefined
2 no previous prototype for \`???'
2 function returns address of local variable
2 \`???' function does return
2 format \`???' expects type \`???', but argument 6 has type \`???'
2 format \`???' expects type \`???', but argument 4 has type \`???'
2 format \`???' expects type \`???', but argument 15 has type \`???'
2 comparison of distinct pointer types lacks a cast
2 command line option
\`-fbootclasspath=./:/usr/local/share/java/libgcj-4.4.0.jar' is valid
for Java but not for C
2 argument \`???' might be clobbered by \`???' or \`???'