This is the mail archive of the gcc-testresults@gcc.gnu.org mailing list for the GCC project.


Index Nav: [Date Index] [Subject Index] [Author Index] [Thread Index]
Message Nav: [Date Prev] [Date Next] [Thread Prev] [Thread Next]
Other format: [Raw text]

Results for 4.3.1 20080309 (prerelease) (Debian 4.3.0-1) testsuite on sparc-unknown-linux-gnu


LAST_UPDATED: 
Target: sparc-linux-gnu
gcc version 4.3.1 20080309 (prerelease) (Debian 4.3.0-1) 
Native configuration is sparc-unknown-linux-gnu

		=== g++ tests ===


Running target unix
FAIL: g++.dg/compat/eh/unexpected1 cp_compat_x_tst.o-cp_compat_y_tst.o execute 
WARNING: Could not compile g++.dg/compat/struct-layout-1 generator
FAIL: g++.dg/eh/unexpected1.C execution test
FAIL: g++.dg/opt/anchor1.C execution test
FAIL: g++.old-deja/g++.eh/spec2.C execution test
FAIL: g++.old-deja/g++.mike/eh33.C execution test
FAIL: g++.old-deja/g++.mike/eh50.C execution test
FAIL: g++.old-deja/g++.mike/eh51.C execution test

		=== g++ Summary for unix ===

# of expected passes		17273
# of unexpected failures	7
# of expected failures		82
# of unsupported tests		132

Running target unix/-fstack-protector
FAIL: g++.dg/compat/eh/unexpected1 cp_compat_x_tst.o-cp_compat_y_tst.o execute 
WARNING: Could not compile g++.dg/compat/struct-layout-1 generator
FAIL: g++.dg/eh/unexpected1.C execution test
FAIL: g++.dg/opt/anchor1.C execution test
FAIL: g++.old-deja/g++.eh/spec2.C execution test
FAIL: g++.old-deja/g++.mike/eh33.C execution test
FAIL: g++.old-deja/g++.mike/eh50.C execution test
FAIL: g++.old-deja/g++.mike/eh51.C execution test

		=== g++ Summary for unix/-fstack-protector ===

# of expected passes		17273
# of unexpected failures	7
# of expected failures		82
# of unsupported tests		132

Running target unix/-m64
FAIL: g++.dg/compat/eh/unexpected1 cp_compat_x_tst.o-cp_compat_y_tst.o execute 
WARNING: Could not compile g++.dg/compat/struct-layout-1 generator
FAIL: g++.dg/eh/unexpected1.C execution test
FAIL: g++.dg/opt/anchor1.C execution test
FAIL: g++.old-deja/g++.eh/spec2.C execution test
FAIL: g++.old-deja/g++.mike/eh33.C execution test
FAIL: g++.old-deja/g++.mike/eh50.C execution test
FAIL: g++.old-deja/g++.mike/eh51.C execution test

		=== g++ Summary for unix/-m64 ===

# of expected passes		17241
# of unexpected failures	7
# of expected failures		82
# of unsupported tests		134

		=== g++ Summary ===

# of expected passes		51787
# of unexpected failures	21
# of expected failures		246
# of unsupported tests		398
/build/buildd/gcc-4.3-4.3.0/build/gcc/testsuite/g++/../../g++  version 4.3.1 20080309 (prerelease) (Debian 4.3.0-1) 

		=== gcc tests ===


Running target unix
WARNING: Could not compile gcc.dg/compat/struct-layout-1 generator
FAIL: gcc.dg/struct-ret-3.c execution test
FAIL: gcc.dg/vect/pr33804.c scan-tree-dump-times vect "vectorized 1 loops" 1
FAIL: gcc.dg/vect/pr33804.c scan-tree-dump-times vect "vectorizing stmts using SLP" 1
FAIL: gcc.dg/vect/pr33953.c scan-tree-dump-times vect "vectorized 1 loops" 1
FAIL: gcc.dg/vect/pr33953.c scan-tree-dump-times vect "vectorizing stmts using SLP" 1
FAIL: gcc.dg/vect/vect-35.c scan-tree-dump-times vect "vectorized 1 loops" 1
FAIL: gcc.dg/vect/vect-iv-6.c scan-tree-dump-times vect "vectorized 1 loops" 1
FAIL: gcc.dg/vect/vect-multitypes-5.c scan-tree-dump-times vect "vectorized 1 loops" 1
FAIL: gcc.dg/vect/vect-multitypes-6.c scan-tree-dump-times vect "vectorized 1 loops" 1
FAIL: gcc.dg/vect/vect-outer-5.c scan-tree-dump-times vect "OUTER LOOP VECTORIZED" 1
FAIL: gcc.dg/vect/vect-outer-5.c scan-tree-dump-times vect "zero step in outer loop." 1
FAIL: gcc.dg/vect/vect-outer-6.c scan-tree-dump-times vect "OUTER LOOP VECTORIZED" 1
FAIL: gcc.dg/vect/vect-outer-6.c scan-tree-dump-times vect "zero step in outer loop." 1
FAIL: gcc.dg/vect/vect-vfa-slp.c scan-tree-dump-times vect "vectorized 1 loops" 1
FAIL: gcc.dg/vect/slp-15.c scan-tree-dump-times vect "vectorizing stmts using SLP" 2
FAIL: gcc.dg/vect/slp-25.c scan-tree-dump-times vect "Alignment of access forced using peeling" 2
FAIL: gcc.dg/vect/slp-3.c scan-tree-dump-times vect "vectorized 3 loops" 1
FAIL: gcc.dg/vect/slp-3.c scan-tree-dump-times vect "vectorizing stmts using SLP" 3
FAIL: gcc.dg/vect/no-vfa-pr29145.c scan-tree-dump-times vect "vectorized 0 loops" 2
FAIL: gcc.dg/vect/no-vfa-pr29145.c scan-tree-dump-times vect "vectorized 1 loops" 1
FAIL: gcc.dg/vect/no-vfa-vect-depend-1.c scan-tree-dump-times vect "vectorized 1 loops" 1
FAIL: gcc.target/sparc/pdist-3.c (internal compiler error)
FAIL: gcc.target/sparc/pdist-3.c (test for excess errors)
UNRESOLVED: gcc.target/sparc/pdist-3.c compilation failed to produce executable

		=== gcc Summary for unix ===

# of expected passes		46387
# of unexpected failures	23
# of expected failures		189
# of unresolved testcases	1
# of untested testcases		35
# of unsupported tests		446

Running target unix/-fstack-protector
FAIL: gcc.c-torture/compile/limits-blockid.c  -O0  (internal compiler error)
FAIL: gcc.c-torture/compile/limits-blockid.c  -O0  (test for excess errors)
WARNING: Could not compile gcc.dg/compat/struct-layout-1 generator
FAIL: gcc.dg/struct-ret-3.c execution test
FAIL: gcc.dg/vect/pr33804.c scan-tree-dump-times vect "vectorized 1 loops" 1
FAIL: gcc.dg/vect/pr33804.c scan-tree-dump-times vect "vectorizing stmts using SLP" 1
FAIL: gcc.dg/vect/pr33953.c scan-tree-dump-times vect "vectorized 1 loops" 1
FAIL: gcc.dg/vect/pr33953.c scan-tree-dump-times vect "vectorizing stmts using SLP" 1
FAIL: gcc.dg/vect/vect-35.c scan-tree-dump-times vect "vectorized 1 loops" 1
FAIL: gcc.dg/vect/vect-iv-6.c scan-tree-dump-times vect "vectorized 1 loops" 1
FAIL: gcc.dg/vect/vect-multitypes-5.c scan-tree-dump-times vect "vectorized 1 loops" 1
FAIL: gcc.dg/vect/vect-multitypes-6.c scan-tree-dump-times vect "vectorized 1 loops" 1
FAIL: gcc.dg/vect/vect-outer-5.c scan-tree-dump-times vect "OUTER LOOP VECTORIZED" 1
FAIL: gcc.dg/vect/vect-outer-5.c scan-tree-dump-times vect "zero step in outer loop." 1
FAIL: gcc.dg/vect/vect-outer-6.c scan-tree-dump-times vect "OUTER LOOP VECTORIZED" 1
FAIL: gcc.dg/vect/vect-outer-6.c scan-tree-dump-times vect "zero step in outer loop." 1
FAIL: gcc.dg/vect/vect-vfa-slp.c scan-tree-dump-times vect "vectorized 1 loops" 1
FAIL: gcc.dg/vect/slp-15.c scan-tree-dump-times vect "vectorizing stmts using SLP" 2
FAIL: gcc.dg/vect/slp-25.c scan-tree-dump-times vect "Alignment of access forced using peeling" 2
FAIL: gcc.dg/vect/slp-3.c scan-tree-dump-times vect "vectorized 3 loops" 1
FAIL: gcc.dg/vect/slp-3.c scan-tree-dump-times vect "vectorizing stmts using SLP" 3
FAIL: gcc.dg/vect/no-vfa-pr29145.c scan-tree-dump-times vect "vectorized 0 loops" 2
FAIL: gcc.dg/vect/no-vfa-pr29145.c scan-tree-dump-times vect "vectorized 1 loops" 1
FAIL: gcc.dg/vect/no-vfa-vect-depend-1.c scan-tree-dump-times vect "vectorized 1 loops" 1
FAIL: gcc.target/sparc/pdist-3.c (internal compiler error)
FAIL: gcc.target/sparc/pdist-3.c (test for excess errors)
UNRESOLVED: gcc.target/sparc/pdist-3.c compilation failed to produce executable

		=== gcc Summary for unix/-fstack-protector ===

# of expected passes		46386
# of unexpected failures	25
# of expected failures		189
# of unresolved testcases	1
# of untested testcases		35
# of unsupported tests		446

Running target unix/-m64
FAIL: gcc.c-torture/execute/conversion.c execution,  -O0 
FAIL: gcc.c-torture/unsorted/DFcmp.c,  -O1   (internal compiler error)
FAIL: gcc.c-torture/unsorted/DFcmp.c,  -O2   (internal compiler error)
FAIL: gcc.c-torture/unsorted/DFcmp.c,  -O3 -fomit-frame-pointer   (internal compiler error)
FAIL: gcc.c-torture/unsorted/DFcmp.c,  -O3 -g   (internal compiler error)
FAIL: gcc.c-torture/unsorted/DFcmp.c,  -Os   (internal compiler error)
FAIL: gcc.c-torture/unsorted/SFset.c,  -O1   (internal compiler error)
FAIL: gcc.c-torture/unsorted/SFset.c,  -O2   (internal compiler error)
FAIL: gcc.c-torture/unsorted/SFset.c,  -O3 -fomit-frame-pointer   (internal compiler error)
FAIL: gcc.c-torture/unsorted/SFset.c,  -O3 -g   (internal compiler error)
FAIL: gcc.c-torture/unsorted/SFset.c,  -Os   (internal compiler error)
WARNING: Could not compile gcc.dg/compat/struct-layout-1 generator
FAIL: gcc.dg/struct-ret-3.c execution test
FAIL: gcc.dg/torture/fp-int-convert-long-double.c  -O0  execution test
FAIL: gcc.dg/torture/fp-int-convert-long-double.c  -O1  execution test
FAIL: gcc.dg/torture/fp-int-convert-long-double.c  -O2  execution test
FAIL: gcc.dg/torture/fp-int-convert-long-double.c  -O3 -fomit-frame-pointer  execution test
FAIL: gcc.dg/torture/fp-int-convert-long-double.c  -O3 -g  execution test
FAIL: gcc.dg/torture/fp-int-convert-long-double.c  -Os  execution test
FAIL: gcc.dg/tree-ssa/gen-vect-11c.c scan-tree-dump-times vect "vectorized 0 loops" 1
FAIL: gcc.dg/vect/pr33804.c scan-tree-dump-times vect "vectorized 1 loops" 1
FAIL: gcc.dg/vect/pr33804.c scan-tree-dump-times vect "vectorizing stmts using SLP" 1
FAIL: gcc.dg/vect/pr33953.c scan-tree-dump-times vect "vectorized 1 loops" 1
FAIL: gcc.dg/vect/pr33953.c scan-tree-dump-times vect "vectorizing stmts using SLP" 1
FAIL: gcc.dg/vect/vect-iv-6.c scan-tree-dump-times vect "vectorized 1 loops" 1
FAIL: gcc.dg/vect/vect-outer-5.c scan-tree-dump-times vect "OUTER LOOP VECTORIZED" 1
FAIL: gcc.dg/vect/vect-outer-5.c scan-tree-dump-times vect "zero step in outer loop." 1
FAIL: gcc.dg/vect/vect-outer-6.c scan-tree-dump-times vect "OUTER LOOP VECTORIZED" 1
FAIL: gcc.dg/vect/vect-outer-6.c scan-tree-dump-times vect "zero step in outer loop." 1
FAIL: gcc.dg/vect/vect-vfa-slp.c scan-tree-dump-times vect "vectorized 1 loops" 1
FAIL: gcc.dg/vect/slp-15.c scan-tree-dump-times vect "vectorizing stmts using SLP" 2
FAIL: gcc.dg/vect/slp-25.c scan-tree-dump-times vect "Alignment of access forced using peeling" 2
FAIL: gcc.dg/vect/slp-3.c scan-tree-dump-times vect "vectorized 3 loops" 1
FAIL: gcc.dg/vect/slp-3.c scan-tree-dump-times vect "vectorizing stmts using SLP" 3
FAIL: gcc.dg/vect/no-vfa-pr29145.c scan-tree-dump-times vect "vectorized 0 loops" 2
FAIL: gcc.dg/vect/no-vfa-pr29145.c scan-tree-dump-times vect "vectorized 1 loops" 1
FAIL: gcc.dg/vect/no-vfa-vect-depend-1.c scan-tree-dump-times vect "vectorized 1 loops" 1

		=== gcc Summary for unix/-m64 ===

# of expected passes		46358
# of unexpected failures	36
# of expected failures		189
# of untested testcases		35
# of unsupported tests		453

		=== gcc Summary ===

# of expected passes		139131
# of unexpected failures	84
# of expected failures		567
# of unresolved testcases	2
# of untested testcases		105
# of unsupported tests		1345
/build/buildd/gcc-4.3-4.3.0/build/gcc/xgcc  version 4.3.1 20080309 (prerelease) (Debian 4.3.0-1) 

		=== gfortran tests ===


Running target unix

		=== gfortran Summary for unix ===

# of expected passes		23665
# of expected failures		5
# of unsupported tests		45

Running target unix/-fstack-protector

		=== gfortran Summary for unix/-fstack-protector ===

# of expected passes		23665
# of expected failures		5
# of unsupported tests		45

Running target unix/-m64
FAIL: gfortran.dg/deallocate_stat.f90  -O1  (internal compiler error)
FAIL: gfortran.dg/deallocate_stat.f90  -O1  (test for excess errors)
UNRESOLVED: gfortran.dg/deallocate_stat.f90  -O1  compilation failed to produce executable
FAIL: gfortran.dg/large_real_kind_2.F90  -O0  execution test
FAIL: gfortran.dg/large_real_kind_2.F90  -O1  execution test
FAIL: gfortran.dg/large_real_kind_2.F90  -O2  execution test
FAIL: gfortran.dg/large_real_kind_2.F90  -O3 -fomit-frame-pointer  execution test
FAIL: gfortran.dg/large_real_kind_2.F90  -O3 -fomit-frame-pointer -funroll-loops  execution test
FAIL: gfortran.dg/large_real_kind_2.F90  -O3 -fomit-frame-pointer -funroll-all-loops -finline-functions  execution test
FAIL: gfortran.dg/large_real_kind_2.F90  -O3 -g  execution test
FAIL: gfortran.dg/large_real_kind_2.F90  -Os  execution test

		=== gfortran Summary for unix/-m64 ===

# of expected passes		23687
# of unexpected failures	10
# of expected failures		5
# of unresolved testcases	1
# of unsupported tests		29

		=== gfortran Summary ===

# of expected passes		71017
# of unexpected failures	10
# of expected failures		15
# of unresolved testcases	1
# of unsupported tests		119
/build/buildd/gcc-4.3-4.3.0/build/gcc/testsuite/gfortran/../../gfortran  version 4.3.1 20080309 (prerelease) (Debian 4.3.0-1) 

		=== obj-c++ tests ===


Running target unix
UNRESOLVED: obj-c++.dg/lookup-2.mm compilation failed to produce executable
UNRESOLVED: obj-c++.dg/try-catch-2.mm compilation failed to produce executable
UNRESOLVED: obj-c++.dg/try-catch-9.mm compilation failed to produce executable

		=== obj-c++ Summary for unix ===

# of expected passes		437
# of expected failures		9
# of unresolved testcases	3
# of unsupported tests		13

Running target unix/-fstack-protector
UNRESOLVED: obj-c++.dg/lookup-2.mm compilation failed to produce executable
UNRESOLVED: obj-c++.dg/try-catch-2.mm compilation failed to produce executable
UNRESOLVED: obj-c++.dg/try-catch-9.mm compilation failed to produce executable

		=== obj-c++ Summary for unix/-fstack-protector ===

# of expected passes		437
# of expected failures		9
# of unresolved testcases	3
# of unsupported tests		13

Running target unix/-m64
UNRESOLVED: obj-c++.dg/lookup-2.mm compilation failed to produce executable
UNRESOLVED: obj-c++.dg/try-catch-2.mm compilation failed to produce executable
UNRESOLVED: obj-c++.dg/try-catch-9.mm compilation failed to produce executable

		=== obj-c++ Summary for unix/-m64 ===

# of expected passes		423
# of expected failures		23
# of unresolved testcases	3
# of unsupported tests		13

		=== obj-c++ Summary ===

# of expected passes		1297
# of expected failures		41
# of unresolved testcases	9
# of unsupported tests		39
/build/buildd/gcc-4.3-4.3.0/build/gcc/testsuite/obj-c++/../../g++  version 4.3.1 20080309 (prerelease) (Debian 4.3.0-1) 

		=== objc tests ===


Running target unix
FAIL: objc/execute/exceptions/foward-1.m execution,  -O3 -fomit-frame-pointer -funroll-loops  -fgnu-runtime
FAIL: objc/execute/exceptions/foward-1.m execution,  -O3 -fomit-frame-pointer -funroll-all-loops -finline-functions  -fgnu-runtime
WARNING: Could not compile objc.dg/gnu-encoding/struct-layout-encoding-1 generator

		=== objc Summary for unix ===

# of expected passes		1755
# of unexpected failures	2
# of unsupported tests		24

Running target unix/-fstack-protector
FAIL: objc/execute/exceptions/foward-1.m execution,  -O3 -fomit-frame-pointer -funroll-loops 
FAIL: objc/execute/exceptions/foward-1.m execution,  -O3 -fomit-frame-pointer -funroll-all-loops -finline-functions 
WARNING: Could not compile objc.dg/gnu-encoding/struct-layout-encoding-1 generator

		=== objc Summary for unix/-fstack-protector ===

# of expected passes		1755
# of unexpected failures	2
# of unsupported tests		24

Running target unix/-m64
FAIL: objc/execute/exceptions/foward-1.m execution,  -O3 -fomit-frame-pointer -funroll-loops 
FAIL: objc/execute/exceptions/foward-1.m execution,  -O3 -fomit-frame-pointer -funroll-all-loops -finline-functions 
WARNING: Could not compile objc.dg/gnu-encoding/struct-layout-encoding-1 generator

		=== objc Summary for unix/-m64 ===

# of expected passes		1755
# of unexpected failures	2
# of unsupported tests		24

		=== objc Summary ===

# of expected passes		5265
# of unexpected failures	6
# of unsupported tests		72
/build/buildd/gcc-4.3-4.3.0/build/gcc/xgcc  version 4.3.1 20080309 (prerelease) (Debian 4.3.0-1) 

		=== libffi tests ===


Running target unix
FAIL: libffi.call/return_sc.c -O0 -W -Wall execution test

		=== libffi Summary for unix ===

# of expected passes		1388
# of unexpected failures	1
# of unsupported tests		10

Running target unix/-fstack-protector
FAIL: libffi.call/return_sc.c -O0 -W -Wall execution test

		=== libffi Summary for unix/-fstack-protector ===

# of expected passes		1388
# of unexpected failures	1
# of unsupported tests		10

Running target unix/-m64

		=== libffi Summary for unix/-m64 ===

# of expected passes		1389
# of unsupported tests		10

		=== libffi Summary ===

# of expected passes		4165
# of unexpected failures	2
# of unsupported tests		30
		=== libgomp tests ===


Running target unix

		=== libgomp Summary for unix ===

# of expected passes		1687
# of unsupported tests		7

Running target unix/-fstack-protector

		=== libgomp Summary for unix/-fstack-protector ===

# of expected passes		1687
# of unsupported tests		7

Running target unix/-m64

		=== libgomp Summary for unix/-m64 ===

# of expected passes		1687
# of unsupported tests		7

		=== libgomp Summary ===

# of expected passes		5061
# of unsupported tests		21
		=== libmudflap tests ===


Running target unix
FAIL: libmudflap.c/pass54-frag.c execution test
FAIL: libmudflap.c/pass54-frag.c execution test
FAIL: libmudflap.c/pass54-frag.c (-static) execution test
FAIL: libmudflap.c/pass54-frag.c (-static) execution test
FAIL: libmudflap.c++/pass41-frag.cxx execution test
FAIL: libmudflap.c++/pass41-frag.cxx (-static) execution test
FAIL: libmudflap.c++/pass41-frag.cxx ( -O) execution test
FAIL: libmudflap.c++/pass41-frag.cxx (-O2) execution test
FAIL: libmudflap.c++/pass41-frag.cxx (-O3) execution test

		=== libmudflap Summary for unix ===

# of expected passes		1840
# of unexpected failures	9

Running target unix/-fstack-protector
FAIL: libmudflap.c/pass54-frag.c execution test
FAIL: libmudflap.c/pass54-frag.c execution test
FAIL: libmudflap.c/pass54-frag.c (-static) execution test
FAIL: libmudflap.c/pass54-frag.c (-static) execution test
FAIL: libmudflap.c++/pass41-frag.cxx execution test
FAIL: libmudflap.c++/pass41-frag.cxx (-static) execution test
FAIL: libmudflap.c++/pass41-frag.cxx ( -O) execution test
FAIL: libmudflap.c++/pass41-frag.cxx (-O2) execution test
FAIL: libmudflap.c++/pass41-frag.cxx (-O3) execution test

		=== libmudflap Summary for unix/-fstack-protector ===

# of expected passes		1840
# of unexpected failures	9

Running target unix/-m64
FAIL: libmudflap.c/pass54-frag.c execution test
FAIL: libmudflap.c/pass54-frag.c execution test
FAIL: libmudflap.c/fail27-frag.c (-static) output pattern test
FAIL: libmudflap.c/pass54-frag.c (-static) execution test
FAIL: libmudflap.c/pass54-frag.c (-static) execution test
FAIL: libmudflap.c++/pass41-frag.cxx execution test
FAIL: libmudflap.c++/pass41-frag.cxx (-static) execution test
FAIL: libmudflap.c++/pass41-frag.cxx ( -O) execution test
FAIL: libmudflap.c++/pass41-frag.cxx (-O2) execution test
FAIL: libmudflap.c++/pass41-frag.cxx (-O3) execution test

		=== libmudflap Summary for unix/-m64 ===

# of expected passes		1839
# of unexpected failures	10

		=== libmudflap Summary ===

# of expected passes		5519
# of unexpected failures	28
		=== libstdc++ tests ===


Running target unix
XPASS: 26_numerics/headers/cmath/c99_classification_macros_c.cc (test for excess errors)
FAIL: 27_io/ios_base/storage/2.cc execution test

		=== libstdc++ Summary for unix ===

# of expected passes		4930
# of unexpected failures	1
# of unexpected successes	1
# of expected failures		59
# of unsupported tests		326

Running target unix/-fstack-protector
XPASS: 26_numerics/headers/cmath/c99_classification_macros_c.cc (test for excess errors)
FAIL: 27_io/ios_base/storage/2.cc execution test

		=== libstdc++ Summary for unix/-fstack-protector ===

# of expected passes		4930
# of unexpected failures	1
# of unexpected successes	1
# of expected failures		59
# of unsupported tests		326

Running target unix/-m64
XPASS: 26_numerics/headers/cmath/c99_classification_macros_c.cc (test for excess errors)
FAIL: 27_io/basic_filebuf/close/char/4879.cc execution test
FAIL: 27_io/basic_filebuf/close/char/9964.cc execution test
FAIL: 27_io/basic_filebuf/seekoff/char/26777.cc execution test
FAIL: 27_io/basic_filebuf/underflow/char/10097.cc execution test
FAIL: 27_io/ios_base/storage/2.cc execution test
FAIL: 27_io/objects/char/7.cc execution test
FAIL: 27_io/objects/char/9661-1.cc execution test
FAIL: 27_io/objects/wchar_t/7.cc execution test
FAIL: 27_io/objects/wchar_t/9661-1.cc execution test

		=== libstdc++ Summary for unix/-m64 ===

# of expected passes		4922
# of unexpected failures	9
# of unexpected successes	1
# of expected failures		59
# of unsupported tests		326

		=== libstdc++ Summary ===

# of expected passes		14782
# of unexpected failures	11
# of unexpected successes	3
# of expected failures		177
# of unsupported tests		978

Compiler version: 4.3.1 20080309 (prerelease) (Debian 4.3.0-1) 
Platform: sparc-unknown-linux-gnu
configure flags: linux gnu,g
BOOT_CFLAGS=


Build Dependencies:
Desired=Unknown/Install/Remove/Purge/Hold
| Status=Not/Installed/Config-files/Unpacked/Failed-config/Half-installed
|/ Err?=(none)/Hold/Reinst-required/X=both-problems (Status,Err: uppercase=bad)
||/ Name                                  Version              Description
+++-=====================================-====================-==============================================
ii  binutils                              2.18.1~cvs20080103-1 The GNU assembler, linker and binary utilities
ii  libc6                                 2.7-6                GNU C Library: Shared libraries


Patches that Debian applied in this version:

svn-updates:
  updates from the 4.3 branch upto 20080309.

gcc-textdomain:
  Set gettext's domain and textdomain to the versioned package name.

gcc-driver-extra-langs:
  Add options and specs for languages that are not built from a source
  (but built from separate sources).

gcc-hash-style-both:
  Link using --hash-style=both (alpha, amd64, ia64, i386, powerpc, ppc64, s390, sparc)

libstdc++-pic:
  Build and install libstdc++_pic.a library.

libstdc++-doclink:
  adjust hrefs to point to the local documentation

libobjc-gc-link:
  Link libobjc_gc with libgcjgc_convenience.la.

libjava-stacktrace:
  libgcj: Lookup source file name and line number in separated
  debug files found in /usr/lib/debug

libjava-subdir:
  - Set the libjava sublibdir to /usr/lib/gcj-4.3
  - Set the default libgcj database dir to /var/lib/gcj-4.3

libjava-jnipath:
  - Add /usr/lib/jni to java.library.path.
  - When running the i386 binaries on amd64, look in
  - /usr/lib32/gcj-x.y and /usr/lib32/jni instead.

libjava-sjlj:
  Don't try to use _Unwind_Backtrace on SJLJ targets.
  See bug #387875, #388505, GCC PR 29206.

libjava-rpath:
  - Link ecjx with -rpath \$(dbexecdir)

libjava-jar:
  gjar: support @ arguments.

libjava-soname:
  Bump the libgcj soversion.

libjava-xulrunner1.9:
  Add configure check for xulrunner-1.9.

libffi-configure:
  Add --enable-libffi option to toplevel configure script

pr28102:
  Apply proposed fix for PR target/28102.

alpha-no-ev4-directive:

boehm-gc-getnprocs:
  boehm-gc/pthread_support.c (GC_get_nprocs): Use sysconf as fallback.

note-gnu-stack:
  Add .note.GNU-stack sections for gcc's crt files, libffi and boehm-gc
  Taken from FC.

arm-unbreak-eabi-armv4t:
  Fix armv4t build on ARM

libjava-armel-ldflags:
  Adjust libjava extra_ldflags for armel.

pr24170:
  Fix PR libgcj/24170.

pr28322:
  Fix PR other/28322, GCC new warnings and compatibility.

libssp-gnu:
  GNU/k*BSD support

deb-protoize:
  build protoize/unprotoize binaries

cpu-default-i486:
  set default 32bit ix86 architecture to i486

multiarch-include:
  biarch-include.dpatch
  
  Adds biarch include directories
  /usr/local/include/<arch>-linux-gnu
  /usr/include/<arch>-linux-gnu
  to the system include paths, depending on 32/64 bit mode.

gcc-ice-hack:
  Retry the build on an ice, save the calling options and preprocessed
  source when the ice is reproducible.

libjava-disable-static:
  Disable building the static libjava.

gcc-ice-apport:
  Report an ICE to apport (if apport is available
  and the environment variable GCC_NOAPPORT is not set)

libjava-nobiarch-check:
  For biarch builds, disable the testsuite for the non-default architecture
  for runtime libraries, which are not built by default (libjava).

config-ml:
  disable some biarch libraries for biarch builds

sparc-biarch:
  Enable biarch support for the 32bit sparc compiler

Counting all warnings,
there are 0 warnings in stage3 of this bootstrap.

Number of warnings per file:

Number of warning types:


Index Nav: [Date Index] [Subject Index] [Author Index] [Thread Index]
Message Nav: [Date Prev] [Date Next] [Thread Prev] [Thread Next]