This is the mail archive of the
gcc-testresults@gcc.gnu.org
mailing list for the GCC project.
Results for 4.4.0 20080311 (experimental) (GCC) testsuite on i686-pc-linux-gnu
- From: CodeSourcery Automatic Testing System <gcc at codesourcery dot com>
- To: gcc-testresults at gcc dot gnu dot org
- Date: Tue, 11 Mar 2008 07:36:20 -0700
- Subject: Results for 4.4.0 20080311 (experimental) (GCC) testsuite on i686-pc-linux-gnu
LAST_UPDATED: Tue Mar 11 07:19:20 UTC 2008 (/trunk revision 133101)
Native configuration is i686-pc-linux-gnu
=== g++ tests ===
Running target localhost
=== g++ Summary ===
# of expected passes 17544
# of expected failures 82
# of unsupported tests 89
/scratch/gcc/nightly-2008-03-11-mainline/i686-pc-linux-gnu/build_gcc/build/test-mainline-0-i686-pc-linux-gnu/host-i686-pc-linux-gnu/fsf-mainline/bin/i686-pc-linux-gnu-g++ version 4.4.0 20080311 (experimental) (GCC)
=== gcc tests ===
Running target localhost
=== gcc Summary ===
# of expected passes 49087
# of expected failures 169
# of untested testcases 35
# of unsupported tests 264
/scratch/gcc/nightly-2008-03-11-mainline/i686-pc-linux-gnu/build_gcc/build/test-mainline-0-i686-pc-linux-gnu/host-i686-pc-linux-gnu/fsf-mainline/bin/i686-pc-linux-gnu-gcc version 4.4.0 20080311 (experimental) (GCC)
=== libstdc++ tests ===
Running target localhost
=== libstdc++ Summary ===
# of expected passes 5597
# of expected failures 65
# of unsupported tests 12
=== g++ tests ===
Running target localhost/-m64
FAIL: g++.dg/inherit/override-attribs.C (test for errors, line 7)
FAIL: g++.dg/inherit/override-attribs.C (test for errors, line 14)
FAIL: g++.dg/inherit/override-attribs.C (test for excess errors)
=== g++ Summary ===
# of expected passes 17456
# of unexpected failures 3
# of expected failures 82
# of unsupported tests 119
/scratch/gcc/nightly-2008-03-11-mainline/i686-pc-linux-gnu/build_gcc/build/test-mainline-0-i686-pc-linux-gnu/host-i686-pc-linux-gnu/fsf-mainline/bin/i686-pc-linux-gnu-g++ version 4.4.0 20080311 (experimental) (GCC)
=== gcc tests ===
Running target localhost/-m64
FAIL: gcc.dg/tree-prof/pr34999.c compilation, -fprofile-use -D_PROFILE_USE
UNRESOLVED: gcc.dg/tree-prof/pr34999.c execution, -fprofile-use -D_PROFILE_USE
FAIL: gcc.dg/tree-ssa/ldist-4.c scan-tree-dump-times ldist "distributed: split to 2 loops" 0
=== gcc Summary ===
# of expected passes 48946
# of unexpected failures 2
# of expected failures 168
# of unresolved testcases 1
# of untested testcases 35
# of unsupported tests 377
/scratch/gcc/nightly-2008-03-11-mainline/i686-pc-linux-gnu/build_gcc/build/test-mainline-0-i686-pc-linux-gnu/host-i686-pc-linux-gnu/fsf-mainline/bin/i686-pc-linux-gnu-gcc version 4.4.0 20080311 (experimental) (GCC)
=== libstdc++ tests ===
Running target localhost/-m64
=== libstdc++ Summary ===
# of expected passes 5597
# of expected failures 65
# of unsupported tests 12
Compiler version: 4.4.0 20080311 (experimental) (GCC)
Platform: i686-pc-linux-gnu
configure flags: --build=i686-pc-linux-gnu --host=i686-pc-linux-gnu --target=i686-pc-linux-gnu --enable-threads --disable-libmudflap --disable-libssp --disable-libgomp --disable-libstdcxx-pch --enable-targets=all --with-gnu-as --with-gnu-ld --enable-languages=c,c++ --enable-shared --disable-nls --prefix=/opt/codesourcery --with-gmp=/scratch/gcc/nightly-2008-03-11-mainline/i686-pc-linux-gnu/build_gcc/build/host-libs-mainline-0-i686-pc-linux-gnu-i686-pc-linux-gnu/usr --with-mpfr=/scratch/gcc/nightly-2008-03-11-mainline/i686-pc-linux-gnu/build_gcc/build/host-libs-mainline-0-i686-pc-linux-gnu-i686-pc-linux-gnu/usr --with-build-time-tools=/scratch/gcc/nightly-2008-03-11-mainline/i686-pc-linux-gnu/build_gcc/install/i686-pc-linux-gnu/bin --with-build-time-tools=/scratch/gcc/nightly-2008-03-11-mainline/i686-pc-linux-gnu/build_gcc/install/i686-pc-linux-gnu/bin