This is the mail archive of the
gcc-testresults@gcc.gnu.org
mailing list for the GCC project.
Results for 4.4.0 20080308 (experimental) [trunk revision 133036] (GCC) testsuite on powerpc64-suse-linux-gnu
- From: Andreas Jaeger <aj at suse dot de>
- To: gcc-testresults at gcc dot gnu dot org
- Date: Sat, 8 Mar 2008 23:48:02 UT
- Subject: Results for 4.4.0 20080308 (experimental) [trunk revision 133036] (GCC) testsuite on powerpc64-suse-linux-gnu
Bootstrap and regtesting on powerpc64-suse-linux-gnu.
SVN sources: mainline.
LAST_UPDATED: Sat Mar 8 17:25:29 UTC 2008 (revision 133036)
Native configuration is powerpc64-suse-linux-gnu
=== gcc tests ===
Running target unix/-m64
FAIL: gcc.c-torture/compile/pr11832.c -O0 (internal compiler error)
FAIL: gcc.c-torture/compile/pr11832.c -O0 (test for excess errors)
FAIL: gcc.c-torture/compile/pr11832.c -O1 (internal compiler error)
FAIL: gcc.c-torture/compile/pr11832.c -O1 (test for excess errors)
FAIL: gcc.c-torture/compile/pr11832.c -O2 (internal compiler error)
FAIL: gcc.c-torture/compile/pr11832.c -O2 (test for excess errors)
FAIL: gcc.c-torture/compile/pr11832.c -O3 -fomit-frame-pointer (internal compiler error)
FAIL: gcc.c-torture/compile/pr11832.c -O3 -fomit-frame-pointer (test for excess errors)
FAIL: gcc.c-torture/compile/pr11832.c -O3 -g (internal compiler error)
FAIL: gcc.c-torture/compile/pr11832.c -O3 -g (test for excess errors)
FAIL: gcc.c-torture/compile/pr11832.c -Os (internal compiler error)
FAIL: gcc.c-torture/compile/pr11832.c -Os (test for excess errors)
FAIL: gcc.c-torture/compile/pr33009.c -O0 (internal compiler error)
FAIL: gcc.c-torture/compile/pr33009.c -O0 (test for excess errors)
FAIL: gcc.c-torture/compile/pr33009.c -O1 (internal compiler error)
FAIL: gcc.c-torture/compile/pr33009.c -O1 (test for excess errors)
FAIL: gcc.c-torture/compile/pr33009.c -O2 (internal compiler error)
FAIL: gcc.c-torture/compile/pr33009.c -O2 (test for excess errors)
FAIL: gcc.c-torture/compile/pr33009.c -O3 -fomit-frame-pointer (internal compiler error)
FAIL: gcc.c-torture/compile/pr33009.c -O3 -fomit-frame-pointer (test for excess errors)
FAIL: gcc.c-torture/compile/pr33009.c -O3 -fomit-frame-pointer -funroll-loops (internal compiler error)
FAIL: gcc.c-torture/compile/pr33009.c -O3 -fomit-frame-pointer -funroll-loops (test for excess errors)
FAIL: gcc.c-torture/compile/pr33009.c -O3 -fomit-frame-pointer -funroll-all-loops -finline-functions (internal compiler error)
FAIL: gcc.c-torture/compile/pr33009.c -O3 -fomit-frame-pointer -funroll-all-loops -finline-functions (test for excess errors)
FAIL: gcc.c-torture/compile/pr33009.c -O3 -g (internal compiler error)
FAIL: gcc.c-torture/compile/pr33009.c -O3 -g (test for excess errors)
FAIL: gcc.c-torture/compile/pr33009.c -Os (internal compiler error)
FAIL: gcc.c-torture/compile/pr33009.c -Os (test for excess errors)
XPASS: gcc.dg/cpp/cmdlne-dI-M.c scan-file (^|\\\\n)cmdlne-dI-M.*:[^\\\\n]*cmdlne-dI-M.c
XPASS: gcc.dg/cpp/cmdlne-dM-M.c scan-file (^|\\\\n)cmdlne-dM-M[^\\\\n]*:[^\\\\n]*cmdlne-dM-M.c
FAIL: gcc.dg/dfp/convert-bfp-3.c execution test
FAIL: gcc.dg/and-1.c scan-assembler-not nand
FAIL: gcc.dg/torture/builtin-math-4.c -O0 (test for excess errors)
FAIL: gcc.dg/torture/builtin-math-4.c -O1 (test for excess errors)
FAIL: gcc.dg/torture/builtin-math-4.c -O2 (test for excess errors)
FAIL: gcc.dg/torture/builtin-math-4.c -O3 -fomit-frame-pointer (test for excess errors)
FAIL: gcc.dg/torture/builtin-math-4.c -O3 -fomit-frame-pointer -funroll-loops (test for excess errors)
FAIL: gcc.dg/torture/builtin-math-4.c -O3 -fomit-frame-pointer -funroll-all-loops -finline-functions (test for excess errors)
FAIL: gcc.dg/torture/builtin-math-4.c -O3 -g (test for excess errors)
FAIL: gcc.dg/torture/builtin-math-4.c -Os (test for excess errors)
FAIL: gcc.dg/torture/builtin-modf-1.c -O0 (test for excess errors)
FAIL: gcc.dg/torture/builtin-modf-1.c -O1 (test for excess errors)
FAIL: gcc.dg/torture/builtin-modf-1.c -O2 (test for excess errors)
FAIL: gcc.dg/torture/builtin-modf-1.c -O3 -fomit-frame-pointer (test for excess errors)
FAIL: gcc.dg/torture/builtin-modf-1.c -O3 -fomit-frame-pointer -funroll-loops (test for excess errors)
FAIL: gcc.dg/torture/builtin-modf-1.c -O3 -fomit-frame-pointer -funroll-all-loops -finline-functions (test for excess errors)
FAIL: gcc.dg/torture/builtin-modf-1.c -O3 -g (test for excess errors)
FAIL: gcc.dg/torture/builtin-modf-1.c -Os (test for excess errors)
FAIL: gcc.dg/tree-ssa/ldist-4.c scan-tree-dump-times ldist "distributed: split to 2 loops" 0
XPASS: gcc.dg/tree-ssa/sra-2.c scan-tree-dump-times optimized "link_error" 0
FAIL: gcc.dg/vect/costmodel/ppc/costmodel-vect-31d.c scan-tree-dump-times vect "vectorization not profitable" 1
FAIL: gcc.dg/vect/costmodel/ppc/costmodel-vect-31d.c scan-tree-dump-times vect "vectorized 1 loops" 0
FAIL: gcc.dg/vect/costmodel/ppc/costmodel-vect-68d.c scan-tree-dump-times vect "vectorization not profitable" 1
FAIL: gcc.dg/vect/costmodel/ppc/costmodel-vect-68d.c scan-tree-dump-times vect "vectorized 1 loops" 0
FAIL: gcc.dg/vect/pr33953.c scan-tree-dump-times vect "vectorized 1 loops" 1
FAIL: gcc.dg/vect/pr33953.c scan-tree-dump-times vect "vectorizing stmts using SLP" 1
FAIL: gcc.target/powerpc/ppc-negeq0-1.c scan-assembler-not cntlzw
=== gcc Summary for unix/-m64 ===
# of expected passes 49246
# of unexpected failures 54
# of unexpected successes 3
# of expected failures 168
# of untested testcases 35
# of unsupported tests 441
Running target unix
FAIL: gcc.c-torture/compile/pr11832.c -O0 (internal compiler error)
FAIL: gcc.c-torture/compile/pr11832.c -O0 (test for excess errors)
FAIL: gcc.c-torture/compile/pr11832.c -O1 (internal compiler error)
FAIL: gcc.c-torture/compile/pr11832.c -O1 (test for excess errors)
FAIL: gcc.c-torture/compile/pr11832.c -O2 (internal compiler error)
FAIL: gcc.c-torture/compile/pr11832.c -O2 (test for excess errors)
FAIL: gcc.c-torture/compile/pr11832.c -O3 -fomit-frame-pointer (internal compiler error)
FAIL: gcc.c-torture/compile/pr11832.c -O3 -fomit-frame-pointer (test for excess errors)
FAIL: gcc.c-torture/compile/pr11832.c -O3 -g (internal compiler error)
FAIL: gcc.c-torture/compile/pr11832.c -O3 -g (test for excess errors)
FAIL: gcc.c-torture/compile/pr11832.c -Os (internal compiler error)
FAIL: gcc.c-torture/compile/pr11832.c -Os (test for excess errors)
FAIL: gcc.c-torture/compile/pr33009.c -O0 (internal compiler error)
FAIL: gcc.c-torture/compile/pr33009.c -O0 (test for excess errors)
FAIL: gcc.c-torture/compile/pr33009.c -O1 (internal compiler error)
FAIL: gcc.c-torture/compile/pr33009.c -O1 (test for excess errors)
FAIL: gcc.c-torture/compile/pr33009.c -O2 (internal compiler error)
FAIL: gcc.c-torture/compile/pr33009.c -O2 (test for excess errors)
FAIL: gcc.c-torture/compile/pr33009.c -O3 -fomit-frame-pointer (internal compiler error)
FAIL: gcc.c-torture/compile/pr33009.c -O3 -fomit-frame-pointer (test for excess errors)
FAIL: gcc.c-torture/compile/pr33009.c -O3 -fomit-frame-pointer -funroll-loops (internal compiler error)
FAIL: gcc.c-torture/compile/pr33009.c -O3 -fomit-frame-pointer -funroll-loops (test for excess errors)
FAIL: gcc.c-torture/compile/pr33009.c -O3 -fomit-frame-pointer -funroll-all-loops -finline-functions (internal compiler error)
FAIL: gcc.c-torture/compile/pr33009.c -O3 -fomit-frame-pointer -funroll-all-loops -finline-functions (test for excess errors)
FAIL: gcc.c-torture/compile/pr33009.c -O3 -g (internal compiler error)
FAIL: gcc.c-torture/compile/pr33009.c -O3 -g (test for excess errors)
FAIL: gcc.c-torture/compile/pr33009.c -Os (internal compiler error)
FAIL: gcc.c-torture/compile/pr33009.c -Os (test for excess errors)
XPASS: gcc.dg/cpp/cmdlne-dI-M.c scan-file (^|\\\\n)cmdlne-dI-M.*:[^\\\\n]*cmdlne-dI-M.c
XPASS: gcc.dg/cpp/cmdlne-dM-M.c scan-file (^|\\\\n)cmdlne-dM-M[^\\\\n]*:[^\\\\n]*cmdlne-dM-M.c
FAIL: gcc.dg/dfp/convert-bfp-3.c execution test
FAIL: gcc.dg/and-1.c scan-assembler-not nand
FAIL: gcc.dg/memcpy-1.c scan-tree-dump-times optimized "nasty_local" 0
FAIL: gcc.dg/pr34856.c (test for excess errors)
FAIL: gcc.dg/torture/builtin-math-4.c -O0 (test for excess errors)
FAIL: gcc.dg/torture/builtin-math-4.c -O1 (test for excess errors)
FAIL: gcc.dg/torture/builtin-math-4.c -O2 (test for excess errors)
FAIL: gcc.dg/torture/builtin-math-4.c -O3 -fomit-frame-pointer (test for excess errors)
FAIL: gcc.dg/torture/builtin-math-4.c -O3 -fomit-frame-pointer -funroll-loops (test for excess errors)
FAIL: gcc.dg/torture/builtin-math-4.c -O3 -fomit-frame-pointer -funroll-all-loops -finline-functions (test for excess errors)
FAIL: gcc.dg/torture/builtin-math-4.c -O3 -g (test for excess errors)
FAIL: gcc.dg/torture/builtin-math-4.c -Os (test for excess errors)
FAIL: gcc.dg/torture/builtin-modf-1.c -O0 (test for excess errors)
FAIL: gcc.dg/torture/builtin-modf-1.c -O1 (test for excess errors)
FAIL: gcc.dg/torture/builtin-modf-1.c -O2 (test for excess errors)
FAIL: gcc.dg/torture/builtin-modf-1.c -O3 -fomit-frame-pointer (test for excess errors)
FAIL: gcc.dg/torture/builtin-modf-1.c -O3 -fomit-frame-pointer -funroll-loops (test for excess errors)
FAIL: gcc.dg/torture/builtin-modf-1.c -O3 -fomit-frame-pointer -funroll-all-loops -finline-functions (test for excess errors)
FAIL: gcc.dg/torture/builtin-modf-1.c -O3 -g (test for excess errors)
FAIL: gcc.dg/torture/builtin-modf-1.c -Os (test for excess errors)
FAIL: gcc.dg/vect/costmodel/ppc/costmodel-vect-31d.c scan-tree-dump-times vect "vectorization not profitable" 1
FAIL: gcc.dg/vect/costmodel/ppc/costmodel-vect-31d.c scan-tree-dump-times vect "vectorized 1 loops" 0
FAIL: gcc.dg/vect/costmodel/ppc/costmodel-vect-68d.c scan-tree-dump-times vect "vectorization not profitable" 1
FAIL: gcc.dg/vect/costmodel/ppc/costmodel-vect-68d.c scan-tree-dump-times vect "vectorized 1 loops" 0
FAIL: gcc.dg/vect/pr33953.c scan-tree-dump-times vect "vectorized 1 loops" 1
FAIL: gcc.dg/vect/pr33953.c scan-tree-dump-times vect "vectorizing stmts using SLP" 1
=== gcc Summary for unix ===
# of expected passes 49410
# of unexpected failures 54
# of unexpected successes 2
# of expected failures 168
# of untested testcases 35
# of unsupported tests 370
=== gcc Summary ===
# of expected passes 98656
# of unexpected failures 108
# of unexpected successes 5
# of expected failures 336
# of untested testcases 70
# of unsupported tests 811
/abuild/aj/gcc.new/gcc/xgcc version 4.4.0 20080308 (experimental) [trunk revision 133036] (GCC)
=== gfortran tests ===
Running target unix/-m64
FAIL: gfortran.dg/ldist-1.f90 -O scan-tree-dump-times ldist "distributed: split to 4 loops" 1
XPASS: gfortran.dg/nint_2.f90 -O1 execution test
XPASS: gfortran.dg/nint_2.f90 -O2 execution test
XPASS: gfortran.dg/nint_2.f90 -O3 -fomit-frame-pointer execution test
XPASS: gfortran.dg/nint_2.f90 -O3 -fomit-frame-pointer -funroll-loops execution test
XPASS: gfortran.dg/nint_2.f90 -O3 -fomit-frame-pointer -funroll-all-loops -finline-functions execution test
XPASS: gfortran.dg/nint_2.f90 -O3 -g execution test
XPASS: gfortran.dg/nint_2.f90 -Os execution test
=== gfortran Summary for unix/-m64 ===
# of expected passes 23851
# of unexpected failures 1
# of unexpected successes 7
# of expected failures 28
# of unsupported tests 21
Running target unix
XPASS: gfortran.dg/nint_2.f90 -O1 execution test
XPASS: gfortran.dg/nint_2.f90 -O2 execution test
XPASS: gfortran.dg/nint_2.f90 -O3 -fomit-frame-pointer execution test
XPASS: gfortran.dg/nint_2.f90 -O3 -fomit-frame-pointer -funroll-loops execution test
XPASS: gfortran.dg/nint_2.f90 -O3 -fomit-frame-pointer -funroll-all-loops -finline-functions execution test
XPASS: gfortran.dg/nint_2.f90 -O3 -g execution test
XPASS: gfortran.dg/nint_2.f90 -Os execution test
=== gfortran Summary for unix ===
# of expected passes 23820
# of unexpected successes 7
# of expected failures 28
# of unsupported tests 37
=== gfortran Summary ===
# of expected passes 47671
# of unexpected failures 1
# of unexpected successes 14
# of expected failures 56
# of unsupported tests 58
/abuild/aj/gcc.new/gcc/testsuite/gfortran/../../gfortran version 4.4.0 20080308 (experimental) [trunk revision 133036] (GCC)
=== g++ tests ===
Running target unix/-m64
FAIL: g++.dg/other/anon5.C (test for errors, line 14)
FAIL: g++.dg/other/anon5.C (test for excess errors)
=== g++ Summary for unix/-m64 ===
# of expected passes 17502
# of unexpected failures 2
# of expected failures 82
# of unsupported tests 122
Running target unix
=== g++ Summary for unix ===
# of expected passes 17542
# of expected failures 82
# of unsupported tests 119
=== g++ Summary ===
# of expected passes 35044
# of unexpected failures 2
# of expected failures 164
# of unsupported tests 241
/abuild/aj/gcc.new/gcc/testsuite/g++/../../g++ version 4.4.0 20080308 (experimental) [trunk revision 133036] (GCC)
=== objc tests ===
Running target unix/-m64
=== objc Summary for unix/-m64 ===
# of expected passes 1812
# of expected failures 7
# of unsupported tests 24
Running target unix
=== objc Summary for unix ===
# of expected passes 1812
# of expected failures 7
# of unsupported tests 24
=== objc Summary ===
# of expected passes 3624
# of expected failures 14
# of unsupported tests 48
/abuild/aj/gcc.new/gcc/xgcc version 4.4.0 20080308 (experimental) [trunk revision 133036] (GCC)
=== libffi tests ===
Running target unix/-m64
=== libffi Summary for unix/-m64 ===
# of expected passes 1389
# of unsupported tests 10
Running target unix
=== libffi Summary for unix ===
# of expected passes 1389
# of unsupported tests 10
=== libffi Summary ===
# of expected passes 2778
# of unsupported tests 20
=== libgomp tests ===
Running target unix/-m64
=== libgomp Summary for unix/-m64 ===
# of expected passes 1701
Running target unix
=== libgomp Summary for unix ===
# of expected passes 1701
=== libgomp Summary ===
# of expected passes 3402
=== libjava tests ===
Running target unix/-m64
FAIL: getlocalvartable output
=== libjava Summary for unix/-m64 ===
# of expected passes 2549
# of unexpected failures 1
Running target unix
=== libjava Summary for unix ===
# of expected passes 2550
=== libjava Summary ===
# of expected passes 5099
# of unexpected failures 1
=== libmudflap tests ===
Running target unix/-m64
FAIL: libmudflap.c/fail27-frag.c output pattern test
FAIL: libmudflap.c/fail27-frag.c (-static) output pattern test
FAIL: libmudflap.c/fail27-frag.c (-O2) output pattern test
FAIL: libmudflap.c/fail27-frag.c (-O3) output pattern test
=== libmudflap Summary for unix/-m64 ===
# of expected passes 1845
# of unexpected failures 4
Running target unix
=== libmudflap Summary for unix ===
# of expected passes 1849
=== libmudflap Summary ===
# of expected passes 3694
# of unexpected failures 4
=== libstdc++ tests ===
Running target unix/-m64
FAIL: abi_check
XPASS: 26_numerics/complex/13450.cc execution test
XPASS: 26_numerics/complex/complex_value.cc execution test
XPASS: 26_numerics/complex/pow.cc execution test
XPASS: 26_numerics/headers/cmath/c99_classification_macros_c.cc (test for excess errors)
=== libstdc++ Summary for unix/-m64 ===
# of expected passes 5598
# of unexpected failures 1
# of unexpected successes 4
# of expected failures 64
# of unsupported tests 10
Running target unix
FAIL: abi_check
XPASS: 26_numerics/headers/cmath/c99_classification_macros_c.cc (test for excess errors)
=== libstdc++ Summary for unix ===
# of expected passes 5601
# of unexpected failures 1
# of unexpected successes 1
# of expected failures 64
# of unsupported tests 10
=== libstdc++ Summary ===
# of expected passes 11199
# of unexpected failures 2
# of unexpected successes 5
# of expected failures 128
# of unsupported tests 20
Compiler version: 4.4.0 20080308 (experimental) [trunk revision 133036] (GCC)
Platform: powerpc64-suse-linux-gnu
configure flags: --prefix=/opt/gcc/4.4-devel --enable-checking=yes,rtl --enable-decimal-float --enable-threads=posix --enable-clocale=gnu --enable-ssp --disable-libssp --enable-libstdcxx-allocator=new --enable-__cxa_atexit --enable-shared --enable-languages=c,c++,java,fortran,objc --with-system-zlib --with-cpu=default32 --with-long-double-128 --enable-secureplt powerpc64-suse-linux-gnu
Version of binutils: GNU ld (GNU Binutils) 2.17.50.20070726-14 (SUSE Linux)
Version of glibc (/lib/libc.so.6): 2.6.1 (20070803)