This is the mail archive of the
gcc-testresults@gcc.gnu.org
mailing list for the GCC project.
Results for 4.3.0 20080211 (experimental) [ira revision 133017] (GCC) testsuite on x86_64-unknown-linux-gnu
- From: Mike Stein <mstein dot lists at googlemail dot com>
- To: gcc-testresults at gcc dot gnu dot org
- Date: Sat, 8 Mar 2008 23:50:27 +0100
- Subject: Results for 4.3.0 20080211 (experimental) [ira revision 133017] (GCC) testsuite on x86_64-unknown-linux-gnu
- Reply-to: gcc at gcc dot gnu dot org
LAST_UPDATED: Fri Mar 7 23:10:36 UTC 2008 (revision 133017)
Native configuration is x86_64-unknown-linux-gnu
=== gcc tests ===
Running target unix
FAIL: gcc.c-torture/compile/limits-structnest.c -O2 (test for excess errors)
FAIL: gcc.c-torture/compile/limits-structnest.c -O3 -fomit-frame-pointer (test for excess errors)
FAIL: gcc.c-torture/compile/limits-structnest.c -O3 -g (test for excess errors)
FAIL: gcc.c-torture/compile/limits-structnest.c -Os (test for excess errors)
=== gcc Summary ===
# of expected passes 48477
# of unexpected failures 4
# of expected failures 166
# of untested testcases 35
# of unsupported tests 464
/home/mstein/obj/ira/gcc/xgcc version 4.3.0 20080211 (experimental) [ira revision 133017] (GCC)
=== libgomp tests ===
Running target unix
=== libgomp Summary ===
# of expected passes 165
=== libmudflap tests ===
Running target unix
=== libmudflap Summary ===
# of expected passes 1700
# of unsupported tests 2
Compiler version: 4.3.0 20080211 (experimental) [ira revision 133017] (GCC)
Platform: x86_64-unknown-linux-gnu
configure flags: --enable-languages=c --disable-nls --prefix=/home/mstein/host-gcc/ira-2008-03-08 --with-mpfr=/opt/cfarm/mpfr-2.3.1