This is the mail archive of the gcc-testresults@gcc.gnu.org mailing list for the GCC project.


Index Nav: [Date Index] [Subject Index] [Author Index] [Thread Index]
Message Nav: [Date Prev] [Date Next] [Thread Prev] [Thread Next]
Other format: [Raw text]

Results for 4.3.0 (GCC) testsuite on sparc-sun-solaris2.6


Building with posix95 threads needs a small fix.
There's a missing & in line 744 in gthr-posix95.c

Built with:
native as (108908-02)
native ld (107733-11)
gmp 4.2.2
mpfr 2.3.1

Bootstrap compiler:
Using built-in specs.
Target: sparc-sun-solaris2.6
Configured with: ../gcc-4.2.3/configure --prefix=/usr/tgcware/gcc-4.2.3 --with-local-prefix=/usr/tgcware/gcc-4.2.3 --with-gmp=/usr/tgcware --with-mpfr=/usr/tgcware --disable-nls --enable-shared --enable-languages=c,ada,c++,fortran,java,objc,obj-c++
Thread model: posix95
gcc version 4.2.3

LAST_UPDATED: Obtained from SVN: tags/gcc_4_3_0_release revision 132947

		=== acats tests ===
FAIL:	c3a2003
FAIL:	c460001
FAIL:	c460002

		=== acats Summary ===
# of expected passes		2312
# of unexpected failures	3
Native configuration is sparc-sun-solaris2.6

		=== g++ tests ===


Running target unix
FAIL: g++.dg/compat/eh/unexpected1 cp_compat_x_tst.o-cp_compat_y_tst.o execute 
FAIL: g++.dg/eh/unexpected1.C execution test
FAIL: g++.dg/opt/anchor1.C execution test
FAIL: g++.dg/other/anon5.C  (test for errors, line 19)
FAIL: g++.dg/other/anon5.C (test for excess errors)
WARNING: g++.dg/other/ucnid-1.C compilation failed to produce executable
FAIL: g++.dg/pch/externc-1.C -g assembly comparison
FAIL: g++.dg/pch/externc-1.C -O2 -g assembly comparison
FAIL: g++.dg/pch/static-1.C -g assembly comparison
FAIL: g++.dg/pch/static-1.C -O2 -g assembly comparison
FAIL: g++.dg/pch/system-1.C -g assembly comparison
FAIL: g++.dg/pch/system-1.C -O2 -g assembly comparison
FAIL: g++.dg/pch/system-2.C -g assembly comparison
FAIL: g++.dg/pch/system-2.C -O2 -g assembly comparison
FAIL: g++.dg/pch/uninst.C -g assembly comparison
FAIL: g++.dg/pch/uninst.C -O2 -g assembly comparison
FAIL: g++.dg/pch/wchar-1.C -g assembly comparison
FAIL: g++.dg/pch/wchar-1.C -O2 -g assembly comparison
FAIL: g++.old-deja/g++.eh/spec2.C execution test
FAIL: g++.old-deja/g++.mike/eh33.C execution test
FAIL: g++.old-deja/g++.mike/eh50.C execution test
FAIL: g++.old-deja/g++.mike/eh51.C execution test
XPASS: g++.old-deja/g++.other/init19.C execution test

		=== g++ Summary ===

# of expected passes		16335
# of unexpected failures	21
# of unexpected successes	1
# of expected failures		84
# of unsupported tests		219
/export/home/tgc/buildpkg/gcc43/src/all_native/gcc/testsuite/g++/../../g++  version 4.3.0 (GCC) 

		=== gcc tests ===


Running target unix
FAIL: gcc.c-torture/compile/limits-structnest.c  -O2  (test for excess errors)
FAIL: gcc.c-torture/compile/limits-structnest.c  -O3 -fomit-frame-pointer  (test for excess errors)
FAIL: gcc.c-torture/compile/limits-structnest.c  -O3 -g  (test for excess errors)
FAIL: gcc.c-torture/compile/limits-structnest.c  -Os  (test for excess errors)
FAIL: gcc.dg/pragma-align-2.c  (test for errors, line 22)
FAIL: gcc.dg/pragma-align-2.c  (test for errors, line 23)
FAIL: gcc.dg/pragma-align-2.c  (test for errors, line 24)
FAIL: gcc.dg/pragma-align-2.c  (test for errors, line 25)
FAIL: gcc.dg/pragma-align-2.c  (test for errors, line 26)
FAIL: gcc.dg/pragma-align-2.c  (test for errors, line 30)
FAIL: gcc.dg/pragma-align-2.c (test for excess errors)
FAIL: gcc.dg/pragma-init-fini.c  (test for errors, line 7)
FAIL: gcc.dg/pragma-init-fini.c  (test for errors, line 8)
FAIL: gcc.dg/pragma-init-fini.c  (test for errors, line 9)
FAIL: gcc.dg/pragma-init-fini.c  (test for errors, line 11)
FAIL: gcc.dg/pragma-init-fini.c  (test for errors, line 12)
FAIL: gcc.dg/pragma-init-fini.c  (test for errors, line 13)
FAIL: gcc.dg/pragma-init-fini.c (test for excess errors)
WARNING: gcc.dg/ucnid-2.c compilation failed to produce executable
WARNING: gcc.dg/ucnid-3.c compilation failed to produce executable
WARNING: gcc.dg/ucnid-4.c compilation failed to produce executable
FAIL: gcc.dg/format/cmn-err-1.c    (test for errors, line 31)
FAIL: gcc.dg/format/cmn-err-1.c    (test for errors, line 32)
FAIL: gcc.dg/format/cmn-err-1.c    (test for errors, line 33)
FAIL: gcc.dg/format/cmn-err-1.c    (test for errors, line 34)
FAIL: gcc.dg/format/cmn-err-1.c    (test for errors, line 35)
FAIL: gcc.dg/format/cmn-err-1.c    (test for errors, line 36)
FAIL: gcc.dg/format/cmn-err-1.c   (test for excess errors)
FAIL: gcc.dg/format/cmn-err-1.c  -DWIDE   (test for errors, line 31)
FAIL: gcc.dg/format/cmn-err-1.c  -DWIDE   (test for errors, line 32)
FAIL: gcc.dg/format/cmn-err-1.c  -DWIDE   (test for errors, line 33)
FAIL: gcc.dg/format/cmn-err-1.c  -DWIDE   (test for errors, line 34)
FAIL: gcc.dg/format/cmn-err-1.c  -DWIDE   (test for errors, line 35)
FAIL: gcc.dg/format/cmn-err-1.c  -DWIDE   (test for errors, line 36)
FAIL: gcc.dg/format/cmn-err-1.c  -DWIDE  (test for excess errors)
FAIL: gcc.dg/vect/pr33804.c scan-tree-dump-times vect "vectorized 1 loops" 1
FAIL: gcc.dg/vect/pr33804.c scan-tree-dump-times vect "vectorizing stmts using SLP" 1
FAIL: gcc.dg/vect/pr33953.c scan-tree-dump-times vect "vectorized 1 loops" 1
FAIL: gcc.dg/vect/pr33953.c scan-tree-dump-times vect "vectorizing stmts using SLP" 1
FAIL: gcc.dg/vect/vect-35.c scan-tree-dump-times vect "vectorized 1 loops" 1
FAIL: gcc.dg/vect/vect-iv-6.c scan-tree-dump-times vect "vectorized 1 loops" 1
FAIL: gcc.dg/vect/vect-multitypes-5.c scan-tree-dump-times vect "vectorized 1 loops" 1
FAIL: gcc.dg/vect/vect-multitypes-6.c scan-tree-dump-times vect "vectorized 1 loops" 1
FAIL: gcc.dg/vect/vect-outer-5.c scan-tree-dump-times vect "OUTER LOOP VECTORIZED" 1
FAIL: gcc.dg/vect/vect-outer-5.c scan-tree-dump-times vect "zero step in outer loop." 1
FAIL: gcc.dg/vect/vect-outer-6.c scan-tree-dump-times vect "OUTER LOOP VECTORIZED" 1
FAIL: gcc.dg/vect/vect-outer-6.c scan-tree-dump-times vect "zero step in outer loop." 1
FAIL: gcc.dg/vect/vect-vfa-slp.c scan-tree-dump-times vect "vectorized 1 loops" 1
FAIL: gcc.dg/vect/slp-15.c scan-tree-dump-times vect "vectorizing stmts using SLP" 2
FAIL: gcc.dg/vect/slp-25.c scan-tree-dump-times vect "Alignment of access forced using peeling" 2
FAIL: gcc.dg/vect/slp-3.c scan-tree-dump-times vect "vectorized 3 loops" 1
FAIL: gcc.dg/vect/slp-3.c scan-tree-dump-times vect "vectorizing stmts using SLP" 3
FAIL: gcc.dg/vect/no-vfa-pr29145.c scan-tree-dump-times vect "vectorized 0 loops" 2
FAIL: gcc.dg/vect/no-vfa-pr29145.c scan-tree-dump-times vect "vectorized 1 loops" 1
FAIL: gcc.dg/vect/no-vfa-vect-depend-1.c scan-tree-dump-times vect "vectorized 1 loops" 1
FAIL: gcc.target/sparc/pdist-3.c (internal compiler error)
FAIL: gcc.target/sparc/pdist-3.c (test for excess errors)
WARNING: gcc.target/sparc/pdist-3.c compilation failed to produce executable

		=== gcc Summary ===

# of expected passes		45547
# of unexpected failures	54
# of expected failures		191
# of untested testcases		35
# of unsupported tests		511
/export/home/tgc/buildpkg/gcc43/src/all_native/gcc/xgcc  version 4.3.0 (GCC) 

		=== gfortran tests ===


Running target unix
FAIL: gfortran.dg/nint_2.f90  -O0  execution test

		=== gfortran Summary ===

# of expected passes		23395
# of unexpected failures	1
# of expected failures		5
# of unsupported tests		155
/export/home/tgc/buildpkg/gcc43/src/all_native/gcc/testsuite/gfortran/../../gfortran  version 4.3.0 (GCC) 

		=== gnat tests ===


Running target unix
FAIL: gnat.dg/socket1.adb execution test
FAIL: gnat.dg/socket2.adb execution test

		=== gnat Summary ===

# of expected passes		346
# of unexpected failures	2
		=== obj-c++ tests ===


Running target unix
WARNING: obj-c++.dg/lookup-2.mm compilation failed to produce executable
WARNING: obj-c++.dg/try-catch-2.mm compilation failed to produce executable
WARNING: obj-c++.dg/try-catch-9.mm compilation failed to produce executable

		=== obj-c++ Summary ===

# of expected passes		435
# of expected failures		9
# of unsupported tests		14
/export/home/tgc/buildpkg/gcc43/src/all_native/gcc/testsuite/obj-c++/../../g++  version 4.3.0 (GCC) 

		=== objc tests ===


Running target unix
FAIL: objc/execute/exceptions/foward-1.m execution,  -O3 -fomit-frame-pointer -funroll-loops  -fgnu-runtime
FAIL: objc/execute/exceptions/foward-1.m execution,  -O3 -fomit-frame-pointer -funroll-all-loops -finline-functions  -fgnu-runtime

		=== objc Summary ===

# of expected passes		1806
# of unexpected failures	2
# of expected failures		7
# of unsupported tests		26
/export/home/tgc/buildpkg/gcc43/src/all_native/gcc/xgcc  version 4.3.0 (GCC) 

		=== libgomp tests ===


Running target unix
WARNING: program timed out.
FAIL: libgomp.c/appendix-a/a.18.1.c execution test
WARNING: program timed out.
FAIL: libgomp.fortran/appendix-a/a.18.1.f90  -O0  execution test
WARNING: program timed out.
FAIL: libgomp.fortran/appendix-a/a.18.1.f90  -O1  execution test
WARNING: program timed out.
FAIL: libgomp.fortran/appendix-a/a.18.1.f90  -O2  execution test
WARNING: program timed out.
FAIL: libgomp.fortran/appendix-a/a.18.1.f90  -O3 -fomit-frame-pointer  execution test
WARNING: program timed out.
FAIL: libgomp.fortran/appendix-a/a.18.1.f90  -O3 -fomit-frame-pointer -funroll-loops  execution test
WARNING: program timed out.
FAIL: libgomp.fortran/appendix-a/a.18.1.f90  -O3 -fomit-frame-pointer -funroll-all-loops -finline-functions  execution test
WARNING: program timed out.
FAIL: libgomp.fortran/appendix-a/a.18.1.f90  -O3 -g  execution test
WARNING: program timed out.
FAIL: libgomp.fortran/appendix-a/a.18.1.f90  -Os  execution test
FAIL: libgomp.fortran/omp_parse3.f90  -O3 -g  (test for excess errors)
WARNING: libgomp.fortran/omp_parse3.f90  -O3 -g  compilation failed to produce executable
FAIL: libgomp.fortran/threadprivate2.f90  -O3 -g  (test for excess errors)
WARNING: libgomp.fortran/threadprivate2.f90  -O3 -g  compilation failed to produce executable
FAIL: libgomp.fortran/threadprivate3.f90  -O3 -g  (test for excess errors)
WARNING: libgomp.fortran/threadprivate3.f90  -O3 -g  compilation failed to produce executable

		=== libgomp Summary ===

# of expected passes		1670
# of unexpected failures	12
# of unsupported tests		7
		=== libstdc++ tests ===


Running target unix
FAIL: 22_locale/ctype/is/char/1.cc execution test
WARNING: program timed out.
FAIL: 23_containers/vector/bool/modifiers/insert/31370.cc execution test
FAIL: 27_io/basic_filebuf/sgetn/char/1-in.cc execution test
FAIL: 27_io/basic_filebuf/sgetn/char/1-io.cc execution test
FAIL: 27_io/basic_filebuf/sgetn/char/2-in.cc execution test
FAIL: 27_io/basic_filebuf/sgetn/char/2-io.cc execution test
FAIL: 27_io/basic_istream/readsome/char/6746-2.cc execution test
FAIL: 27_io/ios_base/storage/2.cc execution test

		=== libstdc++ Summary ===

# of expected passes		4011
# of unexpected failures	8
# of expected failures		56
# of unsupported tests		205

Compiler version: 4.3.0 (GCC) 
Platform: sparc-sun-solaris2.6
configure flags: --prefix=/usr/tgcware/gcc-4.3.0 --with-local-prefix=/usr/tgcware/gcc-4.3.0 --with-gmp=/usr/tgcware --with-mpfr=/usr/tgcware --disable-nls --enable-shared --enable-obsolete --enable-threads=posix95 --enable-languages=c,ada,c++,fortran,objc,obj-c++


Index Nav: [Date Index] [Subject Index] [Author Index] [Thread Index]
Message Nav: [Date Prev] [Date Next] [Thread Prev] [Thread Next]