This is the mail archive of the gcc-testresults@gcc.gnu.org mailing list for the GCC project.


Index Nav: [Date Index] [Subject Index] [Author Index] [Thread Index]
Message Nav: [Date Prev] [Date Next] [Thread Prev] [Thread Next]
Other format: [Raw text]

Results for 4.3.0 20080305 (prerelease) (GCC) testsuite on x86_64-unknown-linux-gnu


LAST_UPDATED: 
		=== acats tests ===

		=== acats Summary ===
# of expected passes		2315
# of unexpected failures	0
Native configuration is x86_64-unknown-linux-gnu

		=== g++ tests ===


Running target unix/-m32

		=== g++ Summary for unix/-m32 ===

# of expected passes		17500
# of expected failures		82
# of unsupported tests		89

Running target unix/-fPIC

		=== g++ Summary for unix/-fPIC ===

# of expected passes		17413
# of expected failures		82
# of unsupported tests		119

Running target unix/-fpic

		=== g++ Summary for unix/-fpic ===

# of expected passes		17413
# of expected failures		82
# of unsupported tests		119

Running target unix

		=== g++ Summary for unix ===

# of expected passes		17415
# of expected failures		82
# of unsupported tests		118

		=== g++ Summary ===

# of expected passes		69741
# of expected failures		328
# of unsupported tests		445
/home/ghazi/gcc-testing/43/build/gcc/testsuite/g++/../../g++  version 4.3.0 20080305 (prerelease) (GCC) 

		=== gcc tests ===


Running target unix/-m32

		=== gcc Summary for unix/-m32 ===

# of expected passes		48705
# of expected failures		167
# of untested testcases		35
# of unsupported tests		347

Running target unix/-fPIC

		=== gcc Summary for unix/-fPIC ===

# of expected passes		48484
# of expected failures		166
# of untested testcases		35
# of unsupported tests		487

Running target unix/-fpic

		=== gcc Summary for unix/-fpic ===

# of expected passes		48484
# of expected failures		166
# of untested testcases		35
# of unsupported tests		487

Running target unix

		=== gcc Summary for unix ===

# of expected passes		48558
# of expected failures		166
# of untested testcases		35
# of unsupported tests		465

		=== gcc Summary ===

# of expected passes		194231
# of expected failures		665
# of untested testcases		140
# of unsupported tests		1786
/home/ghazi/gcc-testing/43/build/gcc/xgcc  version 4.3.0 20080305 (prerelease) (GCC) 

		=== gfortran tests ===


Running target unix/-m32

		=== gfortran Summary for unix/-m32 ===

# of expected passes		23731
# of expected failures		3
# of unsupported tests		16

Running target unix/-fPIC

		=== gfortran Summary for unix/-fPIC ===

# of expected passes		23729
# of expected failures		3
# of unsupported tests		18

Running target unix/-fpic

		=== gfortran Summary for unix/-fpic ===

# of expected passes		23729
# of expected failures		3
# of unsupported tests		18

Running target unix

		=== gfortran Summary for unix ===

# of expected passes		23729
# of expected failures		3
# of unsupported tests		18

		=== gfortran Summary ===

# of expected passes		94918
# of expected failures		12
# of unsupported tests		70
/home/ghazi/gcc-testing/43/build/gcc/testsuite/gfortran/../../gfortran  version 4.3.0 20080305 (prerelease) (GCC) 

		=== gnat tests ===


Running target unix/-m32
FAIL: gnat.dg/abstract_with_anonymous_result.adb (test for excess errors)
FAIL: gnat.dg/abstract_with_anonymous_result.adb execution test
FAIL: gnat.dg/access1.adb (test for excess errors)
FAIL: gnat.dg/access4.adb (test for excess errors)
FAIL: gnat.dg/access4.adb execution test
FAIL: gnat.dg/access_test.adb (test for excess errors)
FAIL: gnat.dg/access_test.adb execution test
FAIL: gnat.dg/addr1.adb (test for excess errors)
FAIL: gnat.dg/addr2.adb (test for excess errors)
FAIL: gnat.dg/addr2.adb execution test
FAIL: gnat.dg/address_conversion.adb (test for excess errors)
FAIL: gnat.dg/address_conversion.adb execution test
FAIL: gnat.dg/aggr1.adb (test for excess errors)
FAIL: gnat.dg/aggr1.adb execution test
FAIL: gnat.dg/aggr2.adb (test for excess errors)
FAIL: gnat.dg/aggr3.adb (test for excess errors)
FAIL: gnat.dg/aggr3.adb execution test
FAIL: gnat.dg/aliased_prefix_accessibility.adb (test for excess errors)
FAIL: gnat.dg/aliased_prefix_accessibility.adb execution test
FAIL: gnat.dg/align_check.adb (test for excess errors)
FAIL: gnat.dg/align_check.adb execution test
FAIL: gnat.dg/alignment1.adb (test for excess errors)
FAIL: gnat.dg/alignment1.adb execution test
FAIL: gnat.dg/alignment2.adb (test for excess errors)
FAIL: gnat.dg/alignment2.adb execution test
FAIL: gnat.dg/alignment3.adb (test for excess errors)
FAIL: gnat.dg/array3.adb (test for excess errors)
FAIL: gnat.dg/array3.adb execution test
FAIL: gnat.dg/assert1.adb (test for excess errors)
FAIL: gnat.dg/assert1.adb execution test
FAIL: gnat.dg/asynch.adb (test for excess errors)
FAIL: gnat.dg/biased_uc.adb (test for excess errors)
FAIL: gnat.dg/biased_uc.adb execution test
FAIL: gnat.dg/capture_value.adb (test for excess errors)
FAIL: gnat.dg/capture_value.adb execution test
FAIL: gnat.dg/check_elaboration_code.adb (test for excess errors)
FAIL: gnat.dg/check_elaboration_code.adb execution test
FAIL: gnat.dg/compose.adb (test for excess errors)
FAIL: gnat.dg/compose.adb execution test
FAIL: gnat.dg/conv_bug.adb (test for excess errors)
FAIL: gnat.dg/conv_bug.adb execution test
FAIL: gnat.dg/conv_real.adb (test for excess errors)
FAIL: gnat.dg/conv_real.adb execution test
FAIL: gnat.dg/curr_task.adb (test for excess errors)
UNRESOLVED: gnat.dg/curr_task.adb compilation failed to produce executable
FAIL: gnat.dg/derived_aggregate.adb (test for excess errors)
FAIL: gnat.dg/derived_aggregate.adb execution test
FAIL: gnat.dg/discr4.adb (test for excess errors)
FAIL: gnat.dg/discr4.adb execution test
FAIL: gnat.dg/discr_range_check.adb (test for excess errors)
FAIL: gnat.dg/discr_test.adb (test for excess errors)
FAIL: gnat.dg/dispatch1.adb (test for excess errors)
FAIL: gnat.dg/dispatch1.adb execution test
FAIL: gnat.dg/dispatch2.adb (test for excess errors)
FAIL: gnat.dg/dispatch2.adb execution test
FAIL: gnat.dg/elim2.adb (test for excess errors)
FAIL: gnat.dg/elim2.adb execution test
FAIL: gnat.dg/entry_queues.adb (test for excess errors)
UNRESOLVED: gnat.dg/entry_queues.adb compilation failed to produce executable
FAIL: gnat.dg/expect1.adb (test for excess errors)
FAIL: gnat.dg/expect1.adb execution test
FAIL: gnat.dg/fixedpnt.adb (test for excess errors)
FAIL: gnat.dg/fixedpnt.adb execution test
FAIL: gnat.dg/generic_dispatch.adb (test for excess errors)
FAIL: gnat.dg/generic_dispatch.adb execution test
FAIL: gnat.dg/gnat_malloc.adb (test for excess errors)
FAIL: gnat.dg/gnat_malloc.adb execution test
FAIL: gnat.dg/gnatg.adb (test for excess errors)
FAIL: gnat.dg/in_out_parameter.adb (test for excess errors)
FAIL: gnat.dg/in_out_parameter.adb execution test
FAIL: gnat.dg/inline_tagged.adb (test for excess errors)
FAIL: gnat.dg/inline_tagged.adb execution test
FAIL: gnat.dg/interface1.adb (test for excess errors)
FAIL: gnat.dg/interface1.adb execution test
FAIL: gnat.dg/interface2.adb (test for excess errors)
UNRESOLVED: gnat.dg/interface2.adb compilation failed to produce executable
FAIL: gnat.dg/interface3.adb (test for excess errors)
FAIL: gnat.dg/interface3.adb execution test
FAIL: gnat.dg/interface_conv.adb (test for excess errors)
FAIL: gnat.dg/interface_conv.adb execution test
FAIL: gnat.dg/iprot_test.adb (test for excess errors)
UNRESOLVED: gnat.dg/iprot_test.adb compilation failed to produce executable
FAIL: gnat.dg/kill_value.adb (test for excess errors)
FAIL: gnat.dg/kill_value.adb execution test
FAIL: gnat.dg/lhs_view_convert.adb (test for excess errors)
FAIL: gnat.dg/lhs_view_convert.adb execution test
FAIL: gnat.dg/md5_test.adb (test for excess errors)
FAIL: gnat.dg/md5_test.adb execution test
FAIL: gnat.dg/mutable1.adb (test for excess errors)
FAIL: gnat.dg/mutable1.adb execution test
FAIL: gnat.dg/named_test.adb (test for excess errors)
FAIL: gnat.dg/named_test.adb execution test
FAIL: gnat.dg/nat1r.adb (test for excess errors)
FAIL: gnat.dg/nat1r.adb execution test
FAIL: gnat.dg/nested_controlled_alloc.adb (test for excess errors)
FAIL: gnat.dg/nested_controlled_alloc.adb execution test
FAIL: gnat.dg/nested_return_test.adb (test for excess errors)
FAIL: gnat.dg/nested_return_test.adb execution test
FAIL: gnat.dg/no_exc_prop.adb (test for excess errors)
FAIL: gnat.dg/no_final.adb (test for excess errors)
FAIL: gnat.dg/no_final.adb execution test
FAIL: gnat.dg/outer_agg_bitfield_constructor.adb (test for excess errors)
FAIL: gnat.dg/outer_agg_bitfield_constructor.adb execution test
FAIL: gnat.dg/overriding_ops.adb (test for excess errors)
FAIL: gnat.dg/packed_subtype.adb (test for excess errors)
FAIL: gnat.dg/packed_subtype.adb execution test
FAIL: gnat.dg/pointer_conversion.adb (test for excess errors)
FAIL: gnat.dg/pointer_conversion.adb execution test
FAIL: gnat.dg/profile_warning.adb (test for excess errors)
FAIL: gnat.dg/profile_warning_p.adb (test for excess errors)
FAIL: gnat.dg/prot1.adb (test for excess errors)
FAIL: gnat.dg/quote.adb (test for excess errors)
FAIL: gnat.dg/quote.adb execution test
FAIL: gnat.dg/range_check.adb (test for excess errors)
FAIL: gnat.dg/range_check.adb execution test
FAIL: gnat.dg/regpat1.adb (test for excess errors)
FAIL: gnat.dg/regpat1.adb execution test
FAIL: gnat.dg/release_unc_maxalign.adb (test for excess errors)
FAIL: gnat.dg/release_unc_maxalign.adb execution test
FAIL: gnat.dg/renaming2.adb (test for excess errors)
FAIL: gnat.dg/renaming2.adb execution test
FAIL: gnat.dg/renaming3.adb (test for excess errors)
FAIL: gnat.dg/renaming3.adb execution test
FAIL: gnat.dg/requeue1.adb (test for excess errors)
UNRESOLVED: gnat.dg/requeue1.adb compilation failed to produce executable
FAIL: gnat.dg/scalar_mode_agg_compare.adb (test for excess errors)
FAIL: gnat.dg/scalar_mode_agg_compare.adb execution test
FAIL: gnat.dg/self_aggregate_with_array.adb (test for excess errors)
FAIL: gnat.dg/self_aggregate_with_array.adb execution test
FAIL: gnat.dg/self_aggregate_with_call.adb (test for excess errors)
FAIL: gnat.dg/self_aggregate_with_call.adb execution test
FAIL: gnat.dg/self_aggregate_with_pointer.adb (test for excess errors)
FAIL: gnat.dg/self_aggregate_with_pointer.adb execution test
FAIL: gnat.dg/self_aggregate_with_zeros.adb (test for excess errors)
FAIL: gnat.dg/self_aggregate_with_zeros.adb execution test
FAIL: gnat.dg/sizetype.adb (test for excess errors)
FAIL: gnat.dg/sizetype.adb execution test
FAIL: gnat.dg/slice3.adb (test for excess errors)
FAIL: gnat.dg/slice3.adb execution test
FAIL: gnat.dg/slice4.adb (test for excess errors)
FAIL: gnat.dg/slice4.adb execution test
FAIL: gnat.dg/socket1.adb (test for excess errors)
FAIL: gnat.dg/socket1.adb execution test
FAIL: gnat.dg/socket2.adb (test for excess errors)
FAIL: gnat.dg/socket2.adb execution test
FAIL: gnat.dg/sort2.adb (test for excess errors)
FAIL: gnat.dg/sort2.adb execution test
FAIL: gnat.dg/spipaterr.adb (test for excess errors)
FAIL: gnat.dg/spipaterr.adb execution test
FAIL: gnat.dg/string_slice.adb (test for excess errors)
FAIL: gnat.dg/string_slice.adb execution test
FAIL: gnat.dg/tag1.adb (test for excess errors)
FAIL: gnat.dg/tag1.adb execution test
FAIL: gnat.dg/tail_call.adb (test for excess errors)
FAIL: gnat.dg/tail_call.adb execution test
FAIL: gnat.dg/task_name.adb (test for excess errors)
FAIL: gnat.dg/test_address_null_init.adb (test for excess errors)
FAIL: gnat.dg/test_address_null_init.adb execution test
FAIL: gnat.dg/test_bounded.adb (test for excess errors)
FAIL: gnat.dg/test_bounded.adb execution test
FAIL: gnat.dg/test_delay.adb (test for excess errors)
FAIL: gnat.dg/test_delay.adb execution test
FAIL: gnat.dg/test_enum_io.adb (test for excess errors)
FAIL: gnat.dg/test_enum_io.adb execution test
FAIL: gnat.dg/test_fixed_io.adb (test for excess errors)
FAIL: gnat.dg/test_fixed_io.adb execution test
FAIL: gnat.dg/test_ifaces.adb (test for excess errors)
FAIL: gnat.dg/test_ifaces.adb execution test
FAIL: gnat.dg/test_image.adb (test for excess errors)
UNRESOLVED: gnat.dg/test_image.adb compilation failed to produce executable
FAIL: gnat.dg/test_image_p.adb (test for excess errors)
FAIL: gnat.dg/test_nested_subtype_byref.adb (test for excess errors)
FAIL: gnat.dg/test_nested_subtype_byref.adb execution test
FAIL: gnat.dg/test_oalign.adb (test for excess errors)
FAIL: gnat.dg/test_oalign.adb execution test
FAIL: gnat.dg/test_prefix1.adb (test for excess errors)
FAIL: gnat.dg/test_prefix1.adb execution test
FAIL: gnat.dg/test_prio.adb (test for excess errors)
UNRESOLVED: gnat.dg/test_prio.adb compilation failed to produce executable
FAIL: gnat.dg/test_prio_p.adb (test for excess errors)
FAIL: gnat.dg/test_self.adb (test for excess errors)
FAIL: gnat.dg/test_self.adb execution test
FAIL: gnat.dg/test_self_ref.adb (test for excess errors)
FAIL: gnat.dg/test_self_ref.adb execution test
FAIL: gnat.dg/test_table1.adb (test for excess errors)
FAIL: gnat.dg/test_table1.adb execution test
FAIL: gnat.dg/test_tamdt.adb (test for excess errors)
FAIL: gnat.dg/test_tamdt.adb execution test
FAIL: gnat.dg/tfren.adb (test for excess errors)
FAIL: gnat.dg/tfren.adb execution test
FAIL: gnat.dg/timing_events.adb (test for excess errors)
UNRESOLVED: gnat.dg/timing_events.adb compilation failed to produce executable
FAIL: gnat.dg/unc_memfree.adb (test for excess errors)
FAIL: gnat.dg/unc_memfree.adb execution test
FAIL: gnat.dg/unchecked_convert1.adb (test for excess errors)
FAIL: gnat.dg/unchecked_convert1.adb execution test
FAIL: gnat.dg/unchecked_union1.adb (test for excess errors)
FAIL: gnat.dg/unchecked_union1.adb execution test
FAIL: gnat.dg/valid1.adb (test for excess errors)
FAIL: gnat.dg/valid1.adb execution test
FAIL: gnat.dg/warn1.adb (test for excess errors)
FAIL: gnat.dg/warn1.adb execution test
FAIL: gnat.dg/wide_test.adb (test for excess errors)
FAIL: gnat.dg/wide_test.adb execution test
FAIL: gnat.dg/specs/elab1.ads (test for excess errors)

		=== gnat Summary for unix/-m32 ===

# of expected passes		143
# of unexpected failures	197
# of unresolved testcases	8

Running target unix/-fPIC
FAIL: gnat.dg/frame_overflow.adb  (test for errors, line 12)
FAIL: gnat.dg/frame_overflow.adb  (test for errors, line 21)

		=== gnat Summary for unix/-fPIC ===

# of expected passes		346
# of unexpected failures	2

Running target unix/-fpic
FAIL: gnat.dg/frame_overflow.adb  (test for errors, line 12)
FAIL: gnat.dg/frame_overflow.adb  (test for errors, line 21)

		=== gnat Summary for unix/-fpic ===

# of expected passes		346
# of unexpected failures	2

Running target unix
FAIL: gnat.dg/frame_overflow.adb  (test for errors, line 12)
FAIL: gnat.dg/frame_overflow.adb  (test for errors, line 21)

		=== gnat Summary for unix ===

# of expected passes		346
# of unexpected failures	2

		=== gnat Summary ===

# of expected passes		1181
# of unexpected failures	203
# of unresolved testcases	8
		=== obj-c++ tests ===


Running target unix/-m32
UNRESOLVED: obj-c++.dg/lookup-2.mm compilation failed to produce executable
UNRESOLVED: obj-c++.dg/try-catch-2.mm compilation failed to produce executable
UNRESOLVED: obj-c++.dg/try-catch-9.mm compilation failed to produce executable

		=== obj-c++ Summary for unix/-m32 ===

# of expected passes		437
# of expected failures		9
# of unresolved testcases	3
# of unsupported tests		13

Running target unix/-fPIC
UNRESOLVED: obj-c++.dg/lookup-2.mm compilation failed to produce executable
UNRESOLVED: obj-c++.dg/try-catch-2.mm compilation failed to produce executable
UNRESOLVED: obj-c++.dg/try-catch-9.mm compilation failed to produce executable

		=== obj-c++ Summary for unix/-fPIC ===

# of expected passes		423
# of expected failures		23
# of unresolved testcases	3
# of unsupported tests		13

Running target unix/-fpic
UNRESOLVED: obj-c++.dg/lookup-2.mm compilation failed to produce executable
UNRESOLVED: obj-c++.dg/try-catch-2.mm compilation failed to produce executable
UNRESOLVED: obj-c++.dg/try-catch-9.mm compilation failed to produce executable

		=== obj-c++ Summary for unix/-fpic ===

# of expected passes		423
# of expected failures		23
# of unresolved testcases	3
# of unsupported tests		13

Running target unix
UNRESOLVED: obj-c++.dg/lookup-2.mm compilation failed to produce executable
UNRESOLVED: obj-c++.dg/try-catch-2.mm compilation failed to produce executable
UNRESOLVED: obj-c++.dg/try-catch-9.mm compilation failed to produce executable

		=== obj-c++ Summary for unix ===

# of expected passes		423
# of expected failures		23
# of unresolved testcases	3
# of unsupported tests		13

		=== obj-c++ Summary ===

# of expected passes		1706
# of expected failures		78
# of unresolved testcases	12
# of unsupported tests		52
/home/ghazi/gcc-testing/43/build/gcc/testsuite/obj-c++/../../g++  version 4.3.0 20080305 (prerelease) (GCC) 

		=== objc tests ===


Running target unix/-m32

		=== objc Summary for unix/-m32 ===

# of expected passes		1812
# of expected failures		7
# of unsupported tests		24

Running target unix/-fPIC

		=== objc Summary for unix/-fPIC ===

# of expected passes		1812
# of expected failures		7
# of unsupported tests		24

Running target unix/-fpic

		=== objc Summary for unix/-fpic ===

# of expected passes		1812
# of expected failures		7
# of unsupported tests		24

Running target unix

		=== objc Summary for unix ===

# of expected passes		1812
# of expected failures		7
# of unsupported tests		24

		=== objc Summary ===

# of expected passes		7248
# of expected failures		28
# of unsupported tests		96
/home/ghazi/gcc-testing/43/build/gcc/xgcc  version 4.3.0 20080305 (prerelease) (GCC) 

		=== treelang tests ===


Running target unix/-m32

		=== treelang Summary for unix/-m32 ===

# of expected passes		52

Running target unix/-fPIC

		=== treelang Summary for unix/-fPIC ===

# of expected passes		52

Running target unix/-fpic

		=== treelang Summary for unix/-fpic ===

# of expected passes		52

Running target unix

		=== treelang Summary for unix ===

# of expected passes		52

		=== treelang Summary ===

# of expected passes		208
		=== libffi tests ===


Running target unix/-m32

		=== libffi Summary for unix/-m32 ===

# of expected passes		1389
# of unsupported tests		10

Running target unix/-fPIC

		=== libffi Summary for unix/-fPIC ===

# of expected passes		1389
# of unsupported tests		10

Running target unix/-fpic

		=== libffi Summary for unix/-fpic ===

# of expected passes		1389
# of unsupported tests		10

Running target unix

		=== libffi Summary for unix ===

# of expected passes		1389
# of unsupported tests		10

		=== libffi Summary ===

# of expected passes		5556
# of unsupported tests		40
		=== libgomp tests ===


Running target unix/-m32

		=== libgomp Summary for unix/-m32 ===

# of expected passes		1699

Running target unix/-fPIC

		=== libgomp Summary for unix/-fPIC ===

# of expected passes		1699

Running target unix/-fpic

		=== libgomp Summary for unix/-fpic ===

# of expected passes		1699

Running target unix

		=== libgomp Summary for unix ===

# of expected passes		1699

		=== libgomp Summary ===

# of expected passes		6796
		=== libjava tests ===


Running target unix/-m32

		=== libjava Summary for unix/-m32 ===

# of expected passes		2550

Running target unix/-fPIC

		=== libjava Summary for unix/-fPIC ===

# of expected passes		2550

Running target unix/-fpic

		=== libjava Summary for unix/-fpic ===

# of expected passes		2550

Running target unix

		=== libjava Summary for unix ===

# of expected passes		2550

		=== libjava Summary ===

# of expected passes		10200
		=== libmudflap tests ===


Running target unix/-m32
FAIL: libmudflap.c++/pass41-frag.cxx execution test
FAIL: libmudflap.c++/pass41-frag.cxx (-static) execution test
FAIL: libmudflap.c++/pass41-frag.cxx ( -O) execution test
FAIL: libmudflap.c++/pass41-frag.cxx (-O2) execution test
FAIL: libmudflap.c++/pass41-frag.cxx (-O3) execution test
FAIL: libmudflap.cth/pass37-frag.c (-static -DSTATIC) execution test
FAIL: libmudflap.cth/pass37-frag.c (-static -DSTATIC) output pattern test
FAIL: libmudflap.cth/pass37-frag.c (-static -DSTATIC) (rerun 1) execution test
FAIL: libmudflap.cth/pass37-frag.c (-static -DSTATIC) (rerun 1) output pattern test
FAIL: libmudflap.cth/pass37-frag.c (-static -DSTATIC) (rerun 2) execution test
FAIL: libmudflap.cth/pass37-frag.c (-static -DSTATIC) (rerun 2) output pattern test
FAIL: libmudflap.cth/pass37-frag.c (-static -DSTATIC) (rerun 3) execution test
FAIL: libmudflap.cth/pass37-frag.c (-static -DSTATIC) (rerun 3) output pattern test
FAIL: libmudflap.cth/pass37-frag.c (-static -DSTATIC) (rerun 4) execution test
FAIL: libmudflap.cth/pass37-frag.c (-static -DSTATIC) (rerun 4) output pattern test
FAIL: libmudflap.cth/pass37-frag.c (-static -DSTATIC) (rerun 5) execution test
FAIL: libmudflap.cth/pass37-frag.c (-static -DSTATIC) (rerun 5) output pattern test
FAIL: libmudflap.cth/pass37-frag.c (-static -DSTATIC) (rerun 6) execution test
FAIL: libmudflap.cth/pass37-frag.c (-static -DSTATIC) (rerun 6) output pattern test
FAIL: libmudflap.cth/pass37-frag.c (-static -DSTATIC) (rerun 7) execution test
FAIL: libmudflap.cth/pass37-frag.c (-static -DSTATIC) (rerun 7) output pattern test
FAIL: libmudflap.cth/pass37-frag.c (-static -DSTATIC) (rerun 8) execution test
FAIL: libmudflap.cth/pass37-frag.c (-static -DSTATIC) (rerun 8) output pattern test
FAIL: libmudflap.cth/pass37-frag.c (-static -DSTATIC) (rerun 9) execution test
FAIL: libmudflap.cth/pass37-frag.c (-static -DSTATIC) (rerun 9) output pattern test
FAIL: libmudflap.cth/pass37-frag.c (-static -DSTATIC) (rerun 10) execution test
FAIL: libmudflap.cth/pass37-frag.c (-static -DSTATIC) (rerun 10) output pattern test
FAIL: libmudflap.cth/pass37-frag.c (-static -DSTATIC) (rerun 11) execution test
FAIL: libmudflap.cth/pass37-frag.c (-static -DSTATIC) (rerun 11) output pattern test
FAIL: libmudflap.cth/pass37-frag.c (-static -DSTATIC) (rerun 12) execution test
FAIL: libmudflap.cth/pass37-frag.c (-static -DSTATIC) (rerun 12) output pattern test
FAIL: libmudflap.cth/pass37-frag.c (-static -DSTATIC) (rerun 13) execution test
FAIL: libmudflap.cth/pass37-frag.c (-static -DSTATIC) (rerun 13) output pattern test
FAIL: libmudflap.cth/pass37-frag.c (-static -DSTATIC) (rerun 14) execution test
FAIL: libmudflap.cth/pass37-frag.c (-static -DSTATIC) (rerun 14) output pattern test
FAIL: libmudflap.cth/pass37-frag.c (-static -DSTATIC) (rerun 15) execution test
FAIL: libmudflap.cth/pass37-frag.c (-static -DSTATIC) (rerun 15) output pattern test
FAIL: libmudflap.cth/pass37-frag.c (-static -DSTATIC) (rerun 16) execution test
FAIL: libmudflap.cth/pass37-frag.c (-static -DSTATIC) (rerun 16) output pattern test
FAIL: libmudflap.cth/pass37-frag.c (-static -DSTATIC) (rerun 17) execution test
FAIL: libmudflap.cth/pass37-frag.c (-static -DSTATIC) (rerun 17) output pattern test
FAIL: libmudflap.cth/pass37-frag.c (-static -DSTATIC) (rerun 18) execution test
FAIL: libmudflap.cth/pass37-frag.c (-static -DSTATIC) (rerun 18) output pattern test
FAIL: libmudflap.cth/pass37-frag.c (-static -DSTATIC) (rerun 19) execution test
FAIL: libmudflap.cth/pass37-frag.c (-static -DSTATIC) (rerun 19) output pattern test
FAIL: libmudflap.cth/pass39-frag.c (-static -DSTATIC) execution test
FAIL: libmudflap.cth/pass39-frag.c (-static -DSTATIC) output pattern test
FAIL: libmudflap.cth/pass39-frag.c (-static -DSTATIC) (rerun 1) execution test
FAIL: libmudflap.cth/pass39-frag.c (-static -DSTATIC) (rerun 1) output pattern test
FAIL: libmudflap.cth/pass39-frag.c (-static -DSTATIC) (rerun 2) execution test
FAIL: libmudflap.cth/pass39-frag.c (-static -DSTATIC) (rerun 2) output pattern test
FAIL: libmudflap.cth/pass39-frag.c (-static -DSTATIC) (rerun 3) execution test
FAIL: libmudflap.cth/pass39-frag.c (-static -DSTATIC) (rerun 3) output pattern test
FAIL: libmudflap.cth/pass39-frag.c (-static -DSTATIC) (rerun 4) execution test
FAIL: libmudflap.cth/pass39-frag.c (-static -DSTATIC) (rerun 4) output pattern test
FAIL: libmudflap.cth/pass39-frag.c (-static -DSTATIC) (rerun 5) execution test
FAIL: libmudflap.cth/pass39-frag.c (-static -DSTATIC) (rerun 5) output pattern test
FAIL: libmudflap.cth/pass39-frag.c (-static -DSTATIC) (rerun 6) execution test
FAIL: libmudflap.cth/pass39-frag.c (-static -DSTATIC) (rerun 6) output pattern test
FAIL: libmudflap.cth/pass39-frag.c (-static -DSTATIC) (rerun 7) execution test
FAIL: libmudflap.cth/pass39-frag.c (-static -DSTATIC) (rerun 7) output pattern test
FAIL: libmudflap.cth/pass39-frag.c (-static -DSTATIC) (rerun 8) execution test
FAIL: libmudflap.cth/pass39-frag.c (-static -DSTATIC) (rerun 8) output pattern test
FAIL: libmudflap.cth/pass39-frag.c (-static -DSTATIC) (rerun 9) execution test
FAIL: libmudflap.cth/pass39-frag.c (-static -DSTATIC) (rerun 9) output pattern test
FAIL: libmudflap.cth/pass39-frag.c (-static -DSTATIC) (rerun 10) execution test
FAIL: libmudflap.cth/pass39-frag.c (-static -DSTATIC) (rerun 10) output pattern test
FAIL: libmudflap.cth/pass39-frag.c (-static -DSTATIC) (rerun 11) execution test
FAIL: libmudflap.cth/pass39-frag.c (-static -DSTATIC) (rerun 11) output pattern test
FAIL: libmudflap.cth/pass39-frag.c (-static -DSTATIC) (rerun 12) execution test
FAIL: libmudflap.cth/pass39-frag.c (-static -DSTATIC) (rerun 12) output pattern test
FAIL: libmudflap.cth/pass39-frag.c (-static -DSTATIC) (rerun 13) execution test
FAIL: libmudflap.cth/pass39-frag.c (-static -DSTATIC) (rerun 13) output pattern test
FAIL: libmudflap.cth/pass39-frag.c (-static -DSTATIC) (rerun 14) execution test
FAIL: libmudflap.cth/pass39-frag.c (-static -DSTATIC) (rerun 14) output pattern test
FAIL: libmudflap.cth/pass39-frag.c (-static -DSTATIC) (rerun 15) execution test
FAIL: libmudflap.cth/pass39-frag.c (-static -DSTATIC) (rerun 15) output pattern test
FAIL: libmudflap.cth/pass39-frag.c (-static -DSTATIC) (rerun 16) execution test
FAIL: libmudflap.cth/pass39-frag.c (-static -DSTATIC) (rerun 16) output pattern test
FAIL: libmudflap.cth/pass39-frag.c (-static -DSTATIC) (rerun 17) execution test
FAIL: libmudflap.cth/pass39-frag.c (-static -DSTATIC) (rerun 17) output pattern test
FAIL: libmudflap.cth/pass39-frag.c (-static -DSTATIC) (rerun 18) execution test
FAIL: libmudflap.cth/pass39-frag.c (-static -DSTATIC) (rerun 18) output pattern test
FAIL: libmudflap.cth/pass39-frag.c (-static -DSTATIC) (rerun 19) execution test
FAIL: libmudflap.cth/pass39-frag.c (-static -DSTATIC) (rerun 19) output pattern test
FAIL: libmudflap.cth/pass40-frag.c (-static -DSTATIC) execution test
FAIL: libmudflap.cth/pass40-frag.c (-static -DSTATIC) output pattern test
FAIL: libmudflap.cth/pass59-frag.c (-static -DSTATIC) execution test
FAIL: libmudflap.cth/pass59-frag.c (-static -DSTATIC) output pattern test

		=== libmudflap Summary for unix/-m32 ===

# of expected passes		1760
# of unexpected failures	89

Running target unix/-fPIC
FAIL: libmudflap.c++/pass41-frag.cxx execution test
FAIL: libmudflap.c++/pass41-frag.cxx (-static) execution test
FAIL: libmudflap.c++/pass41-frag.cxx ( -O) execution test
FAIL: libmudflap.c++/pass41-frag.cxx (-O2) execution test
FAIL: libmudflap.c++/pass41-frag.cxx (-O3) execution test

		=== libmudflap Summary for unix/-fPIC ===

# of expected passes		1844
# of unexpected failures	5

Running target unix/-fpic
FAIL: libmudflap.c++/pass41-frag.cxx execution test
FAIL: libmudflap.c++/pass41-frag.cxx (-static) execution test
FAIL: libmudflap.c++/pass41-frag.cxx ( -O) execution test
FAIL: libmudflap.c++/pass41-frag.cxx (-O2) execution test
FAIL: libmudflap.c++/pass41-frag.cxx (-O3) execution test

		=== libmudflap Summary for unix/-fpic ===

# of expected passes		1844
# of unexpected failures	5

Running target unix
FAIL: libmudflap.c++/pass41-frag.cxx execution test
FAIL: libmudflap.c++/pass41-frag.cxx (-static) execution test
FAIL: libmudflap.c++/pass41-frag.cxx ( -O) execution test
FAIL: libmudflap.c++/pass41-frag.cxx (-O2) execution test
FAIL: libmudflap.c++/pass41-frag.cxx (-O3) execution test

		=== libmudflap Summary for unix ===

# of expected passes		1844
# of unexpected failures	5

		=== libmudflap Summary ===

# of expected passes		7292
# of unexpected failures	104
		=== libstdc++ tests ===


Running target unix/-m32
FAIL: abi_check
XPASS: 26_numerics/headers/cmath/c99_classification_macros_c.cc (test for excess errors)

		=== libstdc++ Summary for unix/-m32 ===

# of expected passes		4926
# of unexpected failures	1
# of unexpected successes	1
# of expected failures		57
# of unsupported tests		326

Running target unix/-fPIC
FAIL: abi_check
XPASS: 26_numerics/headers/cmath/c99_classification_macros_c.cc (test for excess errors)

		=== libstdc++ Summary for unix/-fPIC ===

# of expected passes		4926
# of unexpected failures	1
# of unexpected successes	1
# of expected failures		57
# of unsupported tests		326

Running target unix/-fpic
FAIL: abi_check
XPASS: 26_numerics/headers/cmath/c99_classification_macros_c.cc (test for excess errors)

		=== libstdc++ Summary for unix/-fpic ===

# of expected passes		4926
# of unexpected failures	1
# of unexpected successes	1
# of expected failures		57
# of unsupported tests		326

Running target unix
FAIL: abi_check
XPASS: 26_numerics/headers/cmath/c99_classification_macros_c.cc (test for excess errors)

		=== libstdc++ Summary for unix ===

# of expected passes		4926
# of unexpected failures	1
# of unexpected successes	1
# of expected failures		57
# of unsupported tests		326

		=== libstdc++ Summary ===

# of expected passes		19704
# of unexpected failures	4
# of unexpected successes	4
# of expected failures		228
# of unsupported tests		1304

Compiler version: 4.3.0 20080305 (prerelease) (GCC) 
Platform: x86_64-unknown-linux-gnu
configure flags: --enable-languages=c,c++,objc,f95,obj-c++,java,treelang,ada --with-mpfr=/opt/cfarm/mpfr-2.3.1


Index Nav: [Date Index] [Subject Index] [Author Index] [Thread Index]
Message Nav: [Date Prev] [Date Next] [Thread Prev] [Thread Next]