This is the mail archive of the
gcc-testresults@gcc.gnu.org
mailing list for the GCC project.
Results for 4.4.0 20080303 (experimental) [trunk revision 132829] (GCC) testsuite on hppa2.0w-hp-hpux11.11
- From: John David Anglin <dave at hiauly3 dot hia dot nrc dot ca>
- To: dave at hiauly3 dot hia dot nrc dot ca, gcc-testresults at gcc dot gnu dot org
- Date: Tue, 4 Mar 2008 18:42:23 -0500 (EST)
- Subject: Results for 4.4.0 20080303 (experimental) [trunk revision 132829] (GCC) testsuite on hppa2.0w-hp-hpux11.11
LAST_UPDATED: Mon Mar 3 04:54:27 UTC 2008 (revision 132829)
=== acats tests ===
FAIL: c9a011b
FAIL: cxf3a01
=== acats Summary ===
# of expected passes 2313
# of unexpected failures 2
Native configuration is hppa2.0w-hp-hpux11.11
=== g++ tests ===
Running target unix
FAIL: g++.dg/other/anon5.C (test for errors, line 14)
FAIL: g++.dg/other/anon5.C (test for excess errors)
XPASS: g++.old-deja/g++.pt/static6.C (test for excess errors)
=== g++ Summary ===
# of expected passes 16378
# of unexpected failures 2
# of unexpected successes 1
# of expected failures 84
# of unsupported tests 221
/test/gnu/gcc/objdir/gcc/testsuite/g++/../../g++ version 4.4.0 20080303 (experimental) [trunk revision 132829] (GCC)
=== gcc tests ===
Running target unix
XPASS: gcc.dg/cpp/cmdlne-dI-M.c scan-file (^|\\\\n)cmdlne-dI-M.*:[^\\\\n]*cmdlne-dI-M.c
XPASS: gcc.dg/cpp/cmdlne-dM-M.c scan-file (^|\\\\n)cmdlne-dM-M[^\\\\n]*:[^\\\\n]*cmdlne-dM-M.c
FAIL: gcc.dg/struct/wo_prof_global_var.c execution test
FAIL: gcc.dg/struct/wo_prof_local_var.c execution test
FAIL: gcc.dg/struct/wo_prof_malloc_size_var.c execution test
FAIL: gcc.dg/struct/w_prof_global_var.c execution, -O3 -fwhole-program -combine -fipa-type-escape -fprofile-use -fipa-struct-reorg -fdump-ipa-all
FAIL: gcc.dg/struct/w_prof_local_var.c execution, -O3 -fwhole-program -combine -fipa-type-escape -fprofile-use -fipa-struct-reorg -fdump-ipa-all
=== gcc Summary ===
# of expected passes 44590
# of unexpected failures 5
# of unexpected successes 2
# of expected failures 91
# of untested testcases 35
# of unsupported tests 470
/test/gnu/gcc/objdir/gcc/xgcc version 4.4.0 20080303 (experimental) [trunk revision 132829] (GCC)
=== gfortran tests ===
Running target unix
FAIL: gfortran.dg/ldist-1.f90 -O scan-tree-dump-times ldist "distributed: split to 4 loops" 1
FAIL: gfortran.dg/nint_2.f90 -O0 execution test
=== gfortran Summary ===
# of expected passes 23502
# of unexpected failures 2
# of expected failures 3
# of unsupported tests 146
/test/gnu/gcc/objdir/gcc/testsuite/gfortran/../../gfortran version 4.4.0 20080303 (experimental) [trunk revision 132829] (GCC)
=== gnat tests ===
Running target unix
=== gnat Summary ===
# of expected passes 351
=== obj-c++ tests ===
Running target unix
FAIL: obj-c++.dg/bitfield-1.mm (internal compiler error)
FAIL: obj-c++.dg/bitfield-1.mm (test for excess errors)
WARNING: obj-c++.dg/bitfield-1.mm compilation failed to produce executable
FAIL: obj-c++.dg/comp-types-10.mm (internal compiler error)
FAIL: obj-c++.dg/comp-types-10.mm (test for excess errors)
WARNING: obj-c++.dg/lookup-2.mm compilation failed to produce executable
WARNING: obj-c++.dg/try-catch-2.mm compilation failed to produce executable
FAIL: obj-c++.dg/try-catch-9.mm (test for excess errors)
WARNING: obj-c++.dg/try-catch-9.mm compilation failed to produce executable
=== obj-c++ Summary ===
# of expected passes 432
# of unexpected failures 5
# of expected failures 9
# of unsupported tests 14
/test/gnu/gcc/objdir/gcc/testsuite/obj-c++/../../g++ version 4.4.0 20080303 (experimental) [trunk revision 132829] (GCC)
=== objc tests ===
Running target unix
=== objc Summary ===
# of expected passes 1806
# of expected failures 7
# of unsupported tests 27
/test/gnu/gcc/objdir/gcc/xgcc version 4.4.0 20080303 (experimental) [trunk revision 132829] (GCC)
=== libffi tests ===
Running target unix
=== libffi Summary ===
# of expected passes 1389
# of unsupported tests 10
=== libgomp tests ===
Running target unix
FAIL: libgomp.c/pr26943-2.c execution test
FAIL: libgomp.c++/ctor-8.C -O3 -fomit-frame-pointer execution test
FAIL: libgomp.fortran/omp_parse3.f90 -O3 -g (test for excess errors)
WARNING: libgomp.fortran/omp_parse3.f90 -O3 -g compilation failed to produce executable
FAIL: libgomp.fortran/threadprivate1.f90 -Os execution test
FAIL: libgomp.fortran/threadprivate2.f90 -O3 -g (test for excess errors)
WARNING: libgomp.fortran/threadprivate2.f90 -O3 -g compilation failed to produce executable
FAIL: libgomp.fortran/threadprivate3.f90 -O3 -g (test for excess errors)
WARNING: libgomp.fortran/threadprivate3.f90 -O3 -g compilation failed to produce executable
FAIL: libgomp.fortran/threadprivate3.f90 -Os execution test
=== libgomp Summary ===
# of expected passes 1675
# of unexpected failures 7
# of unsupported tests 7
=== libjava tests ===
Running target unix
FAIL: getallthreads run
FAIL: LargeFile execution - source compiled test
FAIL: LargeFile -findirect-dispatch execution - source compiled test
FAIL: LargeFile -O3 execution - source compiled test
FAIL: LargeFile -O3 -findirect-dispatch execution - source compiled test
FAIL: PR27908 execution - source compiled test
FAIL: Thread_Monitor -findirect-dispatch execution - source compiled test
FAIL: Thread_Monitor -O3 execution - source compiled test
FAIL: Thread_Wait_Interrupt -O3 -findirect-dispatch execution - source compiled test
=== libjava Summary ===
# of expected passes 2533
# of unexpected failures 9
# of untested testcases 9
=== libstdc++ tests ===
Running target unix
=== libstdc++ Summary ===
# of expected passes 4920
# of expected failures 62
# of unsupported tests 345
Compiler version: 4.4.0 20080303 (experimental) [trunk revision 132829] (GCC)
Platform: hppa2.0w-hp-hpux11.11
configure flags: --with-gnu-as --with-as=/opt/gnu/bin/as --enable-shared --disable-nls --with-local-prefix=/opt/gnu --prefix=/opt/gnu/gcc/gcc-4.4.0 --enable-debug=no --enable-threads=posix --with-mpfr=/opt/gnu/gcc/gcc-4.4.0 --with-gmp=/opt/gnu/gcc/gcc-4.4.0 --disable-libmudflap --enable-languages=c,c++,objc,obj-c++,fortran,java,ada