This is the mail archive of the
gcc-testresults@gcc.gnu.org
mailing list for the GCC project.
Results for 4.4.0 20080226 (experimental) (GCC) testsuite on i686-pc-mingw32
- From: Joseph Myers <joseph at codesourcery dot com>
- To: gcc-testresults at gcc dot gnu dot org
- Date: Tue, 26 Feb 2008 04:10:25 -0800 (PST)
- Subject: Results for 4.4.0 20080226 (experimental) (GCC) testsuite on i686-pc-mingw32
LAST_UPDATED: Tue Feb 26 01:39:47 UTC 2008 (/trunk revision 132664)
Target is i686-pc-mingw32
Host is i686-pc-linux-gnu
=== g++ tests ===
Running target profion
FAIL: g++.dg/bprob/g++-bprob-1.C execution: file g++-bprob-1.gcda does not exist, -g -fprofile-arcs
UNRESOLVED: g++.dg/bprob/g++-bprob-1.C compilation, -g -fbranch-probabilities
UNRESOLVED: g++.dg/bprob/g++-bprob-1.C execution, -g -fbranch-probabilities
FAIL: g++.dg/bprob/g++-bprob-1.C execution: file g++-bprob-1.gcda does not exist, -O0 -fprofile-arcs
UNRESOLVED: g++.dg/bprob/g++-bprob-1.C compilation, -O0 -fbranch-probabilities
UNRESOLVED: g++.dg/bprob/g++-bprob-1.C execution, -O0 -fbranch-probabilities
FAIL: g++.dg/bprob/g++-bprob-1.C execution: file g++-bprob-1.gcda does not exist, -O1 -fprofile-arcs
UNRESOLVED: g++.dg/bprob/g++-bprob-1.C compilation, -O1 -fbranch-probabilities
UNRESOLVED: g++.dg/bprob/g++-bprob-1.C execution, -O1 -fbranch-probabilities
FAIL: g++.dg/bprob/g++-bprob-1.C execution: file g++-bprob-1.gcda does not exist, -O2 -fprofile-arcs
UNRESOLVED: g++.dg/bprob/g++-bprob-1.C compilation, -O2 -fbranch-probabilities
UNRESOLVED: g++.dg/bprob/g++-bprob-1.C execution, -O2 -fbranch-probabilities
FAIL: g++.dg/bprob/g++-bprob-1.C execution: file g++-bprob-1.gcda does not exist, -O3 -fprofile-arcs
UNRESOLVED: g++.dg/bprob/g++-bprob-1.C compilation, -O3 -fbranch-probabilities
UNRESOLVED: g++.dg/bprob/g++-bprob-1.C execution, -O3 -fbranch-probabilities
FAIL: g++.dg/bprob/g++-bprob-1.C execution: file g++-bprob-1.gcda does not exist, -O3 -g -fprofile-arcs
UNRESOLVED: g++.dg/bprob/g++-bprob-1.C compilation, -O3 -g -fbranch-probabilities
UNRESOLVED: g++.dg/bprob/g++-bprob-1.C execution, -O3 -g -fbranch-probabilities
FAIL: g++.dg/bprob/g++-bprob-1.C execution: file g++-bprob-1.gcda does not exist, -Os -fprofile-arcs
UNRESOLVED: g++.dg/bprob/g++-bprob-1.C compilation, -Os -fbranch-probabilities
UNRESOLVED: g++.dg/bprob/g++-bprob-1.C execution, -Os -fbranch-probabilities
FAIL: g++.dg/bprob/g++-bprob-2.C execution: file g++-bprob-2.gcda does not exist, -g -fprofile-arcs
UNRESOLVED: g++.dg/bprob/g++-bprob-2.C compilation, -g -fbranch-probabilities
UNRESOLVED: g++.dg/bprob/g++-bprob-2.C execution, -g -fbranch-probabilities
FAIL: g++.dg/bprob/g++-bprob-2.C execution: file g++-bprob-2.gcda does not exist, -O0 -fprofile-arcs
UNRESOLVED: g++.dg/bprob/g++-bprob-2.C compilation, -O0 -fbranch-probabilities
UNRESOLVED: g++.dg/bprob/g++-bprob-2.C execution, -O0 -fbranch-probabilities
FAIL: g++.dg/bprob/g++-bprob-2.C execution: file g++-bprob-2.gcda does not exist, -O1 -fprofile-arcs
UNRESOLVED: g++.dg/bprob/g++-bprob-2.C compilation, -O1 -fbranch-probabilities
UNRESOLVED: g++.dg/bprob/g++-bprob-2.C execution, -O1 -fbranch-probabilities
FAIL: g++.dg/bprob/g++-bprob-2.C execution: file g++-bprob-2.gcda does not exist, -O2 -fprofile-arcs
UNRESOLVED: g++.dg/bprob/g++-bprob-2.C compilation, -O2 -fbranch-probabilities
UNRESOLVED: g++.dg/bprob/g++-bprob-2.C execution, -O2 -fbranch-probabilities
FAIL: g++.dg/bprob/g++-bprob-2.C execution: file g++-bprob-2.gcda does not exist, -O3 -fprofile-arcs
UNRESOLVED: g++.dg/bprob/g++-bprob-2.C compilation, -O3 -fbranch-probabilities
UNRESOLVED: g++.dg/bprob/g++-bprob-2.C execution, -O3 -fbranch-probabilities
FAIL: g++.dg/bprob/g++-bprob-2.C execution: file g++-bprob-2.gcda does not exist, -O3 -g -fprofile-arcs
UNRESOLVED: g++.dg/bprob/g++-bprob-2.C compilation, -O3 -g -fbranch-probabilities
UNRESOLVED: g++.dg/bprob/g++-bprob-2.C execution, -O3 -g -fbranch-probabilities
FAIL: g++.dg/bprob/g++-bprob-2.C execution: file g++-bprob-2.gcda does not exist, -Os -fprofile-arcs
UNRESOLVED: g++.dg/bprob/g++-bprob-2.C compilation, -Os -fbranch-probabilities
UNRESOLVED: g++.dg/bprob/g++-bprob-2.C execution, -Os -fbranch-probabilities
FAIL: g++.dg/abi/local1.C execution test
FAIL: g++.dg/abi/rtti1.C scan-assembler-dem-not \\ntypeinfo for A[: \\t\\n]
FAIL: g++.dg/abi/rtti3.C scan-assembler .weak[ \\t]_?_ZTSPP1A
FAIL: g++.dg/abi/thunk4.C scan-assembler .weak[ \\t]_?_ZThn._N7Derived3FooEv
FAIL: g++.dg/eh/weak1.C execution test
FAIL: g++.dg/ext/dllimport7.C C++ specific error (test for errors, line 24)
FAIL: g++.dg/init/cleanup3.C scan-assembler-not _tcf
FAIL: g++.dg/opt/vt1.C scan-assembler-not section[^\\n\\r]*_ZTV1S[^\\n\\r]*"[^w"\\n\\r]*"
FAIL: g++.dg/template/spec35.C scan-assembler .weak(_definition)?[\\t ]*_?_Z2f2IiEvT_
FAIL: g++.dg/tree-prof/indir-call-prof.C execution: file indir-call-prof.gcda does not exist, -g -fprofile-generate
UNRESOLVED: g++.dg/tree-prof/indir-call-prof.C compilation, -g -fprofile-use
UNRESOLVED: g++.dg/tree-prof/indir-call-prof.C execution, -g -fprofile-use
FAIL: g++.dg/tree-prof/indir-call-prof.C execution: file indir-call-prof.gcda does not exist, -O0 -fprofile-generate
UNRESOLVED: g++.dg/tree-prof/indir-call-prof.C compilation, -O0 -fprofile-use
UNRESOLVED: g++.dg/tree-prof/indir-call-prof.C execution, -O0 -fprofile-use
FAIL: g++.dg/tree-prof/indir-call-prof.C execution: file indir-call-prof.gcda does not exist, -O1 -fprofile-generate
UNRESOLVED: g++.dg/tree-prof/indir-call-prof.C compilation, -O1 -fprofile-use
UNRESOLVED: g++.dg/tree-prof/indir-call-prof.C execution, -O1 -fprofile-use
FAIL: g++.dg/tree-prof/indir-call-prof.C execution: file indir-call-prof.gcda does not exist, -O2 -fprofile-generate
UNRESOLVED: g++.dg/tree-prof/indir-call-prof.C compilation, -O2 -fprofile-use
UNRESOLVED: g++.dg/tree-prof/indir-call-prof.C execution, -O2 -fprofile-use
FAIL: g++.dg/tree-prof/indir-call-prof.C execution: file indir-call-prof.gcda does not exist, -O3 -fprofile-generate
UNRESOLVED: g++.dg/tree-prof/indir-call-prof.C compilation, -O3 -fprofile-use
UNRESOLVED: g++.dg/tree-prof/indir-call-prof.C execution, -O3 -fprofile-use
FAIL: g++.dg/tree-prof/indir-call-prof.C execution: file indir-call-prof.gcda does not exist, -O3 -g -fprofile-generate
UNRESOLVED: g++.dg/tree-prof/indir-call-prof.C compilation, -O3 -g -fprofile-use
UNRESOLVED: g++.dg/tree-prof/indir-call-prof.C execution, -O3 -g -fprofile-use
FAIL: g++.dg/tree-prof/indir-call-prof.C execution: file indir-call-prof.gcda does not exist, -Os -fprofile-generate
UNRESOLVED: g++.dg/tree-prof/indir-call-prof.C compilation, -Os -fprofile-use
UNRESOLVED: g++.dg/tree-prof/indir-call-prof.C execution, -Os -fprofile-use
=== g++ Summary ===
# of expected passes 17579
# of unexpected failures 30
# of expected failures 82
# of unresolved testcases 42
# of unsupported tests 168
/scratch/joseph/trunk/obj/test-mainline-0-i686-mingw32/host-i686-pc-linux-gnu/fsf-mainline/bin/i686-mingw32-g++ version 4.4.0 20080226 (experimental) (GCC)
Host is i686-pc-linux-gnu
=== gcc tests ===
Running target profion
FAIL: gcc.c-torture/compile/limits-exprparen.c -O0 (test for excess errors)
FAIL: gcc.c-torture/compile/limits-exprparen.c -O1 (test for excess errors)
FAIL: gcc.c-torture/compile/limits-exprparen.c -O2 (test for excess errors)
FAIL: gcc.c-torture/compile/limits-exprparen.c -O3 -fomit-frame-pointer (test for excess errors)
FAIL: gcc.c-torture/compile/limits-exprparen.c -O3 -g (test for excess errors)
FAIL: gcc.c-torture/compile/limits-exprparen.c -Os (test for excess errors)
FAIL: gcc.c-torture/execute/pr28982b.c execution, -Os
FAIL: gcc.dg/attr-invalid.c (test for warnings, line 88)
FAIL: gcc.dg/attr-invalid.c (test for warnings, line 90)
FAIL: gcc.dg/bf-ms-attrib.c execution test
WARNING: program timed out.
FAIL: gcc.dg/trampoline-1.c execution test
FAIL: gcc.dg/matrix/transpose-1.c execution: file transpose-1.gcda does not exist, -fprofile-generate -O3
UNRESOLVED: gcc.dg/matrix/transpose-1.c compilation, -fprofile-use -fipa-matrix-reorg -fdump-ipa-matrix-reorg -O3 -fwhole-program -combine
UNRESOLVED: gcc.dg/matrix/transpose-1.c execution, -fprofile-use -fipa-matrix-reorg -fdump-ipa-matrix-reorg -O3 -fwhole-program -combine
FAIL: gcc.dg/matrix/transpose-2.c execution: file transpose-2.gcda does not exist, -fprofile-generate -O3
UNRESOLVED: gcc.dg/matrix/transpose-2.c compilation, -fprofile-use -fipa-matrix-reorg -fdump-ipa-matrix-reorg -O3 -fwhole-program -combine
UNRESOLVED: gcc.dg/matrix/transpose-2.c execution, -fprofile-use -fipa-matrix-reorg -fdump-ipa-matrix-reorg -O3 -fwhole-program -combine
FAIL: gcc.dg/matrix/transpose-3.c execution: file transpose-3.gcda does not exist, -fprofile-generate -O3
UNRESOLVED: gcc.dg/matrix/transpose-3.c compilation, -fprofile-use -fipa-matrix-reorg -fdump-ipa-matrix-reorg -O3 -fwhole-program -combine
UNRESOLVED: gcc.dg/matrix/transpose-3.c execution, -fprofile-use -fipa-matrix-reorg -fdump-ipa-matrix-reorg -O3 -fwhole-program -combine
FAIL: gcc.dg/matrix/transpose-4.c execution: file transpose-4.gcda does not exist, -fprofile-generate -O3
UNRESOLVED: gcc.dg/matrix/transpose-4.c compilation, -fprofile-use -fipa-matrix-reorg -fdump-ipa-matrix-reorg -O3 -fwhole-program -combine
UNRESOLVED: gcc.dg/matrix/transpose-4.c execution, -fprofile-use -fipa-matrix-reorg -fdump-ipa-matrix-reorg -O3 -fwhole-program -combine
FAIL: gcc.dg/matrix/transpose-5.c execution: file transpose-5.gcda does not exist, -fprofile-generate -O3
UNRESOLVED: gcc.dg/matrix/transpose-5.c compilation, -fprofile-use -fipa-matrix-reorg -fdump-ipa-matrix-reorg -O3 -fwhole-program -combine
UNRESOLVED: gcc.dg/matrix/transpose-5.c execution, -fprofile-use -fipa-matrix-reorg -fdump-ipa-matrix-reorg -O3 -fwhole-program -combine
FAIL: gcc.dg/matrix/transpose-6.c execution: file transpose-6.gcda does not exist, -fprofile-generate -O3
UNRESOLVED: gcc.dg/matrix/transpose-6.c compilation, -fprofile-use -fipa-matrix-reorg -fdump-ipa-matrix-reorg -O3 -fwhole-program -combine
UNRESOLVED: gcc.dg/matrix/transpose-6.c execution, -fprofile-use -fipa-matrix-reorg -fdump-ipa-matrix-reorg -O3 -fwhole-program -combine
FAIL: gcc.dg/struct/wo_prof_malloc_size_var.c execution test
FAIL: gcc.dg/struct/w_prof_global_array.c execution: file w_prof_global_array.gcda does not exist, -O3 -fwhole-program -combine -fipa-type-escape -fprofile-generate
UNRESOLVED: gcc.dg/struct/w_prof_global_array.c compilation, -O3 -fwhole-program -combine -fipa-type-escape -fprofile-use -fipa-struct-reorg -fdump-ipa-all
UNRESOLVED: gcc.dg/struct/w_prof_global_array.c execution, -O3 -fwhole-program -combine -fipa-type-escape -fprofile-use -fipa-struct-reorg -fdump-ipa-all
FAIL: gcc.dg/struct/w_prof_global_var.c execution: file w_prof_global_var.gcda does not exist, -O3 -fwhole-program -combine -fipa-type-escape -fprofile-generate
UNRESOLVED: gcc.dg/struct/w_prof_global_var.c compilation, -O3 -fwhole-program -combine -fipa-type-escape -fprofile-use -fipa-struct-reorg -fdump-ipa-all
UNRESOLVED: gcc.dg/struct/w_prof_global_var.c execution, -O3 -fwhole-program -combine -fipa-type-escape -fprofile-use -fipa-struct-reorg -fdump-ipa-all
FAIL: gcc.dg/struct/w_prof_local_array.c execution: file w_prof_local_array.gcda does not exist, -O3 -fwhole-program -combine -fipa-type-escape -fprofile-generate
UNRESOLVED: gcc.dg/struct/w_prof_local_array.c compilation, -O3 -fwhole-program -combine -fipa-type-escape -fprofile-use -fipa-struct-reorg -fdump-ipa-all
UNRESOLVED: gcc.dg/struct/w_prof_local_array.c execution, -O3 -fwhole-program -combine -fipa-type-escape -fprofile-use -fipa-struct-reorg -fdump-ipa-all
FAIL: gcc.dg/struct/w_prof_local_var.c execution: file w_prof_local_var.gcda does not exist, -O3 -fwhole-program -combine -fipa-type-escape -fprofile-generate
UNRESOLVED: gcc.dg/struct/w_prof_local_var.c compilation, -O3 -fwhole-program -combine -fipa-type-escape -fprofile-use -fipa-struct-reorg -fdump-ipa-all
UNRESOLVED: gcc.dg/struct/w_prof_local_var.c execution, -O3 -fwhole-program -combine -fipa-type-escape -fprofile-use -fipa-struct-reorg -fdump-ipa-all
FAIL: gcc.dg/struct/w_prof_single_str_global.c execution: file w_prof_single_str_global.gcda does not exist, -O3 -fwhole-program -combine -fipa-type-escape -fprofile-generate
UNRESOLVED: gcc.dg/struct/w_prof_single_str_global.c compilation, -O3 -fwhole-program -combine -fipa-type-escape -fprofile-use -fipa-struct-reorg -fdump-ipa-all
UNRESOLVED: gcc.dg/struct/w_prof_single_str_global.c execution, -O3 -fwhole-program -combine -fipa-type-escape -fprofile-use -fipa-struct-reorg -fdump-ipa-all
FAIL: gcc.dg/struct/w_prof_two_strs.c execution: file w_prof_two_strs.gcda does not exist, -O3 -fwhole-program -combine -fipa-type-escape -fprofile-generate
UNRESOLVED: gcc.dg/struct/w_prof_two_strs.c compilation, -O3 -fwhole-program -combine -fipa-type-escape -fprofile-use -fipa-struct-reorg -fdump-ipa-all
UNRESOLVED: gcc.dg/struct/w_prof_two_strs.c execution, -O3 -fwhole-program -combine -fipa-type-escape -fprofile-use -fipa-struct-reorg -fdump-ipa-all
FAIL: gcc.dg/struct/w_ratio_cold_str.c execution: file w_ratio_cold_str.gcda does not exist, -O3 -fwhole-program -combine -fipa-type-escape -fprofile-generate
UNRESOLVED: gcc.dg/struct/w_ratio_cold_str.c compilation, -O3 -fwhole-program -combine -fipa-type-escape -fprofile-use -fipa-struct-reorg -fdump-ipa-all --param struct-reorg-cold-struct-ratio=30
UNRESOLVED: gcc.dg/struct/w_ratio_cold_str.c execution, -O3 -fwhole-program -combine -fipa-type-escape -fprofile-use -fipa-struct-reorg -fdump-ipa-all --param struct-reorg-cold-struct-ratio=30
FAIL: gcc.dg/tree-prof/bb-reorg.c execution: file bb-reorg.gcda does not exist, -fprofile-generate -D_PROFILE_GENERATE
UNRESOLVED: gcc.dg/tree-prof/bb-reorg.c compilation, -fprofile-use -D_PROFILE_USE
UNRESOLVED: gcc.dg/tree-prof/bb-reorg.c execution, -fprofile-use -D_PROFILE_USE
FAIL: gcc.dg/tree-prof/indir-call-prof.c execution: file indir-call-prof.gcda does not exist, -fprofile-generate -D_PROFILE_GENERATE
UNRESOLVED: gcc.dg/tree-prof/indir-call-prof.c compilation, -fprofile-use -D_PROFILE_USE
UNRESOLVED: gcc.dg/tree-prof/indir-call-prof.c execution, -fprofile-use -D_PROFILE_USE
FAIL: gcc.dg/tree-prof/inliner-1.c execution: file inliner-1.gcda does not exist, -fprofile-generate -D_PROFILE_GENERATE
UNRESOLVED: gcc.dg/tree-prof/inliner-1.c compilation, -fprofile-use -D_PROFILE_USE
UNRESOLVED: gcc.dg/tree-prof/inliner-1.c execution, -fprofile-use -D_PROFILE_USE
FAIL: gcc.dg/tree-prof/stringop-1.c execution: file stringop-1.gcda does not exist, -fprofile-generate -D_PROFILE_GENERATE
UNRESOLVED: gcc.dg/tree-prof/stringop-1.c compilation, -fprofile-use -D_PROFILE_USE
UNRESOLVED: gcc.dg/tree-prof/stringop-1.c execution, -fprofile-use -D_PROFILE_USE
FAIL: gcc.dg/tree-prof/stringop-2.c execution: file stringop-2.gcda does not exist, -fprofile-generate -D_PROFILE_GENERATE
UNRESOLVED: gcc.dg/tree-prof/stringop-2.c compilation, -fprofile-use -D_PROFILE_USE
UNRESOLVED: gcc.dg/tree-prof/stringop-2.c execution, -fprofile-use -D_PROFILE_USE
FAIL: gcc.dg/tree-prof/tracer-1.c execution: file tracer-1.gcda does not exist, -fprofile-generate -D_PROFILE_GENERATE
UNRESOLVED: gcc.dg/tree-prof/tracer-1.c compilation, -fprofile-use -D_PROFILE_USE
UNRESOLVED: gcc.dg/tree-prof/tracer-1.c execution, -fprofile-use -D_PROFILE_USE
FAIL: gcc.dg/tree-prof/update-cunroll-2.c execution: file update-cunroll-2.gcda does not exist, -fprofile-generate -D_PROFILE_GENERATE
UNRESOLVED: gcc.dg/tree-prof/update-cunroll-2.c compilation, -fprofile-use -D_PROFILE_USE
UNRESOLVED: gcc.dg/tree-prof/update-cunroll-2.c execution, -fprofile-use -D_PROFILE_USE
FAIL: gcc.dg/tree-prof/update-loopch.c execution: file update-loopch.gcda does not exist, -fprofile-generate -D_PROFILE_GENERATE
UNRESOLVED: gcc.dg/tree-prof/update-loopch.c compilation, -fprofile-use -D_PROFILE_USE
UNRESOLVED: gcc.dg/tree-prof/update-loopch.c execution, -fprofile-use -D_PROFILE_USE
FAIL: gcc.dg/tree-prof/update-tailcall.c execution: file update-tailcall.gcda does not exist, -fprofile-generate -D_PROFILE_GENERATE
UNRESOLVED: gcc.dg/tree-prof/update-tailcall.c compilation, -fprofile-use -D_PROFILE_USE
UNRESOLVED: gcc.dg/tree-prof/update-tailcall.c execution, -fprofile-use -D_PROFILE_USE
FAIL: gcc.dg/tree-prof/val-prof-1.c execution: file val-prof-1.gcda does not exist, -fprofile-generate -D_PROFILE_GENERATE
UNRESOLVED: gcc.dg/tree-prof/val-prof-1.c compilation, -fprofile-use -D_PROFILE_USE
UNRESOLVED: gcc.dg/tree-prof/val-prof-1.c execution, -fprofile-use -D_PROFILE_USE
FAIL: gcc.dg/tree-prof/val-prof-2.c execution: file val-prof-2.gcda does not exist, -fprofile-generate -D_PROFILE_GENERATE
UNRESOLVED: gcc.dg/tree-prof/val-prof-2.c compilation, -fprofile-use -D_PROFILE_USE
UNRESOLVED: gcc.dg/tree-prof/val-prof-2.c execution, -fprofile-use -D_PROFILE_USE
FAIL: gcc.dg/tree-prof/val-prof-3.c execution: file val-prof-3.gcda does not exist, -fprofile-generate -D_PROFILE_GENERATE
UNRESOLVED: gcc.dg/tree-prof/val-prof-3.c compilation, -fprofile-use -D_PROFILE_USE
UNRESOLVED: gcc.dg/tree-prof/val-prof-3.c execution, -fprofile-use -D_PROFILE_USE
FAIL: gcc.dg/tree-prof/val-prof-4.c execution: file val-prof-4.gcda does not exist, -fprofile-generate -D_PROFILE_GENERATE
UNRESOLVED: gcc.dg/tree-prof/val-prof-4.c compilation, -fprofile-use -D_PROFILE_USE
UNRESOLVED: gcc.dg/tree-prof/val-prof-4.c execution, -fprofile-use -D_PROFILE_USE
FAIL: gcc.dg/tree-prof/val-prof-5.c execution: file val-prof-5.gcda does not exist, -fprofile-generate -D_PROFILE_GENERATE
UNRESOLVED: gcc.dg/tree-prof/val-prof-5.c compilation, -fprofile-use -D_PROFILE_USE
UNRESOLVED: gcc.dg/tree-prof/val-prof-5.c execution, -fprofile-use -D_PROFILE_USE
FAIL: gcc.dg/tree-prof/val-prof-6.c execution: file val-prof-6.gcda does not exist, -fprofile-generate -D_PROFILE_GENERATE
UNRESOLVED: gcc.dg/tree-prof/val-prof-6.c compilation, -fprofile-use -D_PROFILE_USE
UNRESOLVED: gcc.dg/tree-prof/val-prof-6.c execution, -fprofile-use -D_PROFILE_USE
FAIL: gcc.dg/tree-prof/wcoverage-mismatch.c execution: file wcoverage-mismatch.gcda does not exist, -fprofile-generate -D_PROFILE_GENERATE
UNRESOLVED: gcc.dg/tree-prof/wcoverage-mismatch.c compilation, -fprofile-use -D_PROFILE_USE
UNRESOLVED: gcc.dg/tree-prof/wcoverage-mismatch.c execution, -fprofile-use -D_PROFILE_USE
FAIL: gcc.dg/tree-ssa/loop-1.c scan-assembler-times foo 5
FAIL: gcc.dg/tree-ssa/pr27781.c scan-tree-dump optimized "func \\(\\);"
FAIL: gcc.dg/vect/pr25413.c scan-tree-dump-times vect "vectorized 1 loops" 0
FAIL: gcc.dg/vect/pr25413.c scan-tree-dump-times vect "vector alignment may not be reachable" 1
FAIL: gcc.dg/vect/pr25413.c scan-tree-dump-times vect "not vectorized: unsupported unaligned store" 1
FAIL: gcc.misc-tests/bprob-1.c execution: file bprob-1.gcda does not exist, -fprofile-arcs
UNRESOLVED: gcc.misc-tests/bprob-1.c compilation, -fbranch-probabilities
UNRESOLVED: gcc.misc-tests/bprob-1.c execution, -fbranch-probabilities
FAIL: gcc.misc-tests/bprob-2.c execution: file bprob-2.gcda does not exist, -fprofile-arcs
UNRESOLVED: gcc.misc-tests/bprob-2.c compilation, -fbranch-probabilities
UNRESOLVED: gcc.misc-tests/bprob-2.c execution, -fbranch-probabilities
FAIL: gcc.target/i386/mmx-4.c execution test
FAIL: gcc.target/i386/pic-1.c (test for errors, line 11)
FAIL: gcc.target/i386/sse-6.c execution test
FAIL: gcc.target/i386/sse5-haddX.c (test for excess errors)
UNRESOLVED: gcc.target/i386/sse5-haddX.c compilation failed to produce executable
FAIL: gcc.target/i386/sse5-hsubX.c (test for excess errors)
UNRESOLVED: gcc.target/i386/sse5-hsubX.c compilation failed to produce executable
=== gcc Summary ===
# of expected passes 48002
# of unexpected failures 53
# of expected failures 166
# of unresolved testcases 64
# of untested testcases 35
# of unsupported tests 345
/scratch/joseph/trunk/obj/test-mainline-0-i686-mingw32/host-i686-pc-linux-gnu/fsf-mainline/bin/i686-mingw32-gcc version 4.4.0 20080226 (experimental) (GCC)
Host is i686-pc-linux-gnu
=== libstdc++ tests ===
Running target profion
FAIL: 17_intro/headers/all.cc (test for excess errors)
FAIL: 17_intro/headers/all_c++200x_compatibility.cc (test for excess errors)
FAIL: 17_intro/headers/all_pedantic_errors.cc (test for excess errors)
FAIL: 19_diagnostics/error_code/cons/1.cc (test for excess errors)
UNRESOLVED: 19_diagnostics/error_code/cons/1.cc compilation failed to produce executable
FAIL: 19_diagnostics/error_code/operators/bool.cc (test for excess errors)
UNRESOLVED: 19_diagnostics/error_code/operators/bool.cc compilation failed to produce executable
FAIL: 19_diagnostics/error_code/operators/equal.cc (test for excess errors)
UNRESOLVED: 19_diagnostics/error_code/operators/equal.cc compilation failed to produce executable
FAIL: 19_diagnostics/error_code/operators/not_equal.cc (test for excess errors)
UNRESOLVED: 19_diagnostics/error_code/operators/not_equal.cc compilation failed to produce executable
FAIL: 19_diagnostics/headers/system_error/types_std_c++0x.cc (test for excess errors)
FAIL: 19_diagnostics/system_error/cons-1.cc (test for excess errors)
UNRESOLVED: 19_diagnostics/system_error/cons-1.cc compilation failed to produce executable
FAIL: 22_locale/money_get/get/char/5.cc execution test
FAIL: 22_locale/money_get/get/wchar_t/5.cc execution test
FAIL: 22_locale/money_put/put/char/12971.cc execution test
FAIL: 22_locale/money_put/put/char/4.cc execution test
FAIL: 22_locale/money_put/put/wchar_t/12971.cc execution test
FAIL: 22_locale/money_put/put/wchar_t/4.cc execution test
FAIL: 22_locale/num_get/get/char/10.cc execution test
FAIL: 22_locale/num_get/get/char/4.cc execution test
FAIL: 22_locale/num_get/get/wchar_t/10.cc execution test
FAIL: 22_locale/num_get/get/wchar_t/4.cc execution test
FAIL: 22_locale/num_put/put/char/14220.cc execution test
FAIL: 22_locale/num_put/put/char/4.cc execution test
FAIL: 22_locale/num_put/put/char/6.cc execution test
FAIL: 22_locale/num_put/put/wchar_t/14220.cc execution test
FAIL: 22_locale/num_put/put/wchar_t/4.cc execution test
FAIL: 22_locale/num_put/put/wchar_t/6.cc execution test
FAIL: 22_locale/time_put/put/char/1.cc execution test
FAIL: 22_locale/time_put/put/wchar_t/1.cc execution test
FAIL: 26_numerics/complex/inserters_extractors/char/1.cc execution test
FAIL: 26_numerics/complex/inserters_extractors/wchar_t/1.cc execution test
FAIL: 26_numerics/headers/cmath/c99_classification_macros_c.cc (test for excess errors)
FAIL: 27_io/basic_filebuf/underflow/wchar_t/11603.cc execution test
FAIL: 27_io/basic_istream/extractors_arithmetic/char/01.cc execution test
FAIL: 27_io/basic_istream/extractors_arithmetic/char/12.cc execution test
FAIL: 27_io/basic_istream/extractors_arithmetic/wchar_t/01.cc execution test
FAIL: 27_io/basic_istream/extractors_arithmetic/wchar_t/12.cc execution test
FAIL: 27_io/basic_istream/readsome/wchar_t/6746-2.cc execution test
FAIL: 27_io/basic_ostream/inserters_arithmetic/char/1.cc execution test
FAIL: 27_io/basic_ostream/inserters_arithmetic/wchar_t/1.cc execution test
FAIL: 27_io/basic_ostream/inserters_arithmetic/wchar_t/4402.cc (test for excess errors)
UNRESOLVED: 27_io/basic_ostream/inserters_arithmetic/wchar_t/4402.cc compilation failed to produce executable
FAIL: 27_io/basic_ostream/inserters_other/wchar_t/error_code.cc (test for excess errors)
UNRESOLVED: 27_io/basic_ostream/inserters_other/wchar_t/error_code.cc compilation failed to produce executable
FAIL: 27_io/objects/wchar_t/9662.cc execution test
FAIL: ext/headers.cc (test for excess errors)
WARNING: program timed out.
FAIL: ext/pb_ds/regression/trie_no_data_map_rand.cc execution test
=== libstdc++ Summary ===
# of expected passes 4573
# of unexpected failures 43
# of expected failures 59
# of unresolved testcases 7
# of unsupported tests 499
Compiler version: 4.4.0 20080226 (experimental) (GCC)
Platform: i686-pc-mingw32
configure flags: --build=i686-pc-linux-gnu --host=i686-pc-linux-gnu --target=i686-mingw32 --enable-threads --disable-libmudflap --disable-libssp --disable-libgomp --disable-libstdcxx-pch --with-gnu-as --with-gnu-ld --enable-languages=c,c++ --enable-shared --disable-nls --prefix=/opt/codesourcery --with-sysroot=/opt/codesourcery/i686-mingw32 --with-build-sysroot=/scratch/joseph/trunk/install/i686-mingw32 --with-gmp=/scratch/joseph/trunk/obj/host-libs-mainline-0-i686-mingw32-i686-pc-linux-gnu/usr --with-mpfr=/scratch/joseph/trunk/obj/host-libs-mainline-0-i686-mingw32-i686-pc-linux-gnu/usr --enable-poison-system-directories --with-build-time-tools=/scratch/joseph/trunk/install/i686-mingw32/bin --with-build-time-tools=/scratch/joseph/trunk/install/i686-mingw32/bin