This is the mail archive of the
gcc-testresults@gcc.gnu.org
mailing list for the GCC project.
Results for 4.4.0 20080222 (experimental) [trunk revision 132553] (GCC) testsuite on x86_64-unknown-linux-gnu
- From: "H.J. Lu" <hjl dot tools at gmail dot com>
- To: gcc-testresults at gcc dot gnu dot org
- Date: Fri, 22 Feb 2008 08:59:19 -0800 (PST)
- Subject: Results for 4.4.0 20080222 (experimental) [trunk revision 132553] (GCC) testsuite on x86_64-unknown-linux-gnu
LAST_UPDATED: Fri Feb 22 15:38:16 UTC 2008 (revision 132553)
Native configuration is x86_64-unknown-linux-gnu
=== gcc tests ===
Running target unix/-m32
=== gcc Summary for unix/-m32 ===
# of expected passes 48923
# of expected failures 167
# of untested testcases 35
# of unsupported tests 257
Running target unix
=== gcc Summary for unix ===
# of expected passes 48784
# of expected failures 166
# of untested testcases 35
# of unsupported tests 371
=== gcc Summary ===
# of expected passes 97707
# of expected failures 333
# of untested testcases 70
# of unsupported tests 628
/export/build/gnu/gcc/build-x86_64-linux/gcc/xgcc version 4.4.0 20080222 (experimental) [trunk revision 132553] (GCC)
=== gfortran tests ===
Running target unix/-m32
=== gfortran Summary for unix/-m32 ===
# of expected passes 23760
# of expected failures 3
# of unsupported tests 16
Running target unix
=== gfortran Summary for unix ===
# of expected passes 23758
# of expected failures 3
# of unsupported tests 18
=== gfortran Summary ===
# of expected passes 47518
# of expected failures 6
# of unsupported tests 34
/export/build/gnu/gcc/build-x86_64-linux/gcc/testsuite/gfortran/../../gfortran version 4.4.0 20080222 (experimental) [trunk revision 132553] (GCC)
=== g++ tests ===
Running target unix/-m32
=== g++ Summary for unix/-m32 ===
# of expected passes 17493
# of expected failures 82
# of unsupported tests 89
Running target unix
=== g++ Summary for unix ===
# of expected passes 17408
# of expected failures 82
# of unsupported tests 118
=== g++ Summary ===
# of expected passes 34901
# of expected failures 164
# of unsupported tests 207
/export/build/gnu/gcc/build-x86_64-linux/gcc/testsuite/g++/../../g++ version 4.4.0 20080222 (experimental) [trunk revision 132553] (GCC)
=== objc tests ===
Running target unix/-m32
=== objc Summary for unix/-m32 ===
# of expected passes 1812
# of expected failures 7
# of unsupported tests 24
Running target unix
=== objc Summary for unix ===
# of expected passes 1812
# of expected failures 7
# of unsupported tests 24
=== objc Summary ===
# of expected passes 3624
# of expected failures 14
# of unsupported tests 48
/export/build/gnu/gcc/build-x86_64-linux/gcc/xgcc version 4.4.0 20080222 (experimental) [trunk revision 132553] (GCC)
=== libffi tests ===
Running target unix/-m32
=== libffi Summary for unix/-m32 ===
# of expected passes 1389
# of unsupported tests 10
Running target unix
=== libffi Summary for unix ===
# of expected passes 1389
# of unsupported tests 10
=== libffi Summary ===
# of expected passes 2778
# of unsupported tests 20
=== libgomp tests ===
Running target unix/-m32
=== libgomp Summary for unix/-m32 ===
# of expected passes 1699
Running target unix
=== libgomp Summary for unix ===
# of expected passes 1699
=== libgomp Summary ===
# of expected passes 3398
=== libjava tests ===
Running target unix/-m32
FAIL: events output
=== libjava Summary for unix/-m32 ===
# of expected passes 2549
# of unexpected failures 1
Running target unix
=== libjava Summary for unix ===
# of expected passes 2550
=== libjava Summary ===
# of expected passes 5099
# of unexpected failures 1
=== libmudflap tests ===
Running target unix/-m32
=== libmudflap Summary for unix/-m32 ===
# of expected passes 1849
Running target unix
FAIL: libmudflap.c/fail8-frag.c (-static) output pattern test
FAIL: libmudflap.c/fail9-frag.c (-static) output pattern test
=== libmudflap Summary for unix ===
# of expected passes 1847
# of unexpected failures 2
=== libmudflap Summary ===
# of expected passes 3696
# of unexpected failures 2
=== libstdc++ tests ===
Running target unix/-m32
FAIL: abi_check
XPASS: 26_numerics/headers/cmath/c99_classification_macros_c.cc (test for excess errors)
=== libstdc++ Summary for unix/-m32 ===
# of expected passes 5599
# of unexpected failures 1
# of unexpected successes 1
# of expected failures 60
# of unsupported tests 10
Running target unix
FAIL: abi_check
XPASS: 26_numerics/headers/cmath/c99_classification_macros_c.cc (test for excess errors)
=== libstdc++ Summary for unix ===
# of expected passes 5599
# of unexpected failures 1
# of unexpected successes 1
# of expected failures 60
# of unsupported tests 10
=== libstdc++ Summary ===
# of expected passes 11198
# of unexpected failures 2
# of unexpected successes 2
# of expected failures 120
# of unsupported tests 20
Compiler version: 4.4.0 20080222 (experimental) [trunk revision 132553] (GCC)
Platform: x86_64-unknown-linux-gnu
configure flags: --enable-clocale=gnu --with-system-zlib --enable-decimal-float=bid --with-demangler-in-ld --enable-shared --enable-threads=posix --enable-haifa --enable-checking=assert --prefix=/usr/gcc-4.4 --with-local-prefix=/usr/local