This is the mail archive of the
gcc-testresults@gcc.gnu.org
mailing list for the GCC project.
Results for 4.4.0 20080220 (experimental) [trunk revision 132484] (GCC) testsuite on x86_64-unknown-linux-gnu
- From: Joey Ye <jye2 at shgcc-2 dot sh dot intel dot com>
- To: gcc-testresults at gcc dot gnu dot org
- Date: Thu, 21 Feb 2008 07:27:24 +0800
- Subject: Results for 4.4.0 20080220 (experimental) [trunk revision 132484] (GCC) testsuite on x86_64-unknown-linux-gnu
LAST_UPDATED: Wed Feb 20 17:02:21 UTC 2008 (revision 132484)
Native configuration is x86_64-unknown-linux-gnu
=== g++ tests ===
Running target unix/-m32
=== g++ Summary for unix/-m32 ===
# of expected passes 17489
# of expected failures 82
# of unsupported tests 89
Running target unix
=== g++ Summary for unix ===
# of expected passes 17404
# of expected failures 82
# of unsupported tests 118
=== g++ Summary ===
# of expected passes 34893
# of expected failures 164
# of unsupported tests 207
/home/jye2/gcc/build-daily/gcc/testsuite/g++/../../g++ version 4.4.0 20080220 (experimental) [trunk revision 132484] (GCC)
=== gcc tests ===
Running target unix/-m32
FAIL: gcc.dg/torture/builtin-math-4.c -O0 (test for excess errors)
FAIL: gcc.dg/torture/builtin-math-4.c -O1 (test for excess errors)
FAIL: gcc.dg/torture/builtin-math-4.c -O2 (test for excess errors)
FAIL: gcc.dg/torture/builtin-math-4.c -O3 -fomit-frame-pointer (test for excess errors)
FAIL: gcc.dg/torture/builtin-math-4.c -O3 -fomit-frame-pointer -funroll-loops (test for excess errors)
FAIL: gcc.dg/torture/builtin-math-4.c -O3 -fomit-frame-pointer -funroll-all-loops -finline-functions (test for excess errors)
FAIL: gcc.dg/torture/builtin-math-4.c -O3 -g (test for excess errors)
FAIL: gcc.dg/torture/builtin-math-4.c -Os (test for excess errors)
=== gcc Summary for unix/-m32 ===
# of expected passes 48886
# of unexpected failures 8
# of expected failures 167
# of untested testcases 35
# of unsupported tests 265
Running target unix
FAIL: gcc.dg/torture/builtin-math-4.c -O0 (test for excess errors)
FAIL: gcc.dg/torture/builtin-math-4.c -O1 (test for excess errors)
FAIL: gcc.dg/torture/builtin-math-4.c -O2 (test for excess errors)
FAIL: gcc.dg/torture/builtin-math-4.c -O3 -fomit-frame-pointer (test for excess errors)
FAIL: gcc.dg/torture/builtin-math-4.c -O3 -fomit-frame-pointer -funroll-loops (test for excess errors)
FAIL: gcc.dg/torture/builtin-math-4.c -O3 -fomit-frame-pointer -funroll-all-loops -finline-functions (test for excess errors)
FAIL: gcc.dg/torture/builtin-math-4.c -O3 -g (test for excess errors)
FAIL: gcc.dg/torture/builtin-math-4.c -Os (test for excess errors)
=== gcc Summary for unix ===
# of expected passes 48747
# of unexpected failures 8
# of expected failures 166
# of untested testcases 35
# of unsupported tests 379
=== gcc Summary ===
# of expected passes 97633
# of unexpected failures 16
# of expected failures 333
# of untested testcases 70
# of unsupported tests 644
/home/jye2/gcc/build-daily/gcc/xgcc version 4.4.0 20080220 (experimental) [trunk revision 132484] (GCC)
=== gfortran tests ===
Running target unix/-m32
=== gfortran Summary for unix/-m32 ===
# of expected passes 23715
# of expected failures 3
# of unsupported tests 16
Running target unix
FAIL: gfortran.dg/array_2.f90 -O3 -fomit-frame-pointer (test for excess errors)
WARNING: gfortran.dg/array_2.f90 -O3 -fomit-frame-pointer compilation failed to produce executable
FAIL: gfortran.dg/array_2.f90 -O3 -fomit-frame-pointer -funroll-loops (test for excess errors)
WARNING: gfortran.dg/array_2.f90 -O3 -fomit-frame-pointer -funroll-loops compilation failed to produce executable
FAIL: gfortran.dg/array_2.f90 -O3 -fomit-frame-pointer -funroll-all-loops -finline-functions (test for excess errors)
WARNING: gfortran.dg/array_2.f90 -O3 -fomit-frame-pointer -funroll-all-loops -finline-functions compilation failed to produce executable
FAIL: gfortran.dg/array_2.f90 -O3 -g (test for excess errors)
WARNING: gfortran.dg/array_2.f90 -O3 -g compilation failed to produce executable
FAIL: gfortran.dg/common_resize_1.f -O3 -fomit-frame-pointer (test for excess errors)
WARNING: gfortran.dg/common_resize_1.f -O3 -fomit-frame-pointer compilation failed to produce executable
FAIL: gfortran.dg/common_resize_1.f -O3 -fomit-frame-pointer -funroll-loops (test for excess errors)
WARNING: gfortran.dg/common_resize_1.f -O3 -fomit-frame-pointer -funroll-loops compilation failed to produce executable
FAIL: gfortran.dg/common_resize_1.f -O3 -fomit-frame-pointer -funroll-all-loops -finline-functions (test for excess errors)
WARNING: gfortran.dg/common_resize_1.f -O3 -fomit-frame-pointer -funroll-all-loops -finline-functions compilation failed to produce executable
FAIL: gfortran.dg/common_resize_1.f -O3 -g (test for excess errors)
WARNING: gfortran.dg/common_resize_1.f -O3 -g compilation failed to produce executable
=== gfortran Summary for unix ===
# of expected passes 23697
# of unexpected failures 8
# of expected failures 3
# of unsupported tests 18
=== gfortran Summary ===
# of expected passes 47412
# of unexpected failures 8
# of expected failures 6
# of unsupported tests 34
/home/jye2/gcc/build-daily/gcc/testsuite/gfortran/../../gfortran version 4.4.0 20080220 (experimental) [trunk revision 132484] (GCC)
=== objc tests ===
Running target unix/-m32
=== objc Summary for unix/-m32 ===
# of expected passes 1812
# of expected failures 7
# of unsupported tests 24
Running target unix
=== objc Summary for unix ===
# of expected passes 1812
# of expected failures 7
# of unsupported tests 24
=== objc Summary ===
# of expected passes 3624
# of expected failures 14
# of unsupported tests 48
/home/jye2/gcc/build-daily/gcc/xgcc version 4.4.0 20080220 (experimental) [trunk revision 132484] (GCC)
=== libffi tests ===
Running target unix/-m32
=== libffi Summary for unix/-m32 ===
# of expected passes 1389
# of unsupported tests 10
Running target unix
=== libffi Summary for unix ===
# of expected passes 1389
# of unsupported tests 10
=== libffi Summary ===
# of expected passes 2778
# of unsupported tests 20
=== libgomp tests ===
Running target unix/-m32
=== libgomp Summary for unix/-m32 ===
# of expected passes 1699
Running target unix
=== libgomp Summary for unix ===
# of expected passes 1699
=== libgomp Summary ===
# of expected passes 3398
=== libjava tests ===
Running target unix/-m32
=== libjava Summary for unix/-m32 ===
# of expected passes 2550
Running target unix
=== libjava Summary for unix ===
# of expected passes 2550
=== libjava Summary ===
# of expected passes 5100
=== libmudflap tests ===
Running target unix/-m32
=== libmudflap Summary for unix/-m32 ===
# of expected passes 1849
Running target unix
FAIL: libmudflap.c/fail8-frag.c (-static) output pattern test
FAIL: libmudflap.c/fail9-frag.c (-static) output pattern test
=== libmudflap Summary for unix ===
# of expected passes 1847
# of unexpected failures 2
=== libmudflap Summary ===
# of expected passes 3696
# of unexpected failures 2
=== libstdc++ tests ===
Running target unix/-m32
FAIL: abi_check
XPASS: 26_numerics/headers/cmath/c99_classification_macros_c.cc (test for excess errors)
=== libstdc++ Summary for unix/-m32 ===
# of expected passes 5599
# of unexpected failures 1
# of unexpected successes 1
# of expected failures 60
# of unsupported tests 10
Running target unix
FAIL: abi_check
XPASS: 26_numerics/headers/cmath/c99_classification_macros_c.cc (test for excess errors)
=== libstdc++ Summary for unix ===
# of expected passes 5599
# of unexpected failures 1
# of unexpected successes 1
# of expected failures 60
# of unsupported tests 10
=== libstdc++ Summary ===
# of expected passes 11198
# of unexpected failures 2
# of unexpected successes 2
# of expected failures 120
# of unsupported tests 20
Compiler version: 4.4.0 20080220 (experimental) [trunk revision 132484] (GCC)
Platform: x86_64-unknown-linux-gnu
configure flags: --enable-clocale=gnu --with-system-zlib --enable-decimal-float=bid --with-demangler-in-ld --enable-shared --enable-threads=posix --enable-haifa --enable-checking=assert