This is the mail archive of the
gcc-testresults@gcc.gnu.org
mailing list for the GCC project.
Results for 4.4.0 20080220 (experimental) (GCC) testsuite on i686-pc-linux-gnu
- From: CodeSourcery Automatic Testing System <gcc at codesourcery dot com>
- To: gcc-testresults at gcc dot gnu dot org
- Date: Wed, 20 Feb 2008 07:23:07 -0800
- Subject: Results for 4.4.0 20080220 (experimental) (GCC) testsuite on i686-pc-linux-gnu
LAST_UPDATED: Wed Feb 20 08:56:42 UTC 2008 (/trunk revision 132472)
Native configuration is i686-pc-linux-gnu
=== g++ tests ===
Running target localhost
=== g++ Summary ===
# of expected passes 17493
# of expected failures 82
# of unsupported tests 87
/scratch/gcc/nightly-2008-02-20-mainline/i686-pc-linux-gnu/build_gcc/build/test-mainline-0-i686-pc-linux-gnu/host-i686-pc-linux-gnu/fsf-mainline/bin/i686-pc-linux-gnu-g++ version 4.4.0 20080220 (experimental) (GCC)
=== gcc tests ===
Running target localhost
=== gcc Summary ===
# of expected passes 48893
# of expected failures 167
# of untested testcases 35
# of unsupported tests 263
/scratch/gcc/nightly-2008-02-20-mainline/i686-pc-linux-gnu/build_gcc/build/test-mainline-0-i686-pc-linux-gnu/host-i686-pc-linux-gnu/fsf-mainline/bin/i686-pc-linux-gnu-gcc version 4.4.0 20080220 (experimental) (GCC)
=== libstdc++ tests ===
Running target localhost
=== libstdc++ Summary ===
# of expected passes 5595
# of expected failures 61
# of unsupported tests 12
=== g++ tests ===
Running target localhost/-m64
FAIL: g++.dg/inherit/override-attribs.C (test for errors, line 7)
FAIL: g++.dg/inherit/override-attribs.C (test for errors, line 14)
FAIL: g++.dg/inherit/override-attribs.C (test for excess errors)
=== g++ Summary ===
# of expected passes 17404
# of unexpected failures 3
# of expected failures 82
# of unsupported tests 117
/scratch/gcc/nightly-2008-02-20-mainline/i686-pc-linux-gnu/build_gcc/build/test-mainline-0-i686-pc-linux-gnu/host-i686-pc-linux-gnu/fsf-mainline/bin/i686-pc-linux-gnu-g++ version 4.4.0 20080220 (experimental) (GCC)
=== gcc tests ===
Running target localhost/-m64
=== gcc Summary ===
# of expected passes 48754
# of expected failures 166
# of untested testcases 35
# of unsupported tests 377
/scratch/gcc/nightly-2008-02-20-mainline/i686-pc-linux-gnu/build_gcc/build/test-mainline-0-i686-pc-linux-gnu/host-i686-pc-linux-gnu/fsf-mainline/bin/i686-pc-linux-gnu-gcc version 4.4.0 20080220 (experimental) (GCC)
=== libstdc++ tests ===
Running target localhost/-m64
=== libstdc++ Summary ===
# of expected passes 5595
# of expected failures 61
# of unsupported tests 12
Compiler version: 4.4.0 20080220 (experimental) (GCC)
Platform: i686-pc-linux-gnu
configure flags: --build=i686-pc-linux-gnu --host=i686-pc-linux-gnu --target=i686-pc-linux-gnu --enable-threads --disable-libmudflap --disable-libssp --disable-libgomp --disable-libstdcxx-pch --enable-targets=all --with-gnu-as --with-gnu-ld --enable-languages=c,c++ --enable-shared --disable-nls --prefix=/opt/codesourcery --with-gmp=/scratch/gcc/nightly-2008-02-20-mainline/i686-pc-linux-gnu/build_gcc/build/host-libs-mainline-0-i686-pc-linux-gnu-i686-pc-linux-gnu/usr --with-mpfr=/scratch/gcc/nightly-2008-02-20-mainline/i686-pc-linux-gnu/build_gcc/build/host-libs-mainline-0-i686-pc-linux-gnu-i686-pc-linux-gnu/usr --with-build-time-tools=/scratch/gcc/nightly-2008-02-20-mainline/i686-pc-linux-gnu/build_gcc/install/i686-pc-linux-gnu/bin --with-build-time-tools=/scratch/gcc/nightly-2008-02-20-mainline/i686-pc-linux-gnu/build_gcc/install/i686-pc-linux-gnu/bin