This is the mail archive of the
gcc-testresults@gcc.gnu.org
mailing list for the GCC project.
Results for 4.3.0 20080217 (experimental) [trunk revision 132382] (GCC) testsuite on x86_64-unknown-linux-gnu
- From: "H.J. Lu" <hjl dot tools at gmail dot com>
- To: gcc-testresults at gcc dot gnu dot org
- Date: Sun, 17 Feb 2008 16:58:42 -0800 (PST)
- Subject: Results for 4.3.0 20080217 (experimental) [trunk revision 132382] (GCC) testsuite on x86_64-unknown-linux-gnu
LAST_UPDATED: Sun Feb 17 23:38:52 UTC 2008 (revision 132382)
Native configuration is x86_64-unknown-linux-gnu
=== gcc tests ===
Running target unix/-m32
FAIL: gcc.dg/20020607-2.c (test for excess errors)
WARNING: gcc.dg/20020607-2.c compilation failed to produce executable
FAIL: gcc.dg/20030414-2.c (test for excess errors)
WARNING: gcc.dg/20030414-2.c compilation failed to produce executable
FAIL: gcc.dg/20030804-1.c (test for excess errors)
FAIL: gcc.dg/20030826-1.c (test for excess errors)
WARNING: gcc.dg/20030826-1.c compilation failed to produce executable
FAIL: gcc.dg/builtins-10.c (test for excess errors)
FAIL: gcc.dg/builtins-11.c (test for excess errors)
FAIL: gcc.dg/builtins-17.c (test for excess errors)
FAIL: gcc.dg/builtins-18.c (test for excess errors)
FAIL: gcc.dg/builtins-19.c (test for excess errors)
FAIL: gcc.dg/builtins-20.c (test for excess errors)
FAIL: gcc.dg/builtins-24.c (test for excess errors)
WARNING: gcc.dg/builtins-24.c compilation failed to produce executable
FAIL: gcc.dg/builtins-26.c (test for excess errors)
FAIL: gcc.dg/builtins-27.c (test for excess errors)
FAIL: gcc.dg/builtins-47.c (test for excess errors)
WARNING: gcc.dg/builtins-47.c compilation failed to produce executable
FAIL: gcc.dg/builtins-51.c (test for excess errors)
WARNING: gcc.dg/builtins-51.c compilation failed to produce executable
FAIL: gcc.dg/builtins-52.c (test for excess errors)
FAIL: gcc.dg/builtins-54.c (test for excess errors)
FAIL: gcc.dg/builtins-55.c (test for excess errors)
FAIL: gcc.dg/builtins-6.c (test for excess errors)
WARNING: gcc.dg/builtins-6.c compilation failed to produce executable
FAIL: gcc.dg/builtins-7.c (test for excess errors)
FAIL: gcc.dg/builtins-8.c (test for excess errors)
WARNING: gcc.dg/builtins-8.c compilation failed to produce executable
FAIL: gcc.dg/fastmath-1.c (test for excess errors)
WARNING: gcc.dg/fastmath-1.c compilation failed to produce executable
FAIL: gcc.dg/fnegate-1.c (test for excess errors)
WARNING: gcc.dg/fnegate-1.c compilation failed to produce executable
FAIL: gcc.dg/pr28796-2.c (test for excess errors)
WARNING: gcc.dg/pr28796-2.c compilation failed to produce executable
FAIL: gcc.dg/pr30957-1.c (test for excess errors)
WARNING: gcc.dg/pr30957-1.c compilation failed to produce executable
FAIL: gcc.dg/pr32176.c (test for excess errors)
FAIL: gcc.dg/var-expand2.c (test for excess errors)
WARNING: gcc.dg/var-expand2.c compilation failed to produce executable
FAIL: gcc.dg/torture/builtin-attr-1.c -O0 (test for excess errors)
FAIL: gcc.dg/torture/builtin-attr-1.c -O1 (test for excess errors)
FAIL: gcc.dg/torture/builtin-attr-1.c -O2 (test for excess errors)
FAIL: gcc.dg/torture/builtin-attr-1.c -O3 -fomit-frame-pointer (test for excess errors)
FAIL: gcc.dg/torture/builtin-attr-1.c -O3 -g (test for excess errors)
FAIL: gcc.dg/torture/builtin-attr-1.c -Os (test for excess errors)
FAIL: gcc.dg/torture/builtin-convert-1.c -O0 (test for excess errors)
FAIL: gcc.dg/torture/builtin-convert-1.c -O1 (test for excess errors)
FAIL: gcc.dg/torture/builtin-convert-1.c -O2 (test for excess errors)
FAIL: gcc.dg/torture/builtin-convert-1.c -O3 -fomit-frame-pointer (test for excess errors)
FAIL: gcc.dg/torture/builtin-convert-1.c -O3 -g (test for excess errors)
FAIL: gcc.dg/torture/builtin-convert-1.c -Os (test for excess errors)
FAIL: gcc.dg/torture/builtin-convert-2.c -O0 (test for excess errors)
FAIL: gcc.dg/torture/builtin-convert-2.c -O1 (test for excess errors)
FAIL: gcc.dg/torture/builtin-convert-2.c -O2 (test for excess errors)
FAIL: gcc.dg/torture/builtin-convert-2.c -O3 -fomit-frame-pointer (test for excess errors)
FAIL: gcc.dg/torture/builtin-convert-2.c -O3 -g (test for excess errors)
FAIL: gcc.dg/torture/builtin-convert-2.c -Os (test for excess errors)
FAIL: gcc.dg/torture/builtin-convert-3.c -O0 (test for excess errors)
FAIL: gcc.dg/torture/builtin-convert-3.c -O1 (test for excess errors)
FAIL: gcc.dg/torture/builtin-convert-3.c -O2 (test for excess errors)
FAIL: gcc.dg/torture/builtin-convert-3.c -O3 -fomit-frame-pointer (test for excess errors)
FAIL: gcc.dg/torture/builtin-convert-3.c -O3 -g (test for excess errors)
FAIL: gcc.dg/torture/builtin-convert-3.c -Os (test for excess errors)
FAIL: gcc.dg/torture/builtin-explog-1.c -O0 (test for excess errors)
FAIL: gcc.dg/torture/builtin-explog-1.c -O1 (test for excess errors)
FAIL: gcc.dg/torture/builtin-explog-1.c -O2 (test for excess errors)
FAIL: gcc.dg/torture/builtin-explog-1.c -O3 -fomit-frame-pointer (test for excess errors)
FAIL: gcc.dg/torture/builtin-explog-1.c -O3 -g (test for excess errors)
FAIL: gcc.dg/torture/builtin-explog-1.c -Os (test for excess errors)
FAIL: gcc.dg/torture/builtin-nonneg-1.c -O0 (test for excess errors)
FAIL: gcc.dg/torture/builtin-nonneg-1.c -O1 (test for excess errors)
FAIL: gcc.dg/torture/builtin-nonneg-1.c -O2 (test for excess errors)
FAIL: gcc.dg/torture/builtin-nonneg-1.c -O3 -fomit-frame-pointer (test for excess errors)
FAIL: gcc.dg/torture/builtin-nonneg-1.c -O3 -g (test for excess errors)
FAIL: gcc.dg/torture/builtin-nonneg-1.c -Os (test for excess errors)
FAIL: gcc.dg/torture/builtin-power-1.c -O0 (test for excess errors)
FAIL: gcc.dg/torture/builtin-power-1.c -O1 (test for excess errors)
FAIL: gcc.dg/torture/builtin-power-1.c -O2 (test for excess errors)
FAIL: gcc.dg/torture/builtin-power-1.c -O3 -fomit-frame-pointer (test for excess errors)
FAIL: gcc.dg/torture/builtin-power-1.c -O3 -g (test for excess errors)
FAIL: gcc.dg/torture/builtin-power-1.c -Os (test for excess errors)
FAIL: gcc.dg/torture/builtin-symmetric-1.c -O0 (test for excess errors)
FAIL: gcc.dg/torture/builtin-symmetric-1.c -O1 (test for excess errors)
FAIL: gcc.dg/torture/builtin-symmetric-1.c -O2 (test for excess errors)
FAIL: gcc.dg/torture/builtin-symmetric-1.c -O3 -fomit-frame-pointer (test for excess errors)
FAIL: gcc.dg/torture/builtin-symmetric-1.c -O3 -fomit-frame-pointer -funroll-loops (test for excess errors)
FAIL: gcc.dg/torture/builtin-symmetric-1.c -O3 -fomit-frame-pointer -funroll-all-loops -finline-functions (test for excess errors)
FAIL: gcc.dg/torture/builtin-symmetric-1.c -O3 -g (test for excess errors)
FAIL: gcc.dg/torture/builtin-symmetric-1.c -Os (test for excess errors)
FAIL: gcc.dg/tree-ssa/gen-vect-11.c scan-tree-dump-times vect "vectorized 1 loops" 1
FAIL: gcc.dg/tree-ssa/gen-vect-11a.c scan-tree-dump-times vect "vectorized 1 loops" 1
FAIL: gcc.dg/tree-ssa/gen-vect-32.c scan-tree-dump-times vect "vectorized 1 loops" 1
FAIL: gcc.dg/vect/costmodel/i386/costmodel-fast-math-vect-pr29925.c (test for excess errors)
WARNING: gcc.dg/vect/costmodel/i386/costmodel-fast-math-vect-pr29925.c compilation failed to produce executable
FAIL: gcc.dg/vect/fast-math-vect-pr29925.c (test for excess errors)
WARNING: gcc.dg/vect/fast-math-vect-pr29925.c compilation failed to produce executable
FAIL: gcc.dg/vect/fast-math-vect-reduc-5.c (test for excess errors)
WARNING: gcc.dg/vect/fast-math-vect-reduc-5.c compilation failed to produce executable
FAIL: gcc.dg/vect/fast-math-vect-reduc-7.c (test for excess errors)
WARNING: gcc.dg/vect/fast-math-vect-reduc-7.c compilation failed to produce executable
FAIL: gcc.target/i386/20000609-1.c (test for excess errors)
WARNING: gcc.target/i386/20000609-1.c compilation failed to produce executable
FAIL: gcc.target/i386/20020523.c (test for excess errors)
WARNING: gcc.target/i386/20020523.c compilation failed to produce executable
FAIL: gcc.target/i386/991230-1.c (test for excess errors)
WARNING: gcc.target/i386/991230-1.c compilation failed to produce executable
FAIL: gcc.target/i386/abi-1.c scan-assembler xmm0
FAIL: gcc.target/i386/defines-1.c (test for excess errors)
FAIL: gcc.target/i386/fastcall-sseregparm.c (test for excess errors)
WARNING: gcc.target/i386/fastcall-sseregparm.c compilation failed to produce executable
FAIL: gcc.target/i386/isa-14.c execution test
FAIL: gcc.target/i386/isa-15.c execution test
FAIL: gcc.target/i386/isa-5.c execution test
FAIL: gcc.target/i386/loop-3.c (test for excess errors)
WARNING: gcc.target/i386/loop-3.c compilation failed to produce executable
FAIL: gcc.target/i386/pr13366.c (test for excess errors)
FAIL: gcc.target/i386/pr13685.c (test for excess errors)
WARNING: gcc.target/i386/pr13685.c compilation failed to produce executable
FAIL: gcc.target/i386/pr30120.c (test for excess errors)
WARNING: gcc.target/i386/pr30120.c compilation failed to produce executable
FAIL: gcc.target/i386/recip-divf.c (test for excess errors)
FAIL: gcc.target/i386/recip-divf.c scan-assembler rcpss
FAIL: gcc.target/i386/recip-sqrtf.c (test for excess errors)
FAIL: gcc.target/i386/recip-sqrtf.c scan-assembler-times rsqrtss 3
FAIL: gcc.target/i386/recip-vec-divf.c (test for excess errors)
FAIL: gcc.target/i386/recip-vec-divf.c scan-assembler rcpps
FAIL: gcc.target/i386/recip-vec-sqrtf.c (test for excess errors)
FAIL: gcc.target/i386/recip-vec-sqrtf.c scan-assembler-times rsqrtps 3
FAIL: gcc.target/i386/sse-1.c (test for excess errors)
ERROR: gcc.target/i386/sse-1.c: error executing dg-final: couldn't open "sse-1.s": no such file or directory
UNRESOLVED: gcc.target/i386/sse-1.c: error executing dg-final: couldn't open "sse-1.s": no such file or directory
FAIL: gcc.target/i386/sse-16.c (test for excess errors)
FAIL: gcc.target/i386/sse-2.c (test for excess errors)
FAIL: gcc.target/i386/sse-20.c (test for excess errors)
FAIL: gcc.target/i386/sse-3.c (test for excess errors)
WARNING: gcc.target/i386/sse-3.c compilation failed to produce executable
FAIL: gcc.target/i386/sse-7.c (test for excess errors)
WARNING: gcc.target/i386/sse-7.c compilation failed to produce executable
FAIL: gcc.target/i386/sse-9.c (test for excess errors)
WARNING: gcc.target/i386/sse-9.c compilation failed to produce executable
FAIL: gcc.target/i386/sse-recip-vec.c (test for excess errors)
WARNING: gcc.target/i386/sse-recip-vec.c compilation failed to produce executable
FAIL: gcc.target/i386/sse-recip.c (test for excess errors)
WARNING: gcc.target/i386/sse-recip.c compilation failed to produce executable
FAIL: gcc.target/i386/sse2-lrint-vec.c (test for excess errors)
WARNING: gcc.target/i386/sse2-lrint-vec.c compilation failed to produce executable
FAIL: gcc.target/i386/sse2-lrintf-vec.c (test for excess errors)
WARNING: gcc.target/i386/sse2-lrintf-vec.c compilation failed to produce executable
FAIL: gcc.target/i386/ssefn-1.c (test for excess errors)
FAIL: gcc.target/i386/ssefn-1.c scan-assembler movss
FAIL: gcc.target/i386/ssefn-1.c scan-assembler mulss
FAIL: gcc.target/i386/ssefn-3.c (test for excess errors)
FAIL: gcc.target/i386/sseregparm-1.c (test for excess errors)
ERROR: gcc.target/i386/sseregparm-1.c: error executing dg-final: couldn't open "sseregparm-1.s": no such file or directory
UNRESOLVED: gcc.target/i386/sseregparm-1.c: error executing dg-final: couldn't open "sseregparm-1.s": no such file or directory
FAIL: gcc.target/i386/sseregparm-2.c (test for errors, line 7)
FAIL: gcc.target/i386/sseregparm-2.c (test for errors, line 8)
FAIL: gcc.target/i386/sseregparm-2.c (test for errors, line 13)
FAIL: gcc.target/i386/sseregparm-2.c (test for errors, line 14)
FAIL: gcc.target/i386/sseregparm-2.c (test for errors, line 15)
FAIL: gcc.target/i386/sseregparm-2.c (test for errors, line 16)
FAIL: gcc.target/i386/vectorize1.c scan-tree-dump vect "vect_cst"
FAIL: gcc.target/i386/xorps-sse.c (test for excess errors)
FAIL: gcc.target/i386/xorps-sse.c scan-assembler xorps[ \\t]
=== gcc Summary for unix/-m32 ===
# of expected passes 48735
# of unexpected failures 130
# of expected failures 166
# of unresolved testcases 2
# of untested testcases 35
# of unsupported tests 257
Running target unix
FAIL: gcc.dg/20020607-2.c (test for excess errors)
WARNING: gcc.dg/20020607-2.c compilation failed to produce executable
FAIL: gcc.dg/20030414-2.c (test for excess errors)
WARNING: gcc.dg/20030414-2.c compilation failed to produce executable
FAIL: gcc.dg/20030804-1.c (test for excess errors)
FAIL: gcc.dg/20030826-1.c (test for excess errors)
WARNING: gcc.dg/20030826-1.c compilation failed to produce executable
FAIL: gcc.dg/builtins-10.c (test for excess errors)
FAIL: gcc.dg/builtins-11.c (test for excess errors)
FAIL: gcc.dg/builtins-17.c (test for excess errors)
FAIL: gcc.dg/builtins-18.c (test for excess errors)
FAIL: gcc.dg/builtins-19.c (test for excess errors)
FAIL: gcc.dg/builtins-20.c (test for excess errors)
FAIL: gcc.dg/builtins-24.c (test for excess errors)
WARNING: gcc.dg/builtins-24.c compilation failed to produce executable
FAIL: gcc.dg/builtins-26.c (test for excess errors)
FAIL: gcc.dg/builtins-27.c (test for excess errors)
FAIL: gcc.dg/builtins-47.c (test for excess errors)
WARNING: gcc.dg/builtins-47.c compilation failed to produce executable
FAIL: gcc.dg/builtins-51.c (test for excess errors)
WARNING: gcc.dg/builtins-51.c compilation failed to produce executable
FAIL: gcc.dg/builtins-52.c (test for excess errors)
FAIL: gcc.dg/builtins-54.c (test for excess errors)
FAIL: gcc.dg/builtins-55.c (test for excess errors)
FAIL: gcc.dg/builtins-6.c (test for excess errors)
WARNING: gcc.dg/builtins-6.c compilation failed to produce executable
FAIL: gcc.dg/builtins-7.c (test for excess errors)
FAIL: gcc.dg/builtins-8.c (test for excess errors)
WARNING: gcc.dg/builtins-8.c compilation failed to produce executable
FAIL: gcc.dg/fastmath-1.c (test for excess errors)
WARNING: gcc.dg/fastmath-1.c compilation failed to produce executable
FAIL: gcc.dg/fnegate-1.c (test for excess errors)
WARNING: gcc.dg/fnegate-1.c compilation failed to produce executable
FAIL: gcc.dg/pr28796-2.c (test for excess errors)
WARNING: gcc.dg/pr28796-2.c compilation failed to produce executable
FAIL: gcc.dg/pr30957-1.c (test for excess errors)
WARNING: gcc.dg/pr30957-1.c compilation failed to produce executable
FAIL: gcc.dg/var-expand2.c (test for excess errors)
WARNING: gcc.dg/var-expand2.c compilation failed to produce executable
FAIL: gcc.dg/torture/builtin-attr-1.c -O0 (test for excess errors)
FAIL: gcc.dg/torture/builtin-attr-1.c -O1 (test for excess errors)
FAIL: gcc.dg/torture/builtin-attr-1.c -O2 (test for excess errors)
FAIL: gcc.dg/torture/builtin-attr-1.c -O3 -fomit-frame-pointer (test for excess errors)
FAIL: gcc.dg/torture/builtin-attr-1.c -O3 -g (test for excess errors)
FAIL: gcc.dg/torture/builtin-attr-1.c -Os (test for excess errors)
FAIL: gcc.dg/torture/builtin-convert-1.c -O0 (test for excess errors)
FAIL: gcc.dg/torture/builtin-convert-1.c -O1 (test for excess errors)
FAIL: gcc.dg/torture/builtin-convert-1.c -O2 (test for excess errors)
FAIL: gcc.dg/torture/builtin-convert-1.c -O3 -fomit-frame-pointer (test for excess errors)
FAIL: gcc.dg/torture/builtin-convert-1.c -O3 -g (test for excess errors)
FAIL: gcc.dg/torture/builtin-convert-1.c -Os (test for excess errors)
FAIL: gcc.dg/torture/builtin-convert-2.c -O0 (test for excess errors)
FAIL: gcc.dg/torture/builtin-convert-2.c -O1 (test for excess errors)
FAIL: gcc.dg/torture/builtin-convert-2.c -O2 (test for excess errors)
FAIL: gcc.dg/torture/builtin-convert-2.c -O3 -fomit-frame-pointer (test for excess errors)
FAIL: gcc.dg/torture/builtin-convert-2.c -O3 -g (test for excess errors)
FAIL: gcc.dg/torture/builtin-convert-2.c -Os (test for excess errors)
FAIL: gcc.dg/torture/builtin-convert-3.c -O0 (test for excess errors)
FAIL: gcc.dg/torture/builtin-convert-3.c -O1 (test for excess errors)
FAIL: gcc.dg/torture/builtin-convert-3.c -O2 (test for excess errors)
FAIL: gcc.dg/torture/builtin-convert-3.c -O3 -fomit-frame-pointer (test for excess errors)
FAIL: gcc.dg/torture/builtin-convert-3.c -O3 -g (test for excess errors)
FAIL: gcc.dg/torture/builtin-convert-3.c -Os (test for excess errors)
FAIL: gcc.dg/torture/builtin-explog-1.c -O0 (test for excess errors)
FAIL: gcc.dg/torture/builtin-explog-1.c -O1 (test for excess errors)
FAIL: gcc.dg/torture/builtin-explog-1.c -O2 (test for excess errors)
FAIL: gcc.dg/torture/builtin-explog-1.c -O3 -fomit-frame-pointer (test for excess errors)
FAIL: gcc.dg/torture/builtin-explog-1.c -O3 -g (test for excess errors)
FAIL: gcc.dg/torture/builtin-explog-1.c -Os (test for excess errors)
FAIL: gcc.dg/torture/builtin-nonneg-1.c -O0 (test for excess errors)
FAIL: gcc.dg/torture/builtin-nonneg-1.c -O1 (test for excess errors)
FAIL: gcc.dg/torture/builtin-nonneg-1.c -O2 (test for excess errors)
FAIL: gcc.dg/torture/builtin-nonneg-1.c -O3 -fomit-frame-pointer (test for excess errors)
FAIL: gcc.dg/torture/builtin-nonneg-1.c -O3 -g (test for excess errors)
FAIL: gcc.dg/torture/builtin-nonneg-1.c -Os (test for excess errors)
FAIL: gcc.dg/torture/builtin-power-1.c -O0 (test for excess errors)
FAIL: gcc.dg/torture/builtin-power-1.c -O1 (test for excess errors)
FAIL: gcc.dg/torture/builtin-power-1.c -O2 (test for excess errors)
FAIL: gcc.dg/torture/builtin-power-1.c -O3 -fomit-frame-pointer (test for excess errors)
FAIL: gcc.dg/torture/builtin-power-1.c -O3 -g (test for excess errors)
FAIL: gcc.dg/torture/builtin-power-1.c -Os (test for excess errors)
FAIL: gcc.dg/torture/builtin-symmetric-1.c -O0 (test for excess errors)
FAIL: gcc.dg/torture/builtin-symmetric-1.c -O1 (test for excess errors)
FAIL: gcc.dg/torture/builtin-symmetric-1.c -O2 (test for excess errors)
FAIL: gcc.dg/torture/builtin-symmetric-1.c -O3 -fomit-frame-pointer (test for excess errors)
FAIL: gcc.dg/torture/builtin-symmetric-1.c -O3 -fomit-frame-pointer -funroll-loops (test for excess errors)
FAIL: gcc.dg/torture/builtin-symmetric-1.c -O3 -fomit-frame-pointer -funroll-all-loops -finline-functions (test for excess errors)
FAIL: gcc.dg/torture/builtin-symmetric-1.c -O3 -g (test for excess errors)
FAIL: gcc.dg/torture/builtin-symmetric-1.c -Os (test for excess errors)
FAIL: gcc.dg/vect/costmodel/i386/costmodel-fast-math-vect-pr29925.c (test for excess errors)
WARNING: gcc.dg/vect/costmodel/i386/costmodel-fast-math-vect-pr29925.c compilation failed to produce executable
FAIL: gcc.dg/vect/costmodel/x86_64/costmodel-fast-math-vect-pr29925.c (test for excess errors)
WARNING: gcc.dg/vect/costmodel/x86_64/costmodel-fast-math-vect-pr29925.c compilation failed to produce executable
FAIL: gcc.dg/vect/fast-math-vect-pr29925.c (test for excess errors)
WARNING: gcc.dg/vect/fast-math-vect-pr29925.c compilation failed to produce executable
FAIL: gcc.dg/vect/fast-math-vect-reduc-5.c (test for excess errors)
WARNING: gcc.dg/vect/fast-math-vect-reduc-5.c compilation failed to produce executable
FAIL: gcc.dg/vect/fast-math-vect-reduc-7.c (test for excess errors)
WARNING: gcc.dg/vect/fast-math-vect-reduc-7.c compilation failed to produce executable
FAIL: gcc.target/i386/20020523.c (test for excess errors)
WARNING: gcc.target/i386/20020523.c compilation failed to produce executable
FAIL: gcc.target/i386/abi-1.c (test for excess errors)
ERROR: gcc.target/i386/abi-1.c: error executing dg-final: couldn't open "abi-1.s": no such file or directory
UNRESOLVED: gcc.target/i386/abi-1.c: error executing dg-final: couldn't open "abi-1.s": no such file or directory
FAIL: gcc.target/i386/amd64-abi-1.c (test for errors, line 5)
FAIL: gcc.target/i386/defines-1.c (test for excess errors)
FAIL: gcc.target/i386/isa-14.c execution test
FAIL: gcc.target/i386/isa-15.c execution test
FAIL: gcc.target/i386/isa-5.c execution test
FAIL: gcc.target/i386/pr13366.c (test for excess errors)
FAIL: gcc.target/i386/pr13685.c (test for excess errors)
WARNING: gcc.target/i386/pr13685.c compilation failed to produce executable
FAIL: gcc.target/i386/pr30120.c (test for excess errors)
WARNING: gcc.target/i386/pr30120.c compilation failed to produce executable
FAIL: gcc.target/i386/pr32065-1.c (test for excess errors)
FAIL: gcc.target/i386/pr32065-2.c (test for excess errors)
WARNING: gcc.target/i386/pr32065-2.c compilation failed to produce executable
FAIL: gcc.target/i386/recip-divf.c (test for excess errors)
ERROR: gcc.target/i386/recip-divf.c: error executing dg-final: couldn't open "recip-divf.s": no such file or directory
UNRESOLVED: gcc.target/i386/recip-divf.c: error executing dg-final: couldn't open "recip-divf.s": no such file or directory
FAIL: gcc.target/i386/recip-sqrtf.c (test for excess errors)
ERROR: gcc.target/i386/recip-sqrtf.c: error executing dg-final: couldn't open "recip-sqrtf.s": no such file or directory
UNRESOLVED: gcc.target/i386/recip-sqrtf.c: error executing dg-final: couldn't open "recip-sqrtf.s": no such file or directory
FAIL: gcc.target/i386/recip-vec-divf.c (test for excess errors)
FAIL: gcc.target/i386/recip-vec-divf.c scan-assembler rcpps
FAIL: gcc.target/i386/recip-vec-sqrtf.c (test for excess errors)
ERROR: gcc.target/i386/recip-vec-sqrtf.c: error executing dg-final: couldn't open "recip-vec-sqrtf.s": no such file or directory
UNRESOLVED: gcc.target/i386/recip-vec-sqrtf.c: error executing dg-final: couldn't open "recip-vec-sqrtf.s": no such file or directory
FAIL: gcc.target/i386/sse-1.c (test for excess errors)
ERROR: gcc.target/i386/sse-1.c: error executing dg-final: couldn't open "sse-1.s": no such file or directory
UNRESOLVED: gcc.target/i386/sse-1.c: error executing dg-final: couldn't open "sse-1.s": no such file or directory
FAIL: gcc.target/i386/sse-16.c (test for excess errors)
FAIL: gcc.target/i386/sse-2.c (test for excess errors)
FAIL: gcc.target/i386/sse-20.c (test for excess errors)
FAIL: gcc.target/i386/sse-3.c (test for excess errors)
WARNING: gcc.target/i386/sse-3.c compilation failed to produce executable
FAIL: gcc.target/i386/sse-7.c (test for excess errors)
WARNING: gcc.target/i386/sse-7.c compilation failed to produce executable
FAIL: gcc.target/i386/sse-9.c (test for excess errors)
WARNING: gcc.target/i386/sse-9.c compilation failed to produce executable
FAIL: gcc.target/i386/sse-recip-vec.c (test for excess errors)
WARNING: gcc.target/i386/sse-recip-vec.c compilation failed to produce executable
FAIL: gcc.target/i386/sse-recip.c (test for excess errors)
WARNING: gcc.target/i386/sse-recip.c compilation failed to produce executable
FAIL: gcc.target/i386/sse2-lrint-vec.c (test for excess errors)
WARNING: gcc.target/i386/sse2-lrint-vec.c compilation failed to produce executable
FAIL: gcc.target/i386/sse2-lrintf-vec.c (test for excess errors)
WARNING: gcc.target/i386/sse2-lrintf-vec.c compilation failed to produce executable
FAIL: gcc.target/i386/ssefn-3.c (test for excess errors)
WARNING: gcc.target/i386/ssefn-3.c compilation failed to produce executable
FAIL: gcc.target/i386/vectorize1.c scan-tree-dump vect "vect_cst"
FAIL: gcc.target/i386/xorps-sse.c (test for excess errors)
ERROR: gcc.target/i386/xorps-sse.c: error executing dg-final: couldn't open "xorps-sse.s": no such file or directory
UNRESOLVED: gcc.target/i386/xorps-sse.c: error executing dg-final: couldn't open "xorps-sse.s": no such file or directory
=== gcc Summary for unix ===
# of expected passes 48611
# of unexpected failures 112
# of expected failures 165
# of unresolved testcases 6
# of untested testcases 35
# of unsupported tests 371
=== gcc Summary ===
# of expected passes 97346
# of unexpected failures 242
# of expected failures 331
# of unresolved testcases 8
# of untested testcases 70
# of unsupported tests 628
/export/build/gnu/gcc/build-x86_64-linux/gcc/xgcc version 4.3.0 20080217 (experimental) [trunk revision 132382] (GCC)
=== gfortran tests ===
Running target unix/-m32
FAIL: gfortran.dg/pr28158.f90 -O (test for excess errors)
FAIL: gfortran.dg/pr32533.f90 -O0 (test for excess errors)
WARNING: gfortran.dg/pr32533.f90 -O0 compilation failed to produce executable
FAIL: gfortran.dg/pr32533.f90 -O1 (test for excess errors)
WARNING: gfortran.dg/pr32533.f90 -O1 compilation failed to produce executable
FAIL: gfortran.dg/pr32533.f90 -O2 (test for excess errors)
WARNING: gfortran.dg/pr32533.f90 -O2 compilation failed to produce executable
FAIL: gfortran.dg/pr32533.f90 -O3 -fomit-frame-pointer (test for excess errors)
WARNING: gfortran.dg/pr32533.f90 -O3 -fomit-frame-pointer compilation failed to produce executable
FAIL: gfortran.dg/pr32533.f90 -O3 -fomit-frame-pointer -funroll-loops (test for excess errors)
WARNING: gfortran.dg/pr32533.f90 -O3 -fomit-frame-pointer -funroll-loops compilation failed to produce executable
FAIL: gfortran.dg/pr32533.f90 -O3 -fomit-frame-pointer -funroll-all-loops -finline-functions (test for excess errors)
WARNING: gfortran.dg/pr32533.f90 -O3 -fomit-frame-pointer -funroll-all-loops -finline-functions compilation failed to produce executable
FAIL: gfortran.dg/pr32533.f90 -O3 -g (test for excess errors)
WARNING: gfortran.dg/pr32533.f90 -O3 -g compilation failed to produce executable
FAIL: gfortran.dg/pr32533.f90 -Os (test for excess errors)
WARNING: gfortran.dg/pr32533.f90 -Os compilation failed to produce executable
FAIL: gfortran.dg/pr33794.f90 -O0 (test for excess errors)
WARNING: gfortran.dg/pr33794.f90 -O0 compilation failed to produce executable
FAIL: gfortran.dg/pr33794.f90 -O1 (test for excess errors)
WARNING: gfortran.dg/pr33794.f90 -O1 compilation failed to produce executable
FAIL: gfortran.dg/pr33794.f90 -O2 (test for excess errors)
WARNING: gfortran.dg/pr33794.f90 -O2 compilation failed to produce executable
FAIL: gfortran.dg/pr33794.f90 -O3 -fomit-frame-pointer (test for excess errors)
WARNING: gfortran.dg/pr33794.f90 -O3 -fomit-frame-pointer compilation failed to produce executable
FAIL: gfortran.dg/pr33794.f90 -O3 -fomit-frame-pointer -funroll-loops (test for excess errors)
WARNING: gfortran.dg/pr33794.f90 -O3 -fomit-frame-pointer -funroll-loops compilation failed to produce executable
FAIL: gfortran.dg/pr33794.f90 -O3 -fomit-frame-pointer -funroll-all-loops -finline-functions (test for excess errors)
WARNING: gfortran.dg/pr33794.f90 -O3 -fomit-frame-pointer -funroll-all-loops -finline-functions compilation failed to produce executable
FAIL: gfortran.dg/pr33794.f90 -O3 -g (test for excess errors)
WARNING: gfortran.dg/pr33794.f90 -O3 -g compilation failed to produce executable
FAIL: gfortran.dg/pr33794.f90 -Os (test for excess errors)
WARNING: gfortran.dg/pr33794.f90 -Os compilation failed to produce executable
FAIL: gfortran.dg/g77/20010216-1.f -O0 (test for excess errors)
WARNING: gfortran.dg/g77/20010216-1.f -O0 compilation failed to produce executable
FAIL: gfortran.dg/g77/20010216-1.f -O1 (test for excess errors)
WARNING: gfortran.dg/g77/20010216-1.f -O1 compilation failed to produce executable
FAIL: gfortran.dg/g77/20010216-1.f -O2 (test for excess errors)
WARNING: gfortran.dg/g77/20010216-1.f -O2 compilation failed to produce executable
FAIL: gfortran.dg/g77/20010216-1.f -O3 -fomit-frame-pointer (test for excess errors)
WARNING: gfortran.dg/g77/20010216-1.f -O3 -fomit-frame-pointer compilation failed to produce executable
FAIL: gfortran.dg/g77/20010216-1.f -O3 -fomit-frame-pointer -funroll-loops (test for excess errors)
WARNING: gfortran.dg/g77/20010216-1.f -O3 -fomit-frame-pointer -funroll-loops compilation failed to produce executable
FAIL: gfortran.dg/g77/20010216-1.f -O3 -fomit-frame-pointer -funroll-all-loops -finline-functions (test for excess errors)
WARNING: gfortran.dg/g77/20010216-1.f -O3 -fomit-frame-pointer -funroll-all-loops -finline-functions compilation failed to produce executable
FAIL: gfortran.dg/g77/20010216-1.f -O3 -g (test for excess errors)
WARNING: gfortran.dg/g77/20010216-1.f -O3 -g compilation failed to produce executable
FAIL: gfortran.dg/g77/20010216-1.f -Os (test for excess errors)
WARNING: gfortran.dg/g77/20010216-1.f -Os compilation failed to produce executable
FAIL: gfortran.dg/vect/fast-math-pr33299.f90 (test for excess errors)
WARNING: gfortran.dg/vect/fast-math-pr33299.f90 compilation failed to produce executable
=== gfortran Summary for unix/-m32 ===
# of expected passes 23664
# of unexpected failures 26
# of expected failures 3
# of unsupported tests 16
Running target unix
FAIL: gfortran.dg/pr32533.f90 -O0 (test for excess errors)
WARNING: gfortran.dg/pr32533.f90 -O0 compilation failed to produce executable
FAIL: gfortran.dg/pr32533.f90 -O1 (test for excess errors)
WARNING: gfortran.dg/pr32533.f90 -O1 compilation failed to produce executable
FAIL: gfortran.dg/pr32533.f90 -O2 (test for excess errors)
WARNING: gfortran.dg/pr32533.f90 -O2 compilation failed to produce executable
FAIL: gfortran.dg/pr32533.f90 -O3 -fomit-frame-pointer (test for excess errors)
WARNING: gfortran.dg/pr32533.f90 -O3 -fomit-frame-pointer compilation failed to produce executable
FAIL: gfortran.dg/pr32533.f90 -O3 -fomit-frame-pointer -funroll-loops (test for excess errors)
WARNING: gfortran.dg/pr32533.f90 -O3 -fomit-frame-pointer -funroll-loops compilation failed to produce executable
FAIL: gfortran.dg/pr32533.f90 -O3 -fomit-frame-pointer -funroll-all-loops -finline-functions (test for excess errors)
WARNING: gfortran.dg/pr32533.f90 -O3 -fomit-frame-pointer -funroll-all-loops -finline-functions compilation failed to produce executable
FAIL: gfortran.dg/pr32533.f90 -O3 -g (test for excess errors)
WARNING: gfortran.dg/pr32533.f90 -O3 -g compilation failed to produce executable
FAIL: gfortran.dg/pr32533.f90 -Os (test for excess errors)
WARNING: gfortran.dg/pr32533.f90 -Os compilation failed to produce executable
FAIL: gfortran.dg/pr33794.f90 -O0 (test for excess errors)
WARNING: gfortran.dg/pr33794.f90 -O0 compilation failed to produce executable
FAIL: gfortran.dg/pr33794.f90 -O1 (test for excess errors)
WARNING: gfortran.dg/pr33794.f90 -O1 compilation failed to produce executable
FAIL: gfortran.dg/pr33794.f90 -O2 (test for excess errors)
WARNING: gfortran.dg/pr33794.f90 -O2 compilation failed to produce executable
FAIL: gfortran.dg/pr33794.f90 -O3 -fomit-frame-pointer (test for excess errors)
WARNING: gfortran.dg/pr33794.f90 -O3 -fomit-frame-pointer compilation failed to produce executable
FAIL: gfortran.dg/pr33794.f90 -O3 -fomit-frame-pointer -funroll-loops (test for excess errors)
WARNING: gfortran.dg/pr33794.f90 -O3 -fomit-frame-pointer -funroll-loops compilation failed to produce executable
FAIL: gfortran.dg/pr33794.f90 -O3 -fomit-frame-pointer -funroll-all-loops -finline-functions (test for excess errors)
WARNING: gfortran.dg/pr33794.f90 -O3 -fomit-frame-pointer -funroll-all-loops -finline-functions compilation failed to produce executable
FAIL: gfortran.dg/pr33794.f90 -O3 -g (test for excess errors)
WARNING: gfortran.dg/pr33794.f90 -O3 -g compilation failed to produce executable
FAIL: gfortran.dg/pr33794.f90 -Os (test for excess errors)
WARNING: gfortran.dg/pr33794.f90 -Os compilation failed to produce executable
FAIL: gfortran.dg/vect/fast-math-pr33299.f90 (test for excess errors)
WARNING: gfortran.dg/vect/fast-math-pr33299.f90 compilation failed to produce executable
=== gfortran Summary for unix ===
# of expected passes 23679
# of unexpected failures 17
# of expected failures 3
# of unsupported tests 18
=== gfortran Summary ===
# of expected passes 47343
# of unexpected failures 43
# of expected failures 6
# of unsupported tests 34
/export/build/gnu/gcc/build-x86_64-linux/gcc/testsuite/gfortran/../../gfortran version 4.3.0 20080217 (experimental) [trunk revision 132382] (GCC)
=== g++ tests ===
Running target unix/-m32
FAIL: g++.dg/other/mmintrin.C (test for excess errors)
=== g++ Summary for unix/-m32 ===
# of expected passes 17478
# of unexpected failures 1
# of expected failures 82
# of unsupported tests 89
Running target unix
FAIL: g++.dg/other/mmintrin.C (test for excess errors)
=== g++ Summary for unix ===
# of expected passes 17393
# of unexpected failures 1
# of expected failures 82
# of unsupported tests 118
=== g++ Summary ===
# of expected passes 34871
# of unexpected failures 2
# of expected failures 164
# of unsupported tests 207
/export/build/gnu/gcc/build-x86_64-linux/gcc/testsuite/g++/../../g++ version 4.3.0 20080217 (experimental) [trunk revision 132382] (GCC)
=== objc tests ===
Running target unix/-m32
=== objc Summary for unix/-m32 ===
# of expected passes 1812
# of expected failures 7
# of unsupported tests 24
Running target unix
=== objc Summary for unix ===
# of expected passes 1812
# of expected failures 7
# of unsupported tests 24
=== objc Summary ===
# of expected passes 3624
# of expected failures 14
# of unsupported tests 48
/export/build/gnu/gcc/build-x86_64-linux/gcc/xgcc version 4.3.0 20080217 (experimental) [trunk revision 132382] (GCC)
=== libffi tests ===
Running target unix/-m32
=== libffi Summary for unix/-m32 ===
# of expected passes 1389
# of unsupported tests 10
Running target unix
=== libffi Summary for unix ===
# of expected passes 1389
# of unsupported tests 10
=== libffi Summary ===
# of expected passes 2778
# of unsupported tests 20
=== libgomp tests ===
Running target unix/-m32
=== libgomp Summary for unix/-m32 ===
# of expected passes 1699
Running target unix
=== libgomp Summary for unix ===
# of expected passes 1699
=== libgomp Summary ===
# of expected passes 3398
=== libjava tests ===
Running target unix/-m32
FAIL: events output
=== libjava Summary for unix/-m32 ===
# of expected passes 2549
# of unexpected failures 1
Running target unix
=== libjava Summary for unix ===
# of expected passes 2550
=== libjava Summary ===
# of expected passes 5099
# of unexpected failures 1
=== libmudflap tests ===
Running target unix/-m32
FAIL: libmudflap.c++/pass41-frag.cxx execution test
FAIL: libmudflap.c++/pass41-frag.cxx (-static) execution test
FAIL: libmudflap.c++/pass41-frag.cxx ( -O) execution test
FAIL: libmudflap.c++/pass41-frag.cxx (-O2) execution test
FAIL: libmudflap.c++/pass41-frag.cxx (-O3) execution test
=== libmudflap Summary for unix/-m32 ===
# of expected passes 1844
# of unexpected failures 5
Running target unix
FAIL: libmudflap.c/fail8-frag.c (-static) output pattern test
FAIL: libmudflap.c/fail9-frag.c (-static) output pattern test
FAIL: libmudflap.c++/pass41-frag.cxx execution test
FAIL: libmudflap.c++/pass41-frag.cxx (-static) execution test
FAIL: libmudflap.c++/pass41-frag.cxx ( -O) execution test
FAIL: libmudflap.c++/pass41-frag.cxx (-O2) execution test
FAIL: libmudflap.c++/pass41-frag.cxx (-O3) execution test
=== libmudflap Summary for unix ===
# of expected passes 1842
# of unexpected failures 7
=== libmudflap Summary ===
# of expected passes 3686
# of unexpected failures 12
=== libstdc++ tests ===
Running target unix/-m32
XPASS: 26_numerics/headers/cmath/c99_classification_macros_c.cc (test for excess errors)
=== libstdc++ Summary for unix/-m32 ===
# of expected passes 5598
# of unexpected successes 1
# of expected failures 60
# of unsupported tests 10
Running target unix
XPASS: 26_numerics/headers/cmath/c99_classification_macros_c.cc (test for excess errors)
=== libstdc++ Summary for unix ===
# of expected passes 5598
# of unexpected successes 1
# of expected failures 60
# of unsupported tests 10
=== libstdc++ Summary ===
# of expected passes 11196
# of unexpected successes 2
# of expected failures 120
# of unsupported tests 20
Compiler version: 4.3.0 20080217 (experimental) [trunk revision 132382] (GCC)
Platform: x86_64-unknown-linux-gnu
configure flags: --enable-clocale=gnu --with-system-zlib --enable-decimal-float=bid --with-demangler-in-ld --enable-shared --enable-threads=posix --enable-haifa --enable-checking=assert --prefix=/usr/gcc-4.3 --with-local-prefix=/usr/local