This is the mail archive of the
gcc-testresults@gcc.gnu.org
mailing list for the GCC project.
Results for 4.1.3 20080214 (prerelease) gcc testsuite on avr-unknown-none
- From: Mike Stein <mstein dot lists at googlemail dot com>
- To: gcc-testresults at gcc dot gnu dot org
- Date: Fri, 15 Feb 2008 23:50:04 +0100
- Subject: Results for 4.1.3 20080214 (prerelease) gcc testsuite on avr-unknown-none
- Reply-to: gcc at gcc dot gnu dot org
Debian 4 on x86_64
cross tool versions:
GNU assembler (GNU Binutils) 2.18.50.20080210
GNU gdb 6.7.50.20080210-cvs
GNU ld (GNU Binutils) 2.18.50.20080210
GNU Make 3.81
expect version 5.43.0
host gcc version: gcc (GCC) 4.3.0 20080214 (experimental) [trunk revision 132323]
LAST_UPDATED: Thu Feb 14 23:05:09 UTC 2008 (revision 132323)
Target is avr-unknown-none
Host is x86_64-unknown-linux-gnu
=== gcc tests ===
Running target atmega128-sim
WARNING: program timed out.
FAIL: gcc.c-torture/compile/20001226-1.c -O1 (test for excess errors)
WARNING: program timed out.
FAIL: gcc.c-torture/compile/20001226-1.c -O2 (test for excess errors)
WARNING: program timed out.
FAIL: gcc.c-torture/compile/20001226-1.c -O3 -fomit-frame-pointer (test for excess errors)
WARNING: program timed out.
FAIL: gcc.c-torture/compile/20001226-1.c -O3 -g (test for excess errors)
WARNING: program timed out.
FAIL: gcc.c-torture/compile/20001226-1.c -Os (test for excess errors)
FAIL: gcc.c-torture/compile/20010226-1.c -O0 (internal compiler error)
FAIL: gcc.c-torture/compile/20010226-1.c -O0 (test for excess errors)
FAIL: gcc.c-torture/compile/20010226-1.c -O1 (internal compiler error)
FAIL: gcc.c-torture/compile/20010226-1.c -O1 (test for excess errors)
FAIL: gcc.c-torture/compile/20010226-1.c -O2 (internal compiler error)
FAIL: gcc.c-torture/compile/20010226-1.c -O2 (test for excess errors)
FAIL: gcc.c-torture/compile/20010226-1.c -O3 -fomit-frame-pointer (internal compiler error)
FAIL: gcc.c-torture/compile/20010226-1.c -O3 -fomit-frame-pointer (test for excess errors)
FAIL: gcc.c-torture/compile/20010226-1.c -O3 -g (internal compiler error)
FAIL: gcc.c-torture/compile/20010226-1.c -O3 -g (test for excess errors)
FAIL: gcc.c-torture/compile/20010226-1.c -Os (internal compiler error)
FAIL: gcc.c-torture/compile/20010226-1.c -Os (test for excess errors)
FAIL: gcc.c-torture/compile/20010327-1.c -O0 (test for excess errors)
FAIL: gcc.c-torture/compile/20010327-1.c -O1 (test for excess errors)
FAIL: gcc.c-torture/compile/20010327-1.c -O2 (test for excess errors)
FAIL: gcc.c-torture/compile/20010327-1.c -O3 -fomit-frame-pointer (test for excess errors)
FAIL: gcc.c-torture/compile/20010327-1.c -O3 -g (test for excess errors)
FAIL: gcc.c-torture/compile/20010327-1.c -Os (test for excess errors)
UNRESOLVED: gcc.c-torture/compile/20011119-1.c -O0
UNRESOLVED: gcc.c-torture/compile/20011119-1.c -O1
UNRESOLVED: gcc.c-torture/compile/20011119-1.c -O2
UNRESOLVED: gcc.c-torture/compile/20011119-1.c -O3 -fomit-frame-pointer
UNRESOLVED: gcc.c-torture/compile/20011119-1.c -O3 -g
UNRESOLVED: gcc.c-torture/compile/20011119-1.c -Os
UNRESOLVED: gcc.c-torture/compile/20011119-2.c -O0
UNRESOLVED: gcc.c-torture/compile/20011119-2.c -O1
UNRESOLVED: gcc.c-torture/compile/20011119-2.c -O2
UNRESOLVED: gcc.c-torture/compile/20011119-2.c -O3 -fomit-frame-pointer
UNRESOLVED: gcc.c-torture/compile/20011119-2.c -O3 -g
UNRESOLVED: gcc.c-torture/compile/20011119-2.c -Os
FAIL: gcc.c-torture/compile/20020604-1.c -O0 (test for excess errors)
FAIL: gcc.c-torture/compile/20020604-1.c -O1 (test for excess errors)
FAIL: gcc.c-torture/compile/20020604-1.c -O2 (test for excess errors)
FAIL: gcc.c-torture/compile/20020604-1.c -O3 -fomit-frame-pointer (test for excess errors)
FAIL: gcc.c-torture/compile/20020604-1.c -O3 -fomit-frame-pointer -funroll-loops (test for excess errors)
FAIL: gcc.c-torture/compile/20020604-1.c -O3 -fomit-frame-pointer -funroll-all-loops -finline-functions (test for excess errors)
FAIL: gcc.c-torture/compile/20020604-1.c -O3 -g (test for excess errors)
FAIL: gcc.c-torture/compile/20020604-1.c -Os (test for excess errors)
UNRESOLVED: gcc.c-torture/compile/20040323-1.c -O0
UNRESOLVED: gcc.c-torture/compile/20040323-1.c -O1
UNRESOLVED: gcc.c-torture/compile/20040323-1.c -O2
UNRESOLVED: gcc.c-torture/compile/20040323-1.c -O3 -fomit-frame-pointer
UNRESOLVED: gcc.c-torture/compile/20040323-1.c -O3 -g
UNRESOLVED: gcc.c-torture/compile/20040323-1.c -Os
FAIL: gcc.c-torture/compile/20050122-2.c -O0 (internal compiler error)
FAIL: gcc.c-torture/compile/20050122-2.c -O0 (test for excess errors)
FAIL: gcc.c-torture/compile/20050122-2.c -O1 (internal compiler error)
FAIL: gcc.c-torture/compile/20050122-2.c -O1 (test for excess errors)
FAIL: gcc.c-torture/compile/20050122-2.c -O2 (internal compiler error)
FAIL: gcc.c-torture/compile/20050122-2.c -O2 (test for excess errors)
FAIL: gcc.c-torture/compile/20050122-2.c -O3 -fomit-frame-pointer (internal compiler error)
FAIL: gcc.c-torture/compile/20050122-2.c -O3 -fomit-frame-pointer (test for excess errors)
FAIL: gcc.c-torture/compile/20050122-2.c -O3 -g (internal compiler error)
FAIL: gcc.c-torture/compile/20050122-2.c -O3 -g (test for excess errors)
FAIL: gcc.c-torture/compile/20050122-2.c -Os (internal compiler error)
FAIL: gcc.c-torture/compile/20050122-2.c -Os (test for excess errors)
FAIL: gcc.c-torture/compile/20050303-1.c -O0 (test for excess errors)
FAIL: gcc.c-torture/compile/20050303-1.c -O1 (test for excess errors)
FAIL: gcc.c-torture/compile/20050303-1.c -O2 (test for excess errors)
FAIL: gcc.c-torture/compile/20050303-1.c -O3 -fomit-frame-pointer (test for excess errors)
FAIL: gcc.c-torture/compile/20050303-1.c -O3 -fomit-frame-pointer -funroll-loops (test for excess errors)
FAIL: gcc.c-torture/compile/20050303-1.c -O3 -fomit-frame-pointer -funroll-all-loops -finline-functions (test for excess errors)
FAIL: gcc.c-torture/compile/20050303-1.c -O3 -g (test for excess errors)
FAIL: gcc.c-torture/compile/20050303-1.c -Os (test for excess errors)
FAIL: gcc.c-torture/compile/980506-1.c -O0 (test for excess errors)
FAIL: gcc.c-torture/compile/980506-1.c -O1 (test for excess errors)
FAIL: gcc.c-torture/compile/980506-1.c -O2 (test for excess errors)
FAIL: gcc.c-torture/compile/980506-1.c -O3 -fomit-frame-pointer (test for excess errors)
FAIL: gcc.c-torture/compile/980506-1.c -O3 -fomit-frame-pointer -funroll-loops (test for excess errors)
FAIL: gcc.c-torture/compile/980506-1.c -O3 -fomit-frame-pointer -funroll-all-loops -finline-functions (test for excess errors)
FAIL: gcc.c-torture/compile/980506-1.c -O3 -g (test for excess errors)
FAIL: gcc.c-torture/compile/980506-1.c -Os (test for excess errors)
UNRESOLVED: gcc.c-torture/compile/981001-2.c -O0
UNRESOLVED: gcc.c-torture/compile/981001-2.c -O1
UNRESOLVED: gcc.c-torture/compile/981001-2.c -O2
UNRESOLVED: gcc.c-torture/compile/981001-2.c -O3 -fomit-frame-pointer
UNRESOLVED: gcc.c-torture/compile/981001-2.c -O3 -g
UNRESOLVED: gcc.c-torture/compile/981001-2.c -Os
FAIL: gcc.c-torture/compile/nested-1.c -O0 (internal compiler error)
FAIL: gcc.c-torture/compile/nested-1.c -O0 (test for excess errors)
FAIL: gcc.c-torture/compile/nested-1.c -O1 (internal compiler error)
FAIL: gcc.c-torture/compile/nested-1.c -O1 (test for excess errors)
FAIL: gcc.c-torture/compile/nested-1.c -O2 (internal compiler error)
FAIL: gcc.c-torture/compile/nested-1.c -O2 (test for excess errors)
FAIL: gcc.c-torture/compile/nested-1.c -O3 -fomit-frame-pointer (internal compiler error)
FAIL: gcc.c-torture/compile/nested-1.c -O3 -fomit-frame-pointer (test for excess errors)
FAIL: gcc.c-torture/compile/nested-1.c -O3 -g (internal compiler error)
FAIL: gcc.c-torture/compile/nested-1.c -O3 -g (test for excess errors)
FAIL: gcc.c-torture/compile/nested-1.c -Os (internal compiler error)
FAIL: gcc.c-torture/compile/nested-1.c -Os (test for excess errors)
FAIL: gcc.c-torture/compile/pr27889.c -O0 (internal compiler error)
FAIL: gcc.c-torture/compile/pr27889.c -O0 (test for excess errors)
FAIL: gcc.c-torture/compile/pr27889.c -O1 (internal compiler error)
FAIL: gcc.c-torture/compile/pr27889.c -O1 (test for excess errors)
FAIL: gcc.c-torture/compile/pr27889.c -O2 (internal compiler error)
FAIL: gcc.c-torture/compile/pr27889.c -O2 (test for excess errors)
FAIL: gcc.c-torture/compile/pr27889.c -O3 -fomit-frame-pointer (internal compiler error)
FAIL: gcc.c-torture/compile/pr27889.c -O3 -fomit-frame-pointer (test for excess errors)
FAIL: gcc.c-torture/compile/pr27889.c -O3 -g (internal compiler error)
FAIL: gcc.c-torture/compile/pr27889.c -O3 -g (test for excess errors)
FAIL: gcc.c-torture/compile/pr27889.c -Os (internal compiler error)
FAIL: gcc.c-torture/compile/pr27889.c -Os (test for excess errors)
ERROR: tcl error sourcing /n/11/mstein/svn/gcc-4_1-branch/gcc/testsuite/gcc.c-torture/execute/builtins/builtins.exp.
ERROR: simulate binary /home/mstein/sim/gcc-4_1-branch/avr/build/gcc/testsuite/gcc/snprintf-chk.x2 with atmega128 configuration
ERROR: tcl error sourcing /n/11/mstein/svn/gcc-4_1-branch/gcc/testsuite/gcc.c-torture/execute/execute.exp.
ERROR: simulate binary /home/mstein/sim/gcc-4_1-branch/avr/build/gcc/testsuite/gcc/20000112-1.x0 with atmega128 configuration
ERROR: tcl error sourcing /n/11/mstein/svn/gcc-4_1-branch/gcc/testsuite/gcc.c-torture/execute/ieee/ieee.exp.
ERROR: simulate binary /home/mstein/sim/gcc-4_1-branch/avr/build/gcc/testsuite/gcc/20001122-1.x0 with atmega128 configuration
ERROR: tcl error sourcing /n/11/mstein/svn/gcc-4_1-branch/gcc/testsuite/gcc.dg/compat/compat.exp.
ERROR: simulate binary ./gcc-dg-compat-fnptr-by-value-1-01 with atmega128 configuration
FAIL: tmpdir-gcc.dg-struct-layout-1/t001 c_compat_main_tst.o compile
FAIL: tmpdir-gcc.dg-struct-layout-1/t001 c_compat_x_tst.o compile
FAIL: tmpdir-gcc.dg-struct-layout-1/t001 c_compat_y_tst.o compile
ERROR: tcl error sourcing /n/11/mstein/svn/gcc-4_1-branch/gcc/testsuite/gcc.dg/compat/struct-layout-1.exp.
ERROR: simulate binary ./tmpdir-gcc-dg-struct-layout-1-t001-01 with atmega128 configuration
ERROR: tcl error sourcing /n/11/mstein/svn/gcc-4_1-branch/gcc/testsuite/gcc.dg/cpp/cpp.exp.
ERROR: simulate binary ./19990407-1.exe with atmega128 configuration
ERROR: tcl error sourcing /n/11/mstein/svn/gcc-4_1-branch/gcc/testsuite/gcc.dg/cpp/trad/trad.exp.
ERROR: simulate binary ./builtins.exe with atmega128 configuration
ERROR: tcl error sourcing /n/11/mstein/svn/gcc-4_1-branch/gcc/testsuite/gcc.dg/debug/debug.exp.
ERROR: simulate binary ./20020220-1.exe with atmega128 configuration
ERROR: tcl error sourcing /n/11/mstein/svn/gcc-4_1-branch/gcc/testsuite/gcc.dg/dg.exp.
ERROR: simulate binary ./20000108-1.exe with atmega128 configuration
FAIL: gcc.dg/format/bitfld-1.c (test for excess errors)
FAIL: gcc.dg/format/bitfld-1.c -DWIDE (test for excess errors)
FAIL: gcc.dg/noncompile/920923-1.c -O0 int smaller than 32 bits (test for bogus messages, line 118)
FAIL: gcc.dg/noncompile/920923-1.c -O1 int smaller than 32 bits (test for bogus messages, line 118)
FAIL: gcc.dg/noncompile/920923-1.c -O2 int smaller than 32 bits (test for bogus messages, line 118)
FAIL: gcc.dg/noncompile/920923-1.c -O3 -fomit-frame-pointer int smaller than 32 bits (test for bogus messages, line 118)
FAIL: gcc.dg/noncompile/920923-1.c -O3 -fomit-frame-pointer -funroll-loops int smaller than 32 bits (test for bogus messages, line 118)
FAIL: gcc.dg/noncompile/920923-1.c -O3 -fomit-frame-pointer -funroll-all-loops -finline-functions int smaller than 32 bits (test for bogus messages, line 118)
FAIL: gcc.dg/noncompile/920923-1.c -O3 -g int smaller than 32 bits (test for bogus messages, line 118)
FAIL: gcc.dg/noncompile/920923-1.c -Os int smaller than 32 bits (test for bogus messages, line 118)
FAIL: gcc.dg/pch/save-temps-1.c -O0 -g assembly comparison
FAIL: gcc.dg/pch/save-temps-1.c -O0 assembly comparison
FAIL: gcc.dg/pch/static-1.c -O0 -g assembly comparison
FAIL: gcc.dg/pch/static-1.c -O0 assembly comparison
FAIL: gcc.dg/pch/static-2.c -O0 -g assembly comparison
FAIL: gcc.dg/pch/static-2.c -O0 assembly comparison
FAIL: gcc.dg/pch/static-3.c -O0 -g assembly comparison
FAIL: gcc.dg/pch/static-3.c -O0 assembly comparison
FAIL: gcc.dg/pch/struct-1.c -O0 -g (test for excess errors)
FAIL: gcc.dg/pch/struct-1.c -O0 -g (test for excess errors)
FAIL: gcc.dg/pch/struct-1.c -O0 (test for excess errors)
FAIL: gcc.dg/pch/struct-1.c -O0 (test for excess errors)
FAIL: gcc.dg/pch/struct-1.c -O1 (test for excess errors)
FAIL: gcc.dg/pch/struct-1.c -O1 (test for excess errors)
FAIL: gcc.dg/pch/struct-1.c -O2 (test for excess errors)
FAIL: gcc.dg/pch/struct-1.c -O2 (test for excess errors)
FAIL: gcc.dg/pch/struct-1.c -O3 -fomit-frame-pointer (test for excess errors)
FAIL: gcc.dg/pch/struct-1.c -O3 -fomit-frame-pointer (test for excess errors)
FAIL: gcc.dg/pch/struct-1.c -O3 -g (test for excess errors)
FAIL: gcc.dg/pch/struct-1.c -O3 -g (test for excess errors)
FAIL: gcc.dg/pch/struct-1.c -Os (test for excess errors)
FAIL: gcc.dg/pch/struct-1.c -Os (test for excess errors)
UNRESOLVED: gcc.dg/special/20000419-2.c
UNRESOLVED: gcc.dg/special/alias-1.c
UNRESOLVED: gcc.dg/special/alias-2.c
ERROR: tcl error sourcing /n/11/mstein/svn/gcc-4_1-branch/gcc/testsuite/gcc.dg/special/special.exp.
ERROR: simulate binary ./gcsec-1.exe with atmega128 configuration
UNRESOLVED: gcc.dg/tls/alias-1.c
ERROR: tcl error sourcing /n/11/mstein/svn/gcc-4_1-branch/gcc/testsuite/gcc.dg/torture/dg-torture.exp.
ERROR: simulate binary ./badshift.exe with atmega128 configuration
FAIL: gcc.dg/tree-prof/inliner-1.c compilation, -fprofile-generate
UNRESOLVED: gcc.dg/tree-prof/inliner-1.c execution, -fprofile-generate
UNRESOLVED: gcc.dg/tree-prof/inliner-1.c compilation, -fprofile-use
UNRESOLVED: gcc.dg/tree-prof/inliner-1.c execution, -fprofile-use
ERROR: tcl error sourcing /n/11/mstein/svn/gcc-4_1-branch/gcc/testsuite/gcc.dg/tree-prof/tree-prof.exp.
ERROR: simulate binary /home/mstein/sim/gcc-4_1-branch/avr/build/gcc/testsuite/gcc/update-cunroll-2.x01 with atmega128 configuration
FAIL: gcc.dg/tree-ssa/20030730-1.c scan-tree-dump-times if 0
FAIL: gcc.dg/tree-ssa/20030730-2.c scan-tree-dump-times if 0
ERROR: tcl error sourcing /n/11/mstein/svn/gcc-4_1-branch/gcc/testsuite/gcc.dg/tree-ssa/tree-ssa.exp.
ERROR: simulate binary ./20040121-1.exe with atmega128 configuration
UNRESOLVED: gcc.dg/weak/typeof-2.c
UNRESOLVED: gcc.dg/weak/weak-10.c
UNRESOLVED: gcc.dg/weak/weak-11.c
UNRESOLVED: gcc.dg/weak/weak-13.c
UNRESOLVED: gcc.dg/weak/weak-14.c
UNRESOLVED: gcc.dg/weak/weak-3.c
UNRESOLVED: gcc.dg/weak/weak-5.c
UNRESOLVED: gcc.dg/weak/weak-9.c
FAIL: gcc.misc-tests/bprob-1.c compilation, -fprofile-arcs
UNRESOLVED: gcc.misc-tests/bprob-1.c execution, -fprofile-arcs
UNRESOLVED: gcc.misc-tests/bprob-1.c compilation, -fbranch-probabilities
UNRESOLVED: gcc.misc-tests/bprob-1.c execution, -fbranch-probabilities
ERROR: tcl error sourcing /n/11/mstein/svn/gcc-4_1-branch/gcc/testsuite/gcc.misc-tests/bprob.exp.
ERROR: simulate binary /home/mstein/sim/gcc-4_1-branch/avr/build/gcc/testsuite/gcc/bprob-2.x01 with atmega128 configuration
FAIL: compiler driver --coverage option(s) (linker options)
=== gcc Summary ===
# of expected passes 12475
# of unexpected failures 123
# of expected failures 9
# of unresolved testcases 42
# of untested testcases 36
# of unsupported tests 207
/home/mstein/sim/gcc-4_1-branch/avr/build/gcc/xgcc version 4.1.3 20080214 (prerelease)
Compiler version: 4.1.3 20080214 (prerelease) gcc
Platform: avr-unknown-none
configure flags: --target=avr --prefix=/n/11/mstein/cross-local/avr --disable-nls --disable-build-warnings --with-ld=/n/11/mstein/cross-local/avr/bin/avr-ld --with-as=/n/11/mstein/cross-local/avr/bin/avr-as --disable-libssp --enable-languages=c