This is the mail archive of the
gcc-testresults@gcc.gnu.org
mailing list for the GCC project.
Results for 4.3.0 20080214 (experimental) [trunk revision 132315] (GCC) testsuite on x86_64-unknown-linux-gnu
- From: Joe Buck <Joe dot Buck at synopsys dot com>
- To: gcc-testresults at gcc dot gnu dot org
- Date: Thu, 14 Feb 2008 05:58:25 -0800
- Subject: Results for 4.3.0 20080214 (experimental) [trunk revision 132315] (GCC) testsuite on x86_64-unknown-linux-gnu
This is a Red Hat Enterprise (GNU/)Linux 4.0 system
running on a dual 2.19 GHz AMD Opteron machine.
boot compiler: gcc 3.4.6 (Red Hat 3.4.6-3)
kernel: 2.6.9-42.EL (from Red Hat)
glibc: 2.3.4-2-25 (from Red Hat)
binutils: 2.17 (FSF release)
MPFR: 2.2.1
Only C, C++, ObjC, and Fortran are tested (no Java).
LAST_UPDATED: Thu Feb 14 09:08:27 UTC 2008 (revision 132315)
Native configuration is x86_64-unknown-linux-gnu
=== g++ tests ===
Running target unix/
=== g++ Summary ===
# of expected passes 17367
# of expected failures 82
# of unsupported tests 118
/var/tmp/gccbuild/trunk/gcc/testsuite/g++/../../g++ version 4.3.0 20080214 (experimental) [trunk revision 132315] (GCC)
=== gcc tests ===
Running target unix/
FAIL: gcc.dg/torture/builtin-math-4.c -O0 (test for excess errors)
FAIL: gcc.dg/torture/builtin-math-4.c -O1 (test for excess errors)
FAIL: gcc.dg/torture/builtin-math-4.c -O2 (test for excess errors)
FAIL: gcc.dg/torture/builtin-math-4.c -O3 -fomit-frame-pointer (test for excess errors)
FAIL: gcc.dg/torture/builtin-math-4.c -O3 -fomit-frame-pointer -funroll-loops (test for excess errors)
FAIL: gcc.dg/torture/builtin-math-4.c -O3 -fomit-frame-pointer -funroll-all-loops -finline-functions (test for excess errors)
FAIL: gcc.dg/torture/builtin-math-4.c -O3 -g (test for excess errors)
FAIL: gcc.dg/torture/builtin-math-4.c -Os (test for excess errors)
=== gcc Summary ===
# of expected passes 48501
# of unexpected failures 8
# of expected failures 166
# of untested testcases 35
# of unsupported tests 461
/var/tmp/gccbuild/trunk/gcc/xgcc version 4.3.0 20080214 (experimental) [trunk revision 132315] (GCC)
=== gfortran tests ===
Running target unix/
=== gfortran Summary ===
# of expected passes 23712
# of expected failures 3
# of unsupported tests 18
/var/tmp/gccbuild/trunk/gcc/testsuite/gfortran/../../gfortran version 4.3.0 20080214 (experimental) [trunk revision 132315] (GCC)
=== objc tests ===
Running target unix/
=== objc Summary ===
# of expected passes 1812
# of expected failures 7
# of unsupported tests 24
/var/tmp/gccbuild/trunk/gcc/xgcc version 4.3.0 20080214 (experimental) [trunk revision 132315] (GCC)
=== libgomp tests ===
Running target unix/
=== libgomp Summary ===
# of expected passes 1693
=== libmudflap tests ===
Running target unix/
FAIL: libmudflap.c++/pass41-frag.cxx execution test
FAIL: libmudflap.c++/pass41-frag.cxx (-static) execution test
FAIL: libmudflap.c++/pass41-frag.cxx ( -O) execution test
FAIL: libmudflap.c++/pass41-frag.cxx (-O2) execution test
FAIL: libmudflap.c++/pass41-frag.cxx (-O3) execution test
=== libmudflap Summary ===
# of expected passes 1844
# of unexpected failures 5
=== libstdc++ tests ===
Running target unix/
XPASS: 26_numerics/headers/cmath/c99_classification_macros_c.cc (test for excess errors)
XPASS: 27_io/fpos/14320-1.cc execution test
=== libstdc++ Summary ===
# of expected passes 5595
# of unexpected successes 2
# of expected failures 60
# of unsupported tests 10
Compiler version: 4.3.0 20080214 (experimental) [trunk revision 132315] (GCC)
Platform: x86_64-unknown-linux-gnu
configure flags: --prefix=/u/jbuck/cvs.x86_64/trunk --with-gnu-as --with-as=/u/jbuck/gnu.amd64/bin/as --with-gnu-ld --with-ld=/u/jbuck/gnu.amd64/bin/ld --enable-languages=c,c++,objc,fortran --with-mpfr=/u/jbuck/gnu.amd64