This is the mail archive of the
gcc-testresults@gcc.gnu.org
mailing list for the GCC project.
Results for 4.3.0 20080201 (experimental) [trunk revision 131998] (GCC) testsuite on i686-pc-linux-gnu
- From: hjl at gnu-25 dot sc dot intel dot com (H.J. Lu)
- To: gcc-testresults at gcc dot gnu dot org
- Date: Thu, 7 Feb 2008 22:12:25 -0800 (PST)
- Subject: Results for 4.3.0 20080201 (experimental) [trunk revision 131998] (GCC) testsuite on i686-pc-linux-gnu
LAST_UPDATED: Sat Feb 2 18:03:09 UTC 2008 (revision 131998)
Native configuration is i686-pc-linux-gnu
=== gcc tests ===
Running target unix
=== gcc Summary ===
# of expected passes 48768
# of expected failures 167
# of untested testcases 35
# of unsupported tests 262
/export/build/gnu/gcc/build-i686-linux/gcc/xgcc version 4.3.0 20080201 (experimental) [trunk revision 131998] (GCC)
=== gfortran tests ===
Running target unix
=== gfortran Summary ===
# of expected passes 23686
# of expected failures 3
# of unsupported tests 16
/export/build/gnu/gcc/build-i686-linux/gcc/testsuite/gfortran/../../gfortran version 4.3.0 20080201 (experimental) [trunk revision 131998] (GCC)
=== g++ tests ===
Running target unix
FAIL: g++.dg/conversion/simd3.C (test for errors, line 13)
=== g++ Summary ===
# of expected passes 17424
# of unexpected failures 1
# of expected failures 82
# of unsupported tests 88
/export/build/gnu/gcc/build-i686-linux/gcc/testsuite/g++/../../g++ version 4.3.0 20080201 (experimental) [trunk revision 131998] (GCC)
=== obj-c++ tests ===
Running target unix
FAIL: obj-c++.dg/cxx-ivars-2.mm execution test
FAIL: obj-c++.dg/encode-2.mm scan-assembler {Vec<float>=ffi}
FAIL: obj-c++.dg/encode-2.mm scan-assembler {Vec<double>=ddi}
FAIL: obj-c++.dg/encode-3.mm execution test
FAIL: obj-c++.dg/encode-8.mm execution test
FAIL: obj-c++.dg/gnu-runtime-2.mm (test for excess errors)
FAIL: obj-c++.dg/isa-field-1.mm (test for excess errors)
FAIL: obj-c++.dg/lookup-2.mm (test for excess errors)
WARNING: obj-c++.dg/lookup-2.mm compilation failed to produce executable
FAIL: obj-c++.dg/try-catch-2.mm (test for excess errors)
WARNING: obj-c++.dg/try-catch-2.mm compilation failed to produce executable
FAIL: obj-c++.dg/try-catch-9.mm (test for excess errors)
WARNING: obj-c++.dg/try-catch-9.mm compilation failed to produce executable
=== obj-c++ Summary ===
# of expected passes 425
# of unexpected failures 10
# of unsupported tests 13
/export/build/gnu/gcc/build-i686-linux/gcc/testsuite/obj-c++/../../g++ version 4.3.0 20080201 (experimental) [trunk revision 131998] (GCC)
=== objc tests ===
Running target unix
=== objc Summary ===
# of expected passes 1812
# of expected failures 7
# of unsupported tests 24
/export/build/gnu/gcc/build-i686-linux/gcc/xgcc version 4.3.0 20080201 (experimental) [trunk revision 131998] (GCC)
=== libffi tests ===
Running target unix
=== libffi Summary ===
# of expected passes 1389
# of unsupported tests 10
=== libgomp tests ===
Running target unix
=== libgomp Summary ===
# of expected passes 1693
=== libjava tests ===
Running target unix
=== libjava Summary ===
# of expected passes 2550
=== libmudflap tests ===
Running target unix
FAIL: libmudflap.c++/pass41-frag.cxx execution test
FAIL: libmudflap.c++/pass41-frag.cxx (-static) execution test
FAIL: libmudflap.c++/pass41-frag.cxx ( -O) execution test
FAIL: libmudflap.c++/pass41-frag.cxx (-O2) execution test
FAIL: libmudflap.c++/pass41-frag.cxx (-O3) execution test
=== libmudflap Summary ===
# of expected passes 1844
# of unexpected failures 5
=== libstdc++ tests ===
Running target unix
XPASS: 26_numerics/headers/cmath/c99_classification_macros_c.cc (test for excess errors)
=== libstdc++ Summary ===
# of expected passes 5595
# of unexpected successes 1
# of expected failures 61
# of unsupported tests 10
Compiler version: 4.3.0 20080201 (experimental) [trunk revision 131998] (GCC)
Platform: i686-pc-linux-gnu
configure flags: --enable-clocale=gnu --with-system-zlib --enable-checking=assert --with-demangler-in-ld --enable-languages=c,c++,fortran,java,objc,obj-c++ --enable-shared --enable-threads=posix --enable-haifa --prefix=/usr/gcc-4.3 --with-local-prefix=/usr/local